000
CXUS51 KBTV 260700
CF6BTV
PRELIMINARY LOCAL CLIMATOLOGICAL DATA (WS FORM: F-6)

                                          STATION:   BURLINGTON VT
                                          MONTH:     JULY
                                          YEAR:      2017
                                          LATITUDE:   44 28 N
                                          LONGITUDE:  73  9 W

  TEMPERATURE IN F:       :PCPN:    SNOW:  WIND      :SUNSHINE: SKY     :PK WND
================================================================================
1   2   3   4   5  6A  6B    7    8   9   10  11  12  13   14  15   16   17  18
                                     12Z  AVG MX 2MIN
DY MAX MIN AVG DEP HDD CDD  WTR  SNW DPTH SPD SPD DIR MIN PSBL S-S WX    SPD DR
================================================================================

 1  75  66  71   1   0   6 0.11  0.0    0  7.2 14 190   M    M   7 1      18 180
 2  84  66  75   5   0  10 0.00  0.0    0  7.0 16 290   M    M   4        23 300
 3  81  62  72   2   0   7 0.01  0.0    0  9.1 18 230   M    M   4        24 240
 4  80  57  69  -1   0   4 0.00  0.0    0  4.2 15 360   M    M   2        22 360
 5  84  55  70   0   0   5 0.00  0.0    0  5.1 14 170   M    M   2        20 200
 6  80  70  75   5   0  10 0.00  0.0    0 14.7 26 190   M    M   4        35 190
 7  84  68  76   6   0  11 0.10  0.0    0 10.1 15 200   M    M   7 3      24 190
 8  75  63  69  -1   0   4 0.98  0.0    0  3.9 18 290   M    M   7 13     31 240
 9  80  60  70  -1   0   5 0.00  0.0    0  7.8 16 190   M    M   6 8      23 220
10  81  67  74   3   0   9    T  0.0    0  8.1 15 190   M    M   6        20 180
11  83  67  75   4   0  10 0.04  0.0    0  8.5 15 190   M    M   4        20 200
12  78  65  72   1   0   7 0.00  0.0    0  8.4 20 320   M    M   8        23 300
13  66  59  63  -8   2   0 0.07  0.0    0  4.0 14 330   M    M   9 1      15 330
14  71  61  66  -5   0   1 0.04  0.0    0  7.5 20 140   M    M  10 13     23 140
15  80  65  73   2   0   8 0.00  0.0    0  7.0 17 190   M    M   7        25 190
16  85  64  75   4   0  10    T  0.0    0  6.0 15 190   M    M   4        18 200
17  77  65  71   0   0   6 0.29  0.0    0  5.3 22 270   M    M   5 13     28 290
18  85  66  76   5   0  11 0.00  0.0    0  4.6 13 180   M    M   5        16 200
19  87  65  76   5   0  11 0.00  0.0    0  2.8  9 220   M    M   4        13 220
20  86  65  76   5   0  11 0.00  0.0    0  3.9 14 310   M    M   5        19 300
21  89  60  75   4   0  10    T  0.0    0  6.1 20 280   M    M   3        27 290
22  82  63  73   2   0   8 0.00  0.0    0  4.6 13 360   M    M   5        16 330
23  79  59  69  -2   0   4 0.00  0.0    0  4.4 14 320   M    M   6        16 330
24  69  58  64  -7   1   0 0.90  0.0    0  5.6 13 140   M    M   9 1      18 140
25  71  57  64  -7   1   0 0.16  0.0    0  3.3  9 320   M    M   8 1      11 310
================================================================================
SM 1992 1573         4 168  2.70     0.0 159.2          M      141
================================================================================
AV 79.7 62.9                               6.4 FASTST   M    M   6    MAX(MPH)
                                 MISC ---->  # 26 190               # 35  190
================================================================================
NOTES:
# LAST OF SEVERAL OCCURRENCES

COLUMN 17 PEAK WIND IN M.P.H.

PRELIMINARY LOCAL CLIMATOLOGICAL DATA (WS FORM: F-6) , PAGE 2

                                          STATION:  BURLINGTON VT
                                          MONTH:    JULY
                                          YEAR:     2017
                                          LATITUDE:   44 28 N
                                          LONGITUDE:  73  9 W

[TEMPERATURE DATA]      [PRECIPITATION DATA]       SYMBOLS USED IN COLUMN 16

AVERAGE MONTHLY: 71.3   TOTAL FOR MONTH:   2.70    1 = FOG OR MIST
DPTR FM NORMAL:   0.6   DPTR FM NORMAL:   -0.64    2 = FOG REDUCING VISIBILITY
HIGHEST:    89 ON 21    GRTST 24HR  0.98 ON  8- 8      TO 1/4 MILE OR LESS
LOWEST:     55 ON  5                               3 = THUNDER
                        SNOW, ICE PELLETS, HAIL    4 = ICE PELLETS
                        TOTAL MONTH:   0.0 INCH    5 = HAIL
                        GRTST 24HR     0.0         6 = FREEZING RAIN OR DRIZZLE
                        GRTST DEPTH:   0           7 = DUSTSTORM OR SANDSTORM:
                                                       VSBY 1/2 MILE OR LESS
                                                   8 = SMOKE OR HAZE
[NO. OF DAYS WITH]      [WEATHER - DAYS WITH]      9 = BLOWING SNOW
                                                   X = TORNADO
MAX 32 OR BELOW:   0    0.01 INCH OR MORE:  10
MAX 90 OR ABOVE:   0    0.10 INCH OR MORE:   6
MIN 32 OR BELOW:   0    0.50 INCH OR MORE:   2
MIN  0 OR BELOW:   0    1.00 INCH OR MORE:   0

[HDD (BASE 65) ]
TOTAL THIS MO.     4    CLEAR  (SCALE 0-3)   2
DPTR FM NORMAL    -4    PTCLDY (SCALE 4-7)  20
TOTAL FM JUL 1     4    CLOUDY (SCALE 8-10)  3
DPTR FM NORMAL    -4

[CDD (BASE 65) ]
TOTAL THIS MO.   168
DPTR FM NORMAL    18    [PRESSURE DATA]
TOTAL FM JAN 1   336    HIGHEST SLP M ON M
DPTR FM NORMAL    70    LOWEST  SLP 29.66 ON  8

[REMARKS]
