000
CXUS53 KLMK 280800
CF6BWG
PRELIMINARY LOCAL CLIMATOLOGICAL DATA (WS FORM: F-6)

                                          STATION:   BOWLING GREEN KY
                                          MONTH:     MARCH
                                          YEAR:      2015
                                          LATITUDE:   36 58 N
                                          LONGITUDE:  86 26 W

  TEMPERATURE IN F:       :PCPN:    SNOW:  WIND      :SUNSHINE: SKY     :PK WND
================================================================================
1   2   3   4   5  6A  6B    7    8   9   10  11  12  13   14  15   16   17  18
                                     12Z  AVG MX 2MIN
DY MAX MIN AVG DEP HDD CDD  WTR  SNW DPTH SPD SPD DIR MIN PSBL S-S WX    SPD DR
================================================================================

 1  49  35  42  -2  23   0 0.22  0.0    T  3.9 12 210   M    M  10 18     15 200
 2  46  29  38  -6  27   0 0.00  0.0    T  8.0 15  60   M    M   4 1      18  50
 3  64  37  51   7  14   0 0.28  0.0    0  9.6 24 210   M    M  10 18     32 210
 4  53  23  38  -7  27   0 2.31  1.4    0  7.1 16 330   M    M  10 16     23 350
 5  28  14  21 -24  44   0 0.53  5.8    6  7.2 14 360   M    M   6 18     20  10
 6  28   1  15 -30  50   0 0.00  0.0    6  2.0 10 210   M    M   0 18     13 220
 7  51  17  34 -12  31   0 0.00  0.0    3  6.2 16 210   M    M   0        22 230
 8  61  27  44  -2  21   0 0.00  0.0    T  3.6 15 260   M    M   1        23 270
 9  57  42  50   4  15   0 0.02  0.0    0  1.3  7  80   M    M   9        10 280
10  64  48  56  10   9   0 1.16  0.0    0  7.1 21 190   M    M  10 1      25 200
11  64  41  53   6  12   0 0.00  0.0    0  2.9  9  20   M    M   7 12     12  10
12  70  39  55   8  10   0 0.00  0.0    0  6.2 18  70   M    M   6 12     22  70
13  57  54  56   8   9   0 1.18  0.0    0  6.1 14 160   M    M  10 1      19 160
14  60  48  54   6  11   0 0.06  0.0    0  5.8 12 230   M    M   8 18     15 180
15  71  41  56   8   9   0 0.00  0.0    0  1.5  8 110   M    M   0 12     12  60
16  75  38  57   9   8   0 0.00  0.0    0  5.4 16 220   M    M   0        22 230
17  71  44  58   9   7   0 0.00  0.0    0  7.8 16  10   M    M   1        23 360
18  50  36  43  -6  22   0 0.00  0.0    0 10.0 16  40   M    M   4        20  30
19  50  40  45  -4  20   0 0.13  0.0    0  7.2 13  60   M    M  10 18     18  80
20  52  44  48  -2  17   0 0.03  0.0    0  3.7  9 340   M    M  10 18     14 350
21  65  36  51   1  14   0 0.00  0.0    0  2.8 12 190   M    M   0 128    16 120
22  62  44  53   3  12   0 0.00  0.0    0  6.2 15  70   M    M   0        19  70
23  70  37  54   3  11   0 0.00  0.0    0  3.7 13 220   M    M   0        23 240
24  69  40  55   4  10   0 0.00  0.0    0  5.1 15  80   M    M   0        17  80
25  77  53  65  14   0   0 0.00  0.0    0 10.7 18 220   M    M   5        27 210
26  65  38  52   0  13   0 0.30  0.0    0  6.7 15 180   M    M   8 138    21 340
27  47  32  40 -12  25   0    T    T    0  6.3 14 320   M    M   6 1      20 330
================================================================================
SM 1576  978       471   0  6.22     7.2 154.1          M      135
================================================================================
AV 58.4 36.2                               5.7 FASTST   M    M   5    MAX(MPH)
                                 MISC ---->  # 24 210               # 32  210
================================================================================
NOTES:
# LAST OF SEVERAL OCCURRENCES

COLUMN 17 PEAK WIND IN M.P.H.

PRELIMINARY LOCAL CLIMATOLOGICAL DATA (WS FORM: F-6) , PAGE 2

                                          STATION:  BOWLING GREEN KY
                                          MONTH:    MARCH
                                          YEAR:     2015
                                          LATITUDE:   36 58 N
                                          LONGITUDE:  86 26 W

[TEMPERATURE DATA]      [PRECIPITATION DATA]       SYMBOLS USED IN COLUMN 16

AVERAGE MONTHLY: 47.3   TOTAL FOR MONTH:   6.22    1 = FOG OR MIST
DPTR FM NORMAL:  -0.5   DPTR FM NORMAL:    2.42    2 = FOG REDUCING VISIBILITY
HIGHEST:    77 ON 25    GRTST 24HR  2.31 ON  4- 4      TO 1/4 MILE OR LESS
LOWEST:      1 ON  6                               3 = THUNDER
                        SNOW, ICE PELLETS, HAIL    4 = ICE PELLETS
                        TOTAL MONTH:   7.2 INCHES  5 = HAIL
                        GRTST 24HR   5.8 ON   M    6 = FREEZING RAIN OR DRIZZLE
                        GRTST DEPTH:   6 ON  6, 5  7 = DUSTSTORM OR SANDSTORM:
                                                       VSBY 1/2 MILE OR LESS
                                                   8 = SMOKE OR HAZE
[NO. OF DAYS WITH]      [WEATHER - DAYS WITH]      9 = BLOWING SNOW
                                                   X = TORNADO
MAX 32 OR BELOW:   2    0.01 INCH OR MORE:  11
MAX 90 OR ABOVE:   0    0.10 INCH OR MORE:   8
MIN 32 OR BELOW:   7    0.50 INCH OR MORE:   4
MIN  0 OR BELOW:   0    1.00 INCH OR MORE:   3

[HDD (BASE 65) ]
TOTAL THIS MO.   471    CLEAR  (SCALE 0-3)  10
DPTR FM NORMAL     2    PTCLDY (SCALE 4-7)   8
TOTAL FM JUL 1  4006    CLOUDY (SCALE 8-10)  9
DPTR FM NORMAL   339

[CDD (BASE 65) ]
TOTAL THIS MO.     0
DPTR FM NORMAL     0    [PRESSURE DATA]
TOTAL FM JAN 1     0    HIGHEST SLP M ON M
DPTR FM NORMAL     0    LOWEST  SLP 29.78 ON 26

[REMARKS]
