000
CXUS55 KRIW 240945
CF6BYG
PRELIMINARY LOCAL CLIMATOLOGICAL DATA (WS FORM: F-6)

                                          STATION:   BUFFALO WY
                                          MONTH:     JULY
                                          YEAR:      2016
                                          LATITUDE:   44 22 N
                                          LONGITUDE: 106 43 W

  TEMPERATURE IN F:       :PCPN:    SNOW:  WIND      :SUNSHINE: SKY     :PK WND
================================================================================
1   2   3   4   5  6A  6B    7    8   9   10  11  12  13   14  15   16   17  18
                                     12Z  AVG MX 2MIN
DY MAX MIN AVG DEP HDD CDD  WTR  SNW DPTH SPD SPD DIR MIN PSBL S-S WX    SPD DR
================================================================================

 1  84  54  69   2   0   4 0.00  0.0    0  6.1 17 170   M    M   1        22 170
 2  89  58  74   6   0   9    T  0.0    0  8.3 30 300   M    M   1 3      40 290
 3  90  60  75   7   0  10 0.06  0.0    0 11.5 39 290   M    M   1 3      50 290
 4  92  61  77   9   0  12    T  0.0    0 10.0 39 280   M    M   1 3      53 280
 5  81  62  72   3   0   7 0.00  0.0    0 10.8 36 320   M    M   0        43 310
 6  87  55  71   2   0   6    T  0.0    0 12.4 33 330   M    M   2        44 320
 7  79  51  65  -4   0   0 0.02  0.0    0  7.8 20 330   M    M   2        28 330
 8  93  51  72   2   0   7    T  0.0    0  6.5 31 270   M    M   0 3      45 270
 9  95  63  79   9   0  14 0.00  0.0    0  7.3 24 340   M    M   0        35 320
10  83  55  69  -1   0   4 0.06  0.0    0 14.1 33 340   M    M   2 13     42 330
11   M   M   M   M   M   M    M    M    M 13.6 24 250   M    M   6        37 280
12   M   M   M   M   M   M    M    M    M 10.9 17 320   M    M   0        29 320
13  77  51  64  -7   1   0 0.00  0.0    0 10.8 22 340   M    M   2        28 360
14  85  53  69  -2   0   4 0.00  0.0    0  7.8 16 360   M    M   1        23 360
15  88  51  70  -1   0   5    T  0.0    0 12.8 31 320   M    M   1 3      43 320
16  82  50  66  -5   0   1    T  0.0    0 10.5 35 350   M    M   1 3      41 350
17  90  54  72   0   0   7    T  0.0    0  9.2 40 280   M    M   0 3      49 270
18  99  58  79   7   0  14 0.00  0.0    0 12.7 30 240   M    M   0        39 210
19  97  60  79   7   0  14    T  0.0    0  7.7 25 140   M    M   0        38 310
20  99  63  81   9   0  16 0.00  0.0    0 10.1 23 320   M    M   0        33 310
21  99  66  83  11   0  18 0.00  0.0    0 10.4 31 270   M    M   0        38 280
22 101  66  84  12   0  19 0.00  0.0    0 10.0 31 350   M    M   0 3      39 350
23  84  61  73   1   0   8 0.00  0.0    0 12.5 39 340   M    M   0        51 340
================================================================================
SM 1874 1203         1 179  0.14     0.0 233.8          M       21
================================================================================
AV 89.2 57.3                              10.2 FASTST   M    M   1    MAX(MPH)
                                 MISC ---->  # 40 280               # 53  280
================================================================================
NOTES:
# LAST OF SEVERAL OCCURRENCES

COLUMN 17 PEAK WIND IN M.P.H.

PRELIMINARY LOCAL CLIMATOLOGICAL DATA (WS FORM: F-6) , PAGE 2

                                          STATION:  BUFFALO WY
                                          MONTH:    JULY
                                          YEAR:     2016
                                          LATITUDE:   44 22 N
                                          LONGITUDE: 106 43 W

[TEMPERATURE DATA]      [PRECIPITATION DATA]       SYMBOLS USED IN COLUMN 16

AVERAGE MONTHLY: 73.3   TOTAL FOR MONTH:   0.14    1 = FOG OR MIST
DPTR FM NORMAL:   3.0   DPTR FM NORMAL:   -1.10    2 = FOG REDUCING VISIBILITY
HIGHEST:   101 ON 22    GRTST 24HR  0.06 ON 10-10      TO 1/4 MILE OR LESS
LOWEST:     50 ON 16                               3 = THUNDER
                        SNOW, ICE PELLETS, HAIL    4 = ICE PELLETS
                        TOTAL MONTH:   0.0 INCH    5 = HAIL
                        GRTST 24HR     0.0         6 = FREEZING RAIN OR DRIZZLE
                        GRTST DEPTH:   0           7 = DUSTSTORM OR SANDSTORM:
                                                       VSBY 1/2 MILE OR LESS
                                                   8 = SMOKE OR HAZE
[NO. OF DAYS WITH]      [WEATHER - DAYS WITH]      9 = BLOWING SNOW
                                                   X = TORNADO
MAX 32 OR BELOW:   0    0.01 INCH OR MORE:   3
MAX 90 OR ABOVE:  10    0.10 INCH OR MORE:   0
MIN 32 OR BELOW:   0    0.50 INCH OR MORE:   0
MIN  0 OR BELOW:   0    1.00 INCH OR MORE:   0

[HDD (BASE 65) ]
TOTAL THIS MO.     1    CLEAR  (SCALE 0-3)  22
DPTR FM NORMAL   -25    PTCLDY (SCALE 4-7)   1
TOTAL FM JUL 1     1    CLOUDY (SCALE 8-10)  0
DPTR FM NORMAL   -25

[CDD (BASE 65) ]
TOTAL THIS MO.   179
DPTR FM NORMAL    37    [PRESSURE DATA]
TOTAL FM JAN 1   319    HIGHEST SLP M ON M
DPTR FM NORMAL   119    LOWEST  SLP 29.59 ON 10

[REMARKS]
