000
CXUS54 KHGX 311415
CF6BYY
PRELIMINARY LOCAL CLIMATOLOGICAL DATA (WS FORM: F-6)

                                          STATION:   Bay City
                                          MONTH:     AUGUST
                                          YEAR:      2015
                                          LATITUDE:   28 58 N
                                          LONGITUDE:  95 52 W

  TEMPERATURE IN F:       :PCPN:    SNOW:  WIND      :SUNSHINE: SKY     :PK WND
================================================================================
1   2   3   4   5  6A  6B    7    8   9   10  11  12  13   14  15   16   17  18
                                     12Z  AVG MX 2MIN
DY MAX MIN AVG DEP HDD CDD  WTR  SNW DPTH SPD SPD DIR MIN PSBL S-S WX    SPD DR
================================================================================

 1  98  74  86   M   0  21 0.00  0.0    0  4.3 10 130   M    M   0 1      18  70
 2  97  72  85   M   0  20 0.00  0.0    0  3.0 13 110   M    M   0 1      18 110
 3  92  73  83   M   0  18 0.00  0.0    0  3.4 10 150   M    M   3         M  M
 4  95  76  86   M   0  21 0.00  0.0    0  5.6 14 190   M    M   2 1      17 210
 5  95  78  87   M   0  22 0.00  0.0    0  7.4 16 170   M    M   3        21 160
 6  95  76  86   M   0  21 0.00  0.0    0  7.6 15 210   M    M   3        21 190
 7  95  77  86   M   0  21 0.00  0.0    0  6.9 14 200   M    M   3        17 190
 8  96  77  87   M   0  22 0.00  0.0    0  6.5 15 200   M    M   2        20 200
 9  98  75  87   M   0  22 0.00  0.0    0  5.1 13 190   M    M   1         M  M
10 100  73  87   M   0  22 0.00  0.0    0  3.5 12 160   M    M   2 12      M  M
11 100  75  88   M   0  23 0.00  0.0    0  3.9 13 160   M    M   0 1      18 160
12 101  77  89   M   0  24 0.00  0.0    0  4.6 10  50   M    M   1         M  M
13 100  80  90   M   0  25 0.08  0.0    0  4.4 13 170   M    M   5         M  M
14  97  77  87   M   0  22 0.18  0.0    0  3.3 13 140   M    M   4 1      17 140
15  98  73  86   M   0  21 0.00  0.0    0  4.2 15  70   M    M   2 1      17 110
16  92  74  83   M   0  18 0.00  0.0    0  4.3 16 130   M    M   2        28 130
17  94  73  84   M   0  19 0.00  0.0    0  4.6 13 170   M    M   1        16 200
18  94  75  85   M   0  20 0.01  0.0    0  7.2 17 190   M    M   4        22 180
19  94  79  87   M   0  22 0.06  0.0    0  8.9 18 190   M    M   4 1      22 190
20  81  73  77   M   0  12 1.92  0.0    0  5.4 14 310   M    M   6 1       M  M
21  90  74  82   M   0  17 0.70  0.0    0  4.7 14 250   M    M   4         M  M
22  92  78  85   M   0  20 0.00  0.0    0  7.0 14 160   M    M   3        17 190
23  93  78  86   M   0  21 0.11  0.0    0  3.7 10 170   M    M   3        17 200
24  96  76  86   M   0  21 0.00  0.0    0  1.7  8 170   M    M   2 1       M  M
25  95  74  85   M   0  20 0.01  0.0    0  2.9 18  70   M    M   2 1      28  70
26  90  73  82   M   0  17 0.00  0.0    0  5.1  9  90   M    M   3 1       M  M
27  91  66  79   M   0  14 0.00  0.0    0  2.6  8  20   M    M   0         M  M
28  90  70  80   M   0  15 0.00  0.0    0  2.5  8 150   M    M   2         M  M
29  89  67  78   M   0  13 0.00  0.0    0  3.0  9 140   M    M   2         M  M
30  90  71  81   M   0  16 0.00  0.0    0  2.6 10 140   M    M   2        16 140
================================================================================
SM 2828 2234         0 590  3.07     0.0 139.9          M       71
================================================================================
AV 94.3 74.5                               4.7 FASTST   M    M   2    MAX(MPH)
                                 MISC ---->    18   M                 28    M
================================================================================
NOTES:
# LAST OF SEVERAL OCCURRENCES

COLUMN 17 PEAK WIND IN M.P.H.

PRELIMINARY LOCAL CLIMATOLOGICAL DATA (WS FORM: F-6) , PAGE 2

                                          STATION:  Bay City
                                          MONTH:    AUGUST
                                          YEAR:     2015
                                          LATITUDE:   28 58 N
                                          LONGITUDE:  95 52 W

[TEMPERATURE DATA]      [PRECIPITATION DATA]       SYMBOLS USED IN COLUMN 16

AVERAGE MONTHLY: 84.4   TOTAL FOR MONTH:   3.07    1 = FOG OR MIST
DPTR FM NORMAL:     M   DPTR FM NORMAL:       M    2 = FOG REDUCING VISIBILITY
HIGHEST:   101 ON 12    GRTST 24HR  1.92 ON 20-20      TO 1/4 MILE OR LESS
LOWEST:     66 ON 27                               3 = THUNDER
                        SNOW, ICE PELLETS, HAIL    4 = ICE PELLETS
                        TOTAL MONTH:   0.0 INCH    5 = HAIL
                        GRTST 24HR     0.0         6 = FREEZING RAIN OR DRIZZLE
                        GRTST DEPTH:   0           7 = DUSTSTORM OR SANDSTORM:
                                                       VSBY 1/2 MILE OR LESS
                                                   8 = SMOKE OR HAZE
[NO. OF DAYS WITH]      [WEATHER - DAYS WITH]      9 = BLOWING SNOW
                                                   X = TORNADO
MAX 32 OR BELOW:   0    0.01 INCH OR MORE:   8
MAX 90 OR ABOVE:  28    0.10 INCH OR MORE:   4
MIN 32 OR BELOW:   0    0.50 INCH OR MORE:   2
MIN  0 OR BELOW:   0    1.00 INCH OR MORE:   1

[HDD (BASE 65) ]
TOTAL THIS MO.     0    CLEAR  (SCALE 0-3)  20
DPTR FM NORMAL     M    PTCLDY (SCALE 4-7)  10
TOTAL FM JUL 1     0    CLOUDY (SCALE 8-10)  0
DPTR FM NORMAL     M

[CDD (BASE 65) ]
TOTAL THIS MO.   590
DPTR FM NORMAL     M    [PRESSURE DATA]
TOTAL FM JAN 1  2426    HIGHEST SLP M ON M
DPTR FM NORMAL     M    LOWEST  SLP M ON M

[REMARKS]
