000
CXUS55 KCAE 291400
CF6CAE
PRELIMINARY LOCAL CLIMATOLOGICAL DATA (WS FORM: F-6)

                                          STATION:   COLUMBIA METRO AIRPORT SC
                                          MONTH:     JULY
                                          YEAR:      2015
                                          LATITUDE:   33 57 N
                                          LONGITUDE:  81  7 W

  TEMPERATURE IN F:       :PCPN:    SNOW:  WIND      :SUNSHINE: SKY     :PK WND
================================================================================
1   2   3   4   5  6A  6B    7    8   9   10  11  12  13   14  15   16   17  18
                                     12Z  AVG MX 2MIN
DY MAX MIN AVG DEP HDD CDD  WTR  SNW DPTH SPD SPD DIR MIN PSBL S-S WX    SPD DR
================================================================================

 1  89  71  80  -2   0  15    T  0.0    0  7.0 15 250   M    M   8        19 250
 2  94  71  83   1   0  18 1.21  0.0    0  7.8 48 320   M    M   7 138    48 320
 3  84  71  78  -4   0  13    T  0.0    0 10.6 23 260   M    M   8        28 240
 4  90  70  80  -2   0  15 0.07  0.0    0  9.0 21 230   M    M   7        26 230
 5  92  72  82   0   0  17 0.05  0.0    0  7.0 23 160   M    M   6 3      30 190
 6  91  72  82   0   0  17 0.00  0.0    0  5.1 10 210   M    M   5 1      15 220
 7  94  73  84   2   0  19 0.00  0.0    0  5.1 13 270   M    M   3        17 260
 8  96  75  86   4   0  21 0.00  0.0    0  5.0 14 190   M    M   4        22 230
 9  97  78  88   6   0  23 0.00  0.0    0  6.3 14 310   M    M   4        19 300
10 101  74  88   6   0  23 0.00  0.0    0  6.4 15 280   M    M   0        19 310
11 100  72  86   4   0  21 0.00  0.0    0  6.7 18 270   M    M   3 3      23 270
12  96  77  87   5   0  22    T  0.0    0  4.5 14 280   M    M   4        17 290
13 100  76  88   6   0  23    T  0.0    0  6.5 18 280   M    M   5 3      23 270
14  96  75  86   4   0  21 0.00  0.0    0  8.5 21 260   M    M   6        28 230
15  99  73  86   4   0  21 0.00  0.0    0  7.3 16 290   M    M   5        21 290
16  98  77  88   6   0  23 0.00  0.0    0  4.8 15 100   M    M   6        20  70
17  95  78  87   5   0  22 0.00  0.0    0  7.0 16 130   M    M   6 8      21 120
18 100  75  88   6   0  23 0.11  0.0    0  4.0 29  20   M    M   6 1238   42  20
19 100  73  87   5   0  22    T  0.0    0  4.0 29 260   M    M   6 138    36 260
20 101  75  88   6   0  23 0.00  0.0    0  4.8 15 220   M    M   4 1      20 210
21 103  78  91   9   0  26 0.00  0.0    0  9.8 21 290   M    M   4        27 270
22 101  75  88   6   0  23 0.00  0.0    0  5.2 14 270   M    M   3        20 250
23 100  77  89   7   0  24 0.00  0.0    0  9.5 21 290   M    M   5        25 290
24  91  76  84   2   0  19 0.04  0.0    0  4.7 14  80   M    M   8 8      18  80
25  93  71  82   0   0  17 0.00  0.0    0  5.0 16 100   M    M   2 18     20 120
26  96  68  82   0   0  17 0.00  0.0    0  4.0 13  80   M    M   3        19  40
27  98  69  84   2   0  19 0.00  0.0    0  4.8 17 130   M    M   3 18     21 130
28  97  78  88   6   0  23 0.02  0.0    0  4.6 20 100   M    M   7 8      25  60
================================================================================
SM 2692 2070         0 570  1.50     0.0 175.0          M      138
================================================================================
AV 96.1 73.9                               6.2 FASTST   M    M   5    MAX(MPH)
                                 MISC ---->  # 48 320               # 48  320
================================================================================
NOTES:
# LAST OF SEVERAL OCCURRENCES

COLUMN 17 PEAK WIND IN M.P.H.

PRELIMINARY LOCAL CLIMATOLOGICAL DATA (WS FORM: F-6) , PAGE 2

                                          STATION:  COLUMBIA METRO AIRPORT SC
                                          MONTH:    JULY
                                          YEAR:     2015
                                          LATITUDE:   33 57 N
                                          LONGITUDE:  81  7 W

[TEMPERATURE DATA]      [PRECIPITATION DATA]       SYMBOLS USED IN COLUMN 16

AVERAGE MONTHLY: 85.0   TOTAL FOR MONTH:   1.50    1 = FOG OR MIST
DPTR FM NORMAL:   3.0   DPTR FM NORMAL:   -3.37    2 = FOG REDUCING VISIBILITY
HIGHEST:   103 ON 21    GRTST 24HR  1.21 ON  2- 2      TO 1/4 MILE OR LESS
LOWEST:     68 ON 26                               3 = THUNDER
                        SNOW, ICE PELLETS, HAIL    4 = ICE PELLETS
                        TOTAL MONTH:   0.0 INCH    5 = HAIL
                        GRTST 24HR     0.0         6 = FREEZING RAIN OR DRIZZLE
                        GRTST DEPTH:   0           7 = DUSTSTORM OR SANDSTORM:
                                                       VSBY 1/2 MILE OR LESS
                                                   8 = SMOKE OR HAZE
[NO. OF DAYS WITH]      [WEATHER - DAYS WITH]      9 = BLOWING SNOW
                                                   X = TORNADO
MAX 32 OR BELOW:   0    0.01 INCH OR MORE:   6
MAX 90 OR ABOVE:  26    0.10 INCH OR MORE:   2
MIN 32 OR BELOW:   0    0.50 INCH OR MORE:   1
MIN  0 OR BELOW:   0    1.00 INCH OR MORE:   1

[HDD (BASE 65) ]
TOTAL THIS MO.     0    CLEAR  (SCALE 0-3)   6
DPTR FM NORMAL     0    PTCLDY (SCALE 4-7)  21
TOTAL FM JUL 1     0    CLOUDY (SCALE 8-10)  1
DPTR FM NORMAL     0

[CDD (BASE 65) ]
TOTAL THIS MO.   570
DPTR FM NORMAL    94    [PRESSURE DATA]
TOTAL FM JAN 1  1528    HIGHEST SLP M ON M
DPTR FM NORMAL   307    LOWEST  SLP 29.70 ON M

[REMARKS]
