000
CXUS55 KABQ 191000
CF6CAO
PRELIMINARY LOCAL CLIMATOLOGICAL DATA (WS FORM: F-6)

                                          STATION:   CLAYTON  NM
                                          MONTH:     AUGUST
                                          YEAR:      2017
                                          LATITUDE:   36 27 N
                                          LONGITUDE: 103  9 W

  TEMPERATURE IN F:       :PCPN:    SNOW:  WIND      :SUNSHINE: SKY     :PK WND
================================================================================
1   2   3   4   5  6A  6B    7    8   9   10  11  12  13   14  15   16   17  18
                                     12Z  AVG MX 2MIN
DY MAX MIN AVG DEP HDD CDD  WTR  SNW DPTH SPD SPD DIR MIN PSBL S-S WX    SPD DR
================================================================================

 1  85  58  72  -2   0   7 0.00  0.0    0  8.4 26  60   M    M   1        37  70
 2  83  56  70  -4   0   5 0.00  0.0    0  6.6 15 140   M    M   0        19 250
 3  77  58  68  -6   0   3    T  0.0    0  9.3 23  40   M    M   3        29  40
 4  83  55  69  -5   0   4 0.00  0.0    0 11.1 28 210   M    M   3 12     36 210
 5  91  61  76   2   0  11 0.00  0.0    0 11.9 23  30   M    M   0        29  30
 6  78  63  71  -3   0   6 0.03  0.0    0  9.2 21  10   M    M   7 1      26  10
 7  72  59  66  -8   0   1 0.73  0.0    0  9.9 21  40   M    M   8 12     26  40
 8  71  56  64 -10   1   0 0.90  0.0    0 11.7 23 320   M    M   9 13     33 330
 9  80  58  69  -5   0   4 0.02  0.0    0 11.1 21 260   M    M   6 13     27 220
10  84  58  71  -3   0   6 0.31  0.0    0 10.0 30  20   M    M   6 13     39  20
11  70  58  64 -10   1   0 0.08  0.0    0  7.1 13 230   M    M   8 13     24  90
12  78  58  68  -6   0   3    T  0.0    0  9.6 18 150   M    M   6 1      22 120
13  82  56  69  -5   0   4 0.04  0.0    0 10.0 36  10   M    M   6 123    48 350
14  85  53  69  -5   0   4 0.07  0.0    0 10.4 35 160   M    M   1 13     44 160
15  85  57  71  -3   0   6 0.32  0.0    0  9.0 36 280   M    M   1 138    46 290
16  81  57  69  -5   0   4    T  0.0    0  9.2 21 310   M    M   0        27  10
17  85  57  71  -2   0   6 0.00  0.0    0  7.9 23 190   M    M   0        26 200
18  87  58  73   0   0   8 0.00  0.0    0  6.9 17 200   M    M   0 1      22 200
================================================================================
SM 1457 1036         2  82  2.50     0.0 169.3          M       65
================================================================================
AV 80.9 57.6                               9.4 FASTST   M    M   4    MAX(MPH)
                                 MISC ---->  # 36  10               # 48  350
================================================================================
NOTES:
# LAST OF SEVERAL OCCURRENCES

COLUMN 17 PEAK WIND IN M.P.H.

PRELIMINARY LOCAL CLIMATOLOGICAL DATA (WS FORM: F-6) , PAGE 2

                                          STATION:  CLAYTON  NM
                                          MONTH:    AUGUST
                                          YEAR:     2017
                                          LATITUDE:   36 27 N
                                          LONGITUDE: 103  9 W

[TEMPERATURE DATA]      [PRECIPITATION DATA]       SYMBOLS USED IN COLUMN 16

AVERAGE MONTHLY: 69.3   TOTAL FOR MONTH:   2.50    1 = FOG OR MIST
DPTR FM NORMAL:  -4.6   DPTR FM NORMAL:    0.59    2 = FOG REDUCING VISIBILITY
HIGHEST:    91 ON  5    GRTST 24HR  0.90 ON  8- 8      TO 1/4 MILE OR LESS
LOWEST:     53 ON 14                               3 = THUNDER
                        SNOW, ICE PELLETS, HAIL    4 = ICE PELLETS
                        TOTAL MONTH:   0.0 INCH    5 = HAIL
                        GRTST 24HR     0.0         6 = FREEZING RAIN OR DRIZZLE
                        GRTST DEPTH:   0           7 = DUSTSTORM OR SANDSTORM:
                                                       VSBY 1/2 MILE OR LESS
                                                   8 = SMOKE OR HAZE
[NO. OF DAYS WITH]      [WEATHER - DAYS WITH]      9 = BLOWING SNOW
                                                   X = TORNADO
MAX 32 OR BELOW:   0    0.01 INCH OR MORE:   9
MAX 90 OR ABOVE:   1    0.10 INCH OR MORE:   4
MIN 32 OR BELOW:   0    0.50 INCH OR MORE:   2
MIN  0 OR BELOW:   0    1.00 INCH OR MORE:   0

[HDD (BASE 65) ]
TOTAL THIS MO.     2    CLEAR  (SCALE 0-3)  10
DPTR FM NORMAL     2    PTCLDY (SCALE 4-7)   7
TOTAL FM JUL 1     2    CLOUDY (SCALE 8-10)  1
DPTR FM NORMAL     0

[CDD (BASE 65) ]
TOTAL THIS MO.    82
DPTR FM NORMAL   -79    [PRESSURE DATA]
TOTAL FM JAN 1   658    HIGHEST SLP M ON M
DPTR FM NORMAL   -40    LOWEST  SLP 29.64 ON 14

[REMARKS]
