000
CXUS56 KMTR 281000
CF6CCR
PRELIMINARY LOCAL CLIMATOLOGICAL DATA (WS FORM: F-6)

                                          STATION:   CONCORD AIRPORT
                                          MONTH:     MARCH
                                          YEAR:      2015
                                          LATITUDE:   37 58 N
                                          LONGITUDE: 122  3 W

  TEMPERATURE IN F:       :PCPN:    SNOW:  WIND      :SUNSHINE: SKY     :PK WND
================================================================================
1   2   3   4   5  6A  6B    7    8   9   10  11  12  13   14  15   16   17  18
                                     12Z  AVG MX 2MIN
DY MAX MIN AVG DEP HDD CDD  WTR  SNW DPTH SPD SPD DIR MIN PSBL S-S WX    SPD DR
================================================================================

 1  67  42  55   1  10   0 0.00  0.0    0  5.9 16 300   M    M   0        21  40
 2  63  47  55   1  10   0    T  0.0    0  6.9 18 190   M    M   4        24 220
 3  67  41  54   0  11   0 0.00  0.0    0  3.8 12 280   M    M   0        13 260
 4  70  40  55   0  10   0 0.00  0.0    0  3.5  6 160   M    M   0         M  M
 5  70  41  56   1   9   0 0.00  0.0    0  4.1  9  10   M    M   0         M  M
 6  75  42  59   4   6   0 0.00  0.0    0  3.0  7 290   M    M   0         M  M
 7  77  43  60   5   5   0 0.00  0.0    0  2.7  9 360   M    M   0        12  10
 8  76  44  60   5   5   0 0.00  0.0    0  3.4 12 310   M    M   0 18     14 300
 9  73  47  60   5   5   0 0.00  0.0    0  3.8 12 340   M    M   1 1      14 340
10  70  48  59   4   6   0 0.00  0.0    0  3.2 12 290   M    M   5 128    14 290
11  67  52  60   5   5   0 0.08  0.0    0  5.2 14 270   M    M   6 1      17 290
12  76  47  62   7   3   0 0.00  0.0    0  3.6 10 350   M    M   0        14  60
13  77  51  64   9   1   0 0.00  0.0    0  3.5 13 360   M    M   0        16  20
14  85  52  69  14   0   4 0.00  0.0    0  4.0 15 350   M    M   1        17 350
15  76  56  66  11   0   1 0.00  0.0    0  4.9 18 280   M    M   0        22 270
16  70  54  62   7   3   0 0.00  0.0    0  4.3 12 280   M    M   2        13 280
17  72  53  63   7   2   0 0.00  0.0    0  7.9 16 290   M    M   0        27 270
18  75  49  62   6   3   0 0.00  0.0    0  5.7 12 280   M    M   0        19 300
19  81  47  64   8   1   0 0.00  0.0    0  3.2 13 320   M    M   0        15 290
20  73  48  61   5   4   0 0.00  0.0    0  5.3 16 310   M    M   0        20 290
21  75  53  64   8   1   0    T  0.0    0  7.5 14 320   M    M   2        18 280
22  69  57  63   7   2   0 0.02  0.0    0  9.7 20 250   M    M   5        26 250
23  67  52  60   4   5   0 0.07  0.0    0  9.6 23 270   M    M   4 1      27 280
24  70  52  61   5   4   0 0.00  0.0    0  6.8 17 280   M    M   6        22 290
25  79  49  64   8   1   0 0.00  0.0    0  3.9 13 330   M    M   0        15 320
26  82  50  66  10   0   1 0.00  0.0    0  3.3 12 360   M    M   0 138    16  30
27  76  53  65   9   0   0 0.00  0.0    0  7.6 21 300   M    M   0 18     26 290
================================================================================
SM 1978 1310       112   6  0.17     0.0 136.3          M       36
================================================================================
AV 73.3 48.5                               5.0 FASTST   M    M   1    MAX(MPH)
                                 MISC ---->  # 23 270               # 27  270
================================================================================
NOTES:
# LAST OF SEVERAL OCCURRENCES

COLUMN 17 PEAK WIND IN M.P.H.

PRELIMINARY LOCAL CLIMATOLOGICAL DATA (WS FORM: F-6) , PAGE 2

                                          STATION:  CONCORD AIRPORT
                                          MONTH:    MARCH
                                          YEAR:     2015
                                          LATITUDE:   37 58 N
                                          LONGITUDE: 122  3 W

[TEMPERATURE DATA]      [PRECIPITATION DATA]       SYMBOLS USED IN COLUMN 16

AVERAGE MONTHLY: 60.9   TOTAL FOR MONTH:   0.17    1 = FOG OR MIST
DPTR FM NORMAL:   5.6   DPTR FM NORMAL:   -1.92    2 = FOG REDUCING VISIBILITY
HIGHEST:    85 ON 14    GRTST 24HR  0.08 ON 11-11      TO 1/4 MILE OR LESS
LOWEST:     40 ON  4                               3 = THUNDER
                        SNOW, ICE PELLETS, HAIL    4 = ICE PELLETS
                        TOTAL MONTH:   0.0 INCH    5 = HAIL
                        GRTST 24HR     0.0         6 = FREEZING RAIN OR DRIZZLE
                        GRTST DEPTH:   0           7 = DUSTSTORM OR SANDSTORM:
                                                       VSBY 1/2 MILE OR LESS
                                                   8 = SMOKE OR HAZE
[NO. OF DAYS WITH]      [WEATHER - DAYS WITH]      9 = BLOWING SNOW
                                                   X = TORNADO
MAX 32 OR BELOW:   0    0.01 INCH OR MORE:   3
MAX 90 OR ABOVE:   0    0.10 INCH OR MORE:   0
MIN 32 OR BELOW:   0    0.50 INCH OR MORE:   0
MIN  0 OR BELOW:   0    1.00 INCH OR MORE:   0

[HDD (BASE 65) ]
TOTAL THIS MO.   112    CLEAR  (SCALE 0-3)  21
DPTR FM NORMAL  -152    PTCLDY (SCALE 4-7)   6
TOTAL FM JUL 1  1320    CLOUDY (SCALE 8-10)  0
DPTR FM NORMAL  -808

[CDD (BASE 65) ]
TOTAL THIS MO.     6
DPTR FM NORMAL     6    [PRESSURE DATA]
TOTAL FM JAN 1     6    HIGHEST SLP M ON M
DPTR FM NORMAL     6    LOWEST  SLP 29.80 ON  2

[REMARKS]
