000
CXUS56 KMTR 221000
CF6CCR
PRELIMINARY LOCAL CLIMATOLOGICAL DATA (WS FORM: F-6)

                                          STATION:   CONCORD AIRPORT
                                          MONTH:     JANUARY
                                          YEAR:      2017
                                          LATITUDE:   37 58 N
                                          LONGITUDE: 122  3 W

  TEMPERATURE IN F:       :PCPN:    SNOW:  WIND      :SUNSHINE: SKY     :PK WND
================================================================================
1   2   3   4   5  6A  6B    7    8   9   10  11  12  13   14  15   16   17  18
                                     12Z  AVG MX 2MIN
DY MAX MIN AVG DEP HDD CDD  WTR  SNW DPTH SPD SPD DIR MIN PSBL S-S WX    SPD DR
================================================================================

 1  55  42  49   2  16   0    T  0.0    0  7.5 17 300   M    M   6        30 260
 2  53  42  48   1  17   0 0.16    M    0  7.0 18 190   M    M   8 1      27 170
 3  58  46  52   5  13   0 0.53    M    0  7.6 25 170   M    M  10 1      33 180
 4  58  47  53   6  12   0 0.71  0.0    0  6.0 17 180   M    M   9 1      25 200
 5  52  34  43  -4  22   0    T  0.0    0  3.2 13 260   M    M   3 8      14 260
 6  48  31  40  -7  25   0    T  0.0    0  5.5 13  40   M    M   4        17  80
 7  61  41  51   4  14   0 0.46  0.0    0  5.6 18 180   M    M   9 18     24 180
 8  64  56  60  13   5   0 1.50  0.0    0 13.5 26 170   M    M  10 1      35 190
 9  60  51  56   9   9   0 0.26  0.0    0 10.1 20 220   M    M   7        25 270
10  60  54  57  10   8   0 1.86  0.0    0 12.7 26 210   M    M  10 13     35 210
11  56  47  52   5  13   0 0.08    M    0  8.7 24 240   M    M   6 3      33 260
12  50  40  45  -2  20   0 0.14  0.0    0  3.1 10 310   M    M   8 18     12  40
13  60  36  48   1  17   0 0.00    M    0  1.3  9 290   M    M   1 1      11 320
14  56  36  46  -2  19   0 0.00  0.0    0  2.0  9  70   M    M   0 8      12  50
15  54  38  46  -2  19   0 0.00  0.0    0  2.4  9  70   M    M   6 128    13  40
16  55  36  46  -2  19   0 0.00  0.0    0  2.9 13  70   M    M   0 18     16  70
17  49  35  42  -6  23   0 0.00  0.0    0  4.3 15  60   M    M   5 18     19  60
18  53  44  49   1  16   0 0.80    M    0  7.2 23 180   M    M  10 18     29 190
19  60  49  55   7  10   0 0.04    M    0  9.9 21 170   M    M   8 1      25 180
20  56  47  52   4  13   0 0.83    M    0 11.0 21 240   M    M   8        29 160
21  56  46  51   3  14   0 0.31    M    0  8.7 15 200   M    M   6        21 210
================================================================================
SM 1174  898       324   0  7.68     0.0 140.2          M      134
================================================================================
AV 55.9 42.8                               6.7 FASTST   M    M   6    MAX(MPH)
                                 MISC ---->  # 26 170               # 35  190
================================================================================
NOTES:
# LAST OF SEVERAL OCCURRENCES

COLUMN 17 PEAK WIND IN M.P.H.

PRELIMINARY LOCAL CLIMATOLOGICAL DATA (WS FORM: F-6) , PAGE 2

                                          STATION:  CONCORD AIRPORT
                                          MONTH:    JANUARY
                                          YEAR:     2017
                                          LATITUDE:   37 58 N
                                          LONGITUDE: 122  3 W

[TEMPERATURE DATA]      [PRECIPITATION DATA]       SYMBOLS USED IN COLUMN 16

AVERAGE MONTHLY: 49.3   TOTAL FOR MONTH:   7.68    1 = FOG OR MIST
DPTR FM NORMAL:   2.0   DPTR FM NORMAL:    5.22    2 = FOG REDUCING VISIBILITY
HIGHEST:    64 ON  8    GRTST 24HR  1.86 ON 10-10      TO 1/4 MILE OR LESS
LOWEST:     31 ON  6                               3 = THUNDER
                        SNOW, ICE PELLETS, HAIL    4 = ICE PELLETS
                        TOTAL MONTH:   0.0 INCH    5 = HAIL
                        GRTST 24HR     0.0         6 = FREEZING RAIN OR DRIZZLE
                        GRTST DEPTH:   0           7 = DUSTSTORM OR SANDSTORM:
                                                       VSBY 1/2 MILE OR LESS
                                                   8 = SMOKE OR HAZE
[NO. OF DAYS WITH]      [WEATHER - DAYS WITH]      9 = BLOWING SNOW
                                                   X = TORNADO
MAX 32 OR BELOW:   0    0.01 INCH OR MORE:  13
MAX 90 OR ABOVE:   0    0.10 INCH OR MORE:  11
MIN 32 OR BELOW:   1    0.50 INCH OR MORE:   6
MIN  0 OR BELOW:   0    1.00 INCH OR MORE:   2

[HDD (BASE 65) ]
TOTAL THIS MO.   324    CLEAR  (SCALE 0-3)   4
DPTR FM NORMAL   -47    PTCLDY (SCALE 4-7)  10
TOTAL FM JUL 1  1119    CLOUDY (SCALE 8-10)  7
DPTR FM NORMAL  -216

[CDD (BASE 65) ]
TOTAL THIS MO.     0
DPTR FM NORMAL     0    [PRESSURE DATA]
TOTAL FM JAN 1     0    HIGHEST SLP M ON M
DPTR FM NORMAL     0    LOWEST  SLP 29.33 ON 20

[REMARKS]
