000
CXAK56 PACD 281113
CF6CDB

PRELIMINARY LOCAL CLIMATOLOGICAL DATA (WS FORM: F-6)

                                          STATION:   COLD BAY
                                          MONTH:     02
                                          YEAR:      2015
                                          LATITUDE:   55 13 N
                                          LONGITUDE: 162 44 W

  TEMPERATURE IN F:       :PCPN:    SNOW:  WIND      :SUNSHINE: SKY     :PK WND
================================================================================
1   2   3   4   5  6A  6B    7     8   9   10  11  12  13   14  15   16  17  18
                                      12Z  AVG MX 2MIN
DY MAX MIN AVG DEP HDD CDD  WTR   SNW DPTH SPD SPD DIR MIN PSBL S-S WX   SPD DR
================================================================================

 1  46  31  39  11  26   0     T  0.0   0  7.7 23   90   M    M   M 2     30  90
 2  36  28  32   4  33   0     T    T   0 17.9 29  360   M    M   M       35  10
 3  41  23  32   4  33   0  0.00  0.0   0 17.9 32   20   M    M   M       40  20
 4  43  37  40  12  25   0  0.00  0.0   0 19.4 35   90   M    M   M       42  90
 5  45  25  35   7  30   0  0.00  0.0   0 13.5 32  100   M    M   M 12    43 100
 6  31  19  25  -4  40   0  0.00  0.0   0 20.2 36  360   M    M   M       42 360
 7  29   9  19 -10  46   0  0.07  0.7   T 23.4 32  330   M    M   M 12    39 340
 8  20  10  15 -14  50   0     T    T   T 17.2 30   30   M    M   M 1     36  30
 9  33  16  25  -4  40   0  0.02  0.2   T 24.5 38   30   M    M   M 1     49  30
10  40  32  36   7  29   0  0.01  0.0   0 17.7 29   20   M    M   M       37  10
11  39  32  36   7  29   0  0.03  0.0   0  6.6 14  140   M    M   M 1     16 150
12  42  36  39  10  26   0  0.17  0.0   0 13.4 23  140   M    M   M 1     27 140
13  41  36  39  10  26   0  0.10  0.0   0 11.8 22  140   M    M   M 1     28 140
14  41  33  37   8  28   0  0.03  0.0   0 11.7 24  140   M    M   M 1     30 160
15  41  31  36   7  29   0  0.03  0.1   0 16.6 35   20   M    M   M 1     47  30
16  41  37  39  10  26   0  0.11  0.0   0 24.2 40  120   M    M   M       54 110
17  44  33  39  10  26   0     T  0.0   0 13.4 29  220   M    M   M       35 230
18  42  30  36   7  29   0     T  0.0   0 15.5 35  140   M    M   M 1     41 130
19  43  38  41  12  24   0  0.15  0.0   0 23.1 38  120   M    M   M 1     45 120
20  44  36  40  11  25   0  0.13  0.0   0 16.6 38   90   M    M   M 1     50  90
21  40  36  38   9  27   0  0.14  0.0   0 22.5 35  150   M    M   M 1     41 150
22  43  32  38   9  27   0  0.09  0.0   0 13.8 29  150   M    M   M 1     36 140
23  41  25  33   3  32   0     T    T   0  7.4 15  230   M    M   M 1     20 230
24  40  29  35   5  30   0     T  0.0   0 12.1 24  360   M    M   M       32 350
25  40  24  32   2  33   0  0.00  0.0   0  6.5 21  360   M    M   M       23 360
26  41  28  35   5  30   0  0.01  0.0   0 16.4 30  140   M    M   M       36 150
27  45  37  41  11  24   0  0.01  0.0   0 16.9 33  130   M    M   M       40 140
================================================================================
SM 1072  783       823   0  1.10 1.0    427.9           M        M
================================================================================
AV 39.7 29.0                             15.8 FASTST  PSBL  %   M    MAX(MPH)
                                 MISC ---->     40  120                 54 110
================================================================================
NOTES:
# LAST OF SEVERAL OCCURRENCES

COLUMN 17 PEAK WIND IN M.P.H.

PRELIMINARY LOCAL CLIMATOLOGICAL DATA (WS FORM: F-6) , PAGE 2

                                          STATION:   COLD BAY
                                          MONTH:     02
                                          YEAR:      2015
                                          LATITUDE:  55 13 N
                                          LONGITUDE: 162 44 W

[TEMPERATURE DATA]      [PRECIPITATION DATA]       SYMBOLS USED IN COLUMN 16

AVERAGE MONTHLY:34.4   TOTAL FOR MONTH: 1.10       1 = FOG
DPTR FM NORMAL:  5.4   DPTR FM NORMAL: -1.78       2 = FOG REDUCING VISIBILITY
HIGHEST:    46 ON  1    GRTST 24HR   0.17 ON 12        TO 1/4 MILE OR LESS
LOWEST:      9 ON  7                               3 = THUNDER
                        SNOW, ICE PELLETS, HAIL    4 = ICE PELLETS
                        TOTAL MONTH: 1.0   INCH  5 = HAIL
                        GRTST 24HR   0.7 ON  7     6 = GLAZE OR RIME
                        GRTST DEPTH:   T ON  9    7 = BLOWING DUST OR SAND:
                                                       VSBY 1/2 MILE OR LESS
                                                   8 = SMOKE OR HAZE
[NO. OF DAYS WITH]      [WEATHER - DAYS WITH]      9 = BLOWING SNOW
                                                   X = TORNADO
MAX 32 OR BELOW:   3    0.01 INCH OR MORE:  15
MAX 70 OR ABOVE:   0    0.10 INCH OR MORE:   6
MIN 32 OR BELOW:  17    0.50 INCH OR MORE:   0
MIN  0 OR BELOW:   0    1.00 INCH OR MORE:   0

[HDD (BASE 65) ]
TOTAL THIS MO.   823    CLEAR  (SCALE 0-3)   M
DPTR FM NORMAL  -150    PTCLDY (SCALE 4-7)   M
SEASONAL TOTAL  5346    CLOUDY (SCALE 8-10)  M
DPTR FM NORMAL  -843

[CDD (BASE 65) ]
TOTAL THIS MO.     0
DPTR FM NORMAL     0    [PRESSURE DATA]
SEASONAL TOTAL     0    HIGHEST SLP     M
DPTR FM NORMAL     0    LOWEST  SLP     M

[REMARKS]
