000
CXAK56 PACD 301112
CF6CDB

PRELIMINARY LOCAL CLIMATOLOGICAL DATA (WS FORM: F-6)

                                          STATION:   COLD BAY
                                          MONTH:     07
                                          YEAR:      2015
                                          LATITUDE:   55 13 N
                                          LONGITUDE: 162 44 W

  TEMPERATURE IN F:       :PCPN:    SNOW:  WIND      :SUNSHINE: SKY     :PK WND
================================================================================
1   2   3   4   5  6A  6B    7     8   9   10  11  12  13   14  15   16  17  18
                                      12Z  AVG MX 2MIN
DY MAX MIN AVG DEP HDD CDD  WTR   SNW DPTH SPD SPD DIR MIN PSBL S-S WX   SPD DR
================================================================================

 1  63  43  53   4  12   0  0.00  0.0   0 12.6 26  140   M    M   M 2     32 140
 2  61  47  54   5  11   0  0.00  0.0   0 19.9 31  150   M    M   M       39 150
 3  59  48  54   5  11   0  0.19  0.0   0 19.1 36   90   M    M   M       48  90
 4  57  49  53   3  12   0  0.09  0.0   0 23.6 36  150   M    M   M 1     47 140
 5  56  48  52   2  13   0  0.17  0.0   0 28.3 51  150   M    M   M 1     64 150
 6  54  47  51   1  14   0  0.17  0.0   0 20.7 31  160   M    M   M 1     37 160
 7  58  47  53   3  12   0  0.00  0.0   0 19.5 37  160   M    M   M 1     43 150
 8  53  45  49  -1  16   0  0.09  0.0   0 18.7 28  160   M    M   M 1     33 160
 9  57  47  52   2  13   0  0.00  0.0   0 16.5 25  150   M    M   M       31 150
10  56  47  52   2  13   0  0.03  0.0   0 15.0 28  140   M    M   M 1     32 140
11  52  48  50  -1  15   0  0.24  0.0   0 17.2 28  140   M    M   M 1     32 140
12  54  48  51   0  14   0  0.04  0.0   0  9.8 17  150   M    M   M 1     22 150
13  52  47  50  -1  15   0  0.14  0.0   0  7.0 12  250   M    M   M 1     22 160
14  57  47  52   1  13   0     T  0.0   0  6.9 16  150   M    M   M       20 150
15  54  47  51   0  14   0  0.01  0.0   0  9.5 22  100   M    M   M       27 100
16  57  48  53   2  12   0  0.18  0.0   0 10.6 21  270   M    M   M 1     24 280
17  55  48  52   1  13   0     T  0.0   0 15.2 26  270   M    M   M 1     33 270
18  57  46  52   1  13   0  0.01  0.0   0  6.2 12  300   M    M   M 1     16 320
19  60  49  55   4  10   0  0.00  0.0   0  0.0 24  150   M    M   M       30 140
20  56  48  52   1  13   0  0.20  0.0   0  0.0 41  140   M    M   M 1     52 140
21  55  51  53   2  12   0  0.05  0.0   0 11.9 28  170   M    M   M 1     33 180
22  52  47  50  -2  15   0  0.10  0.0   0 24.9 32  260   M    M   M 1     39 270
23  52  47  50  -2  15   0  0.22  0.0   0 14.8 26  270   M    M   M 1     32 270
24  59  49  54   2  11   0  0.02  0.0   0 11.7 24  260   M    M   M 1     29 270
25  55  47  51  -1  14   0  0.23  0.0   0 14.1 28  270   M    M   M 1     32 280
26  53  47  50  -2  15   0  0.03  0.0   0 20.4 28  280   M    M   M 1     32 280
27  52  48  50  -2  15   0  0.21  0.0   0 17.6 25  260   M    M   M 1     29 260
28  57  48  53   1  12   0  0.02  0.0   0  8.3 13  280   M    M   M 1     15 280
29  56  48  52   0  13   0     T  0.0   0  6.0 13  320   M    M   M 1     16 310
================================================================================
SM 1619 1376       381   0  2.44 0.0    406.0           M        M
================================================================================
AV 55.8 47.4                             14.0 FASTST  PSBL  %   M    MAX(MPH)
                                 MISC ---->     51  150                 64 150
================================================================================
NOTES:
# LAST OF SEVERAL OCCURRENCES

COLUMN 17 PEAK WIND IN M.P.H.

PRELIMINARY LOCAL CLIMATOLOGICAL DATA (WS FORM: F-6) , PAGE 2

                                          STATION:   COLD BAY
                                          MONTH:     07
                                          YEAR:      2015
                                          LATITUDE:  55 13 N
                                          LONGITUDE: 162 44 W

[TEMPERATURE DATA]      [PRECIPITATION DATA]       SYMBOLS USED IN COLUMN 16

AVERAGE MONTHLY:51.6   TOTAL FOR MONTH: 2.44       1 = FOG
DPTR FM NORMAL:  0.8   DPTR FM NORMAL: 0.15       2 = FOG REDUCING VISIBILITY
HIGHEST:    63 ON  1    GRTST 24HR   0.24 ON 11        TO 1/4 MILE OR LESS
LOWEST:     43 ON  1                               3 = THUNDER
                        SNOW, ICE PELLETS, HAIL    4 = ICE PELLETS
                        TOTAL MONTH: 0.0         5 = HAIL
                        GRTST 24HR   0.0           6 = GLAZE OR RIME
                        GRTST DEPTH:    0          7 = BLOWING DUST OR SAND:
                                                       VSBY 1/2 MILE OR LESS
                                                   8 = SMOKE OR HAZE
[NO. OF DAYS WITH]      [WEATHER - DAYS WITH]      9 = BLOWING SNOW
                                                   X = TORNADO
MAX 32 OR BELOW:   0    0.01 INCH OR MORE:  21
MAX 70 OR ABOVE:   0    0.10 INCH OR MORE:  11
MIN 32 OR BELOW:   0    0.50 INCH OR MORE:   0
MIN  0 OR BELOW:   0    1.00 INCH OR MORE:   0

[HDD (BASE 65) ]
TOTAL THIS MO.   381    CLEAR  (SCALE 0-3)   M
DPTR FM NORMAL   -31    PTCLDY (SCALE 4-7)   M
SEASONAL TOTAL   381    CLOUDY (SCALE 8-10)  M
DPTR FM NORMAL   -31

[CDD (BASE 65) ]
TOTAL THIS MO.     0
DPTR FM NORMAL     0    [PRESSURE DATA]
SEASONAL TOTAL     0    HIGHEST SLP     M
DPTR FM NORMAL     0    LOWEST  SLP     M

[REMARKS]
