000
CXUS56 KSLC 191258
CF6CDC
PRELIMINARY LOCAL CLIMATOLOGICAL DATA (WS FORM: F-6)

                                          STATION:   CEDAR CITY UT
                                          MONTH:     NOVEMBER
                                          YEAR:      2017
                                          LATITUDE:   37 42 N
                                          LONGITUDE: 113  6 W

  TEMPERATURE IN F:       :PCPN:    SNOW:  WIND      :SUNSHINE: SKY     :PK WND
================================================================================
1   2   3   4   5  6A  6B    7    8   9   10  11  12  13   14  15   16   17  18
                                     12Z  AVG MX 2MIN
DY MAX MIN AVG DEP HDD CDD  WTR  SNW DPTH SPD SPD DIR MIN PSBL S-S WX    SPD DR
================================================================================

 1  65  35  50   6  15   0    T    M    0 12.1 24 220   M    M   0        31 220
 2  63  42  53  10  12   0 0.00    M    0 15.0 24 210   M    M   1        32 220
 3  62  46  54  11  11   0 0.00    M    0 16.6 35 200   M    M   2        47 210
 4  62  50  56  14   9   0    T  0.0    0 18.9 30 190   M    M   4        39 190
 5  59  40  50   8  15   0 0.00  0.0    0 11.8 24 210   M    M   0        32 200
 6  58  31  45   3  20   0 0.00  0.0    0  9.1 23 230   M    M   0        29 230
 7  51  21  36  -5  29   0 0.00  0.0    0  4.4 10 350   M    M   2        14 360
 8  58  13  36  -5  29   0 0.00  0.0    0  4.3 14 200   M    M   0        17 220
 9  65  40  53  13  12   0 0.00  0.0    0 12.8 26 220   M    M   0        36 220
10  65  31  48   8  17   0    T    M    0  8.4 25 240   M    M   0        31 240
11  62  28  45   5  20   0 0.00  0.0    0  3.9  8 190   M    M   0        11  50
12  61  23  42   3  23   0 0.00  0.0    0  3.5 17 250   M    M   0        23 250
13  66  27  47   8  18   0 0.00  0.0    0  8.8 23 230   M    M   0        30 230
14  66  31  49  11  16   0 0.00  0.0    0  4.5 12 200   M    M   0        13 340
15  65  25  45   7  20   0 0.00  0.0    0  6.8 22 220   M    M   0        29 230
16  63  38  51  14  14   0 0.00  0.0    0 17.9 33 200   M    M   0        43 200
17  62  28  45   8  20   0 0.07    M    0 19.3 32 330   M    M   3 13     41 200
18  43  12  28  -8  37   0 0.00  0.0    0  2.9 12 350   M    M   0        15 340
================================================================================
SM 1096  561       337   0  0.07     0.0 181.0          M       12
================================================================================
AV 60.9 31.2                              10.1 FASTST   M    M   1    MAX(MPH)
                                 MISC ---->  # 35 200               # 47  210
================================================================================
NOTES:
# LAST OF SEVERAL OCCURRENCES

COLUMN 17 PEAK WIND IN M.P.H.

PRELIMINARY LOCAL CLIMATOLOGICAL DATA (WS FORM: F-6) , PAGE 2

                                          STATION:  CEDAR CITY UT
                                          MONTH:    NOVEMBER
                                          YEAR:     2017
                                          LATITUDE:   37 42 N
                                          LONGITUDE: 113  6 W

[TEMPERATURE DATA]      [PRECIPITATION DATA]       SYMBOLS USED IN COLUMN 16

AVERAGE MONTHLY: 46.0   TOTAL FOR MONTH:   0.07    1 = FOG OR MIST
DPTR FM NORMAL:   5.9   DPTR FM NORMAL:   -0.52    2 = FOG REDUCING VISIBILITY
HIGHEST:    66 ON 14,13 GRTST 24HR  0.07 ON 17-17      TO 1/4 MILE OR LESS
LOWEST:     12 ON 18                               3 = THUNDER
                        SNOW, ICE PELLETS, HAIL    4 = ICE PELLETS
                        TOTAL MONTH:   0.0 INCH    5 = HAIL
                        GRTST 24HR     0.0         6 = FREEZING RAIN OR DRIZZLE
                        GRTST DEPTH:   0           7 = DUSTSTORM OR SANDSTORM:
                                                       VSBY 1/2 MILE OR LESS
                                                   8 = SMOKE OR HAZE
[NO. OF DAYS WITH]      [WEATHER - DAYS WITH]      9 = BLOWING SNOW
                                                   X = TORNADO
MAX 32 OR BELOW:   0    0.01 INCH OR MORE:   1
MAX 90 OR ABOVE:   0    0.10 INCH OR MORE:   0
MIN 32 OR BELOW:  11    0.50 INCH OR MORE:   0
MIN  0 OR BELOW:   0    1.00 INCH OR MORE:   0

[HDD (BASE 65) ]
TOTAL THIS MO.   337    CLEAR  (SCALE 0-3)  17
DPTR FM NORMAL  -112    PTCLDY (SCALE 4-7)   1
TOTAL FM JUL 1   968    CLOUDY (SCALE 8-10)  0
DPTR FM NORMAL  -100

[CDD (BASE 65) ]
TOTAL THIS MO.     0
DPTR FM NORMAL     0    [PRESSURE DATA]
TOTAL FM JAN 1   865    HIGHEST SLP M ON M
DPTR FM NORMAL   277    LOWEST  SLP 29.71 ON 17

[REMARKS]
