000
CXUS55 KCYS 241000
CF6CDR
PRELIMINARY LOCAL CLIMATOLOGICAL DATA (WS FORM: F-6)

                                          STATION:   CHADRON NEBRASKA AIRPORT
                                          MONTH:     JUNE
                                          YEAR:      2017
                                          LATITUDE:   42 50 N
                                          LONGITUDE: 103  6 W

  TEMPERATURE IN F:       :PCPN:    SNOW:  WIND      :SUNSHINE: SKY     :PK WND
================================================================================
1   2   3   4   5  6A  6B    7    8   9   10  11  12  13   14  15   16   17  18
                                     12Z  AVG MX 2MIN
DY MAX MIN AVG DEP HDD CDD  WTR  SNW DPTH SPD SPD DIR MIN PSBL S-S WX    SPD DR
================================================================================

 1  86  54  70   9   0   5 0.00    M    M 13.2 24 160   M    M   0        31 170
 2  83  54  69   7   0   4 0.00    M    M  9.0 23 180   M    M   2        30 280
 3  81  48  65   3   0   0 0.00    M    M  3.7 10  30   M    M   0        14  80
 4  85  45  65   3   0   0 0.00    M    M  4.5 13 180   M    M   0        19 180
 5  90  50  70   8   0   5 0.01    M    M  7.4 24 350   M    M   1 3      33 340
 6  75  53  64   1   1   0 0.00    M    M  7.0 16  60   M    M   2        20  20
 7  84  51  68   5   0   3    T    M    M  5.6 16 140   M    M   4        20 140
 8  88  52  70   7   0   5 0.00    M    M  7.0 24 180   M    M   1        32 180
 9  94  62  78  14   0  13 0.00    M    M 13.7 28 180   M    M   0        34 180
10  86  56  71   7   0   6 0.00    M    M  6.2 26 260   M    M   0        42 260
11  81  57  69   5   0   4 0.00    M    M  9.6 25  30   M    M   3        34  40
12  84  58  71   6   0   6 0.25    M    M 12.1 33 130   M    M   6 13     41 150
13  77  51  64  -1   1   0 0.01    M    M  7.1 29 270   M    M   2 3      36 260
14  82  50  66   1   0   1 0.00    M    M  7.9 22 240   M    M   0        28 320
15  86  44  65  -1   0   0 0.00    M    M  5.2 20 270   M    M   0        24 280
16  85  49  67   1   0   2 0.00    M    M  5.9 16  10   M    M   1        21 360
17  74  46  60  -6   5   0 0.05    M    M 10.5 29 300   M    M   6 1      37 320
18  78  42  60  -7   5   0 0.00    M    M  4.4 12  30   M    M   2        15  70
19  82  50  66  -1   0   1    T    M    M  6.6 21 290   M    M   4        27 300
20  95  47  71   4   0   6 0.00    M    M  5.8 15 160   M    M   0        19 170
21  96  56  76   8   0  11 0.00    M    M  5.5 18 300   M    M   0        23 320
22  79  58  69   1   0   4    T    M    M  9.9 23  20   M    M   2        31  20
23  74  43  59  -9   6   0 0.01    M    M 11.2 28  10   M    M   3 1      35  10
================================================================================
SM 1925 1176        18  76  0.33    M    179.0          M       39
================================================================================
AV 83.7 51.1                               7.8 FASTST   M    M   2    MAX(MPH)
                                 MISC ---->  # 33 130               # 42  260
================================================================================
NOTES:
# LAST OF SEVERAL OCCURRENCES

COLUMN 17 PEAK WIND IN M.P.H.

PRELIMINARY LOCAL CLIMATOLOGICAL DATA (WS FORM: F-6) , PAGE 2

                                          STATION:  CHADRON NEBRASKA AIRPORT
                                          MONTH:    JUNE
                                          YEAR:     2017
                                          LATITUDE:   42 50 N
                                          LONGITUDE: 103  6 W

[TEMPERATURE DATA]      [PRECIPITATION DATA]       SYMBOLS USED IN COLUMN 16

AVERAGE MONTHLY: 67.4   TOTAL FOR MONTH:   0.33    1 = FOG OR MIST
DPTR FM NORMAL:   2.7   DPTR FM NORMAL:   -2.31    2 = FOG REDUCING VISIBILITY
HIGHEST:    96 ON 21    GRTST 24HR  0.25 ON 12-12      TO 1/4 MILE OR LESS
LOWEST:     42 ON 18                               3 = THUNDER
                        SNOW, ICE PELLETS, HAIL    4 = ICE PELLETS
                        TOTAL MONTH:    M          5 = HAIL
                        GRTST 24HR    M  ON   M    6 = FREEZING RAIN OR DRIZZLE
                        GRTST DEPTH:  M  ON   M    7 = DUSTSTORM OR SANDSTORM:
                                                       VSBY 1/2 MILE OR LESS
                                                   8 = SMOKE OR HAZE
[NO. OF DAYS WITH]      [WEATHER - DAYS WITH]      9 = BLOWING SNOW
                                                   X = TORNADO
MAX 32 OR BELOW:   0    0.01 INCH OR MORE:   5
MAX 90 OR ABOVE:   4    0.10 INCH OR MORE:   1
MIN 32 OR BELOW:   0    0.50 INCH OR MORE:   0
MIN  0 OR BELOW:   0    1.00 INCH OR MORE:   0

[HDD (BASE 65) ]
TOTAL THIS MO.    18    CLEAR  (SCALE 0-3)  19
DPTR FM NORMAL   -56    PTCLDY (SCALE 4-7)   4
TOTAL FM JUL 1  6480    CLOUDY (SCALE 8-10)  0
DPTR FM NORMAL  -659

[CDD (BASE 65) ]
TOTAL THIS MO.    76
DPTR FM NORMAL     9    [PRESSURE DATA]
TOTAL FM JAN 1    88    HIGHEST SLP  0.00 ON 11
DPTR FM NORMAL     1    LOWEST  SLP 29.41 ON 10

[REMARKS]
