000
CXUS55 KCYS 011000
CF6CDR
PRELIMINARY LOCAL CLIMATOLOGICAL DATA (WS FORM: F-6)

                                          STATION:   CHADRON NEBRASKA AIRPORT
                                          MONTH:     FEBRUARY
                                          YEAR:      2017
                                          LATITUDE:   42 50 N
                                          LONGITUDE: 103  6 W

  TEMPERATURE IN F:       :PCPN:    SNOW:  WIND      :SUNSHINE: SKY     :PK WND
================================================================================
1   2   3   4   5  6A  6B    7    8   9   10  11  12  13   14  15   16   17  18
                                     12Z  AVG MX 2MIN
DY MAX MIN AVG DEP HDD CDD  WTR  SNW DPTH SPD SPD DIR MIN PSBL S-S WX    SPD DR
================================================================================

 1  21  13  17  -8  48   0 0.12    M    M  4.9 18 290   M    M  10 1      23 300
 2  17  -2   8 -17  57   0 0.02    M    M  4.8 12 260   M    M  10 18     13 300
 3  30 -18   6 -19  59   0 0.00    M    M  9.4 32 200   M    M   3 128    39 200
 4  38  11  25   0  40   0 0.00    M    M  4.5 20  30   M    M   0        22  30
 5  45   8  27   2  38   0 0.00    M    M  3.1 10 230   M    M   0        11 240
 6  52  18  35   9  30   0 0.00    M    M  8.3 18 250   M    M   3 1      24 240
 7  19  14  17  -9  48   0    T    M    M  9.3 18 360   M    M  10 128    23  20
 8  18  -2   8 -18  57   0    T    M    M  5.6 17  30   M    M   4 128    21  40
 9  50   1  26   0  39   0 0.00    M    M  3.9 23 240   M    M   1        27 240
10  46  35  41  15  24   0 0.00    M    M  6.4 25 200   M    M   3        27 200
11  49  30  40  14  25   0 0.02    M    M  7.7 22 290   M    M   8        28 310
12  49  21  35   9  30   0 0.00    M    M  6.6 16 300   M    M   0        20 300
13  48  23  36   9  29   0 0.00    M    M  8.8 22 310   M    M   0        27 320
14  48  24  36   9  29   0 0.00  0.0    0  7.7 18 320   M    M   2        25 330
15  65  23  44  17  21   0 0.00    M    M  6.9 15 220   M    M   0        20 240
16  72  29  51  24  14   0 0.00    M    M  7.0 15 230   M    M   0        19 200
17  61  29  45  17  20   0 0.00    M    M  6.2 22 300   M    M   0        27 310
18  68  32  50  22  15   0 0.00    M    M 12.7 30 170   M    M   1        36 170
19  68  33  51  23  14   0    T    M    M  8.0 22 200   M    M   2        26 200
20  64  40  52  24  13   0    T    M    M 14.7 29 310   M    M   3        39 300
21  72  33  53  24  12   0 0.00    M    M 15.5 38 270   M    M   0        49 270
22  57  32  45  16  20   0    T    M    M 16.1 33 280   M    M   3 18     41 280
23  33  23  28  -1  37   0    M    M    M 15.4 24  30   M    M  10 128    29  30
24  23   2  13 -17  52   0    T    M    M  5.6 17  30   M    M   7 18     21  30
25  29   1  15 -15  50   0 0.00    M    M  8.4 20 280   M    M   2        25 280
26  27   2  15 -15  50   0 0.00    M    M  6.3 16 230   M    M   0        18 220
27  39   7  23  -8  42   0    T    M    M  5.1 21 230   M    M   7 1      25 220
28  32  12  22  -9  43   0 0.00    M    M  8.7 21 280   M    M   1 12     26 280
================================================================================
SM 1240  474       956   0  0.16     0.0 227.6          M       90
================================================================================
AV 44.3 16.9                               8.1 FASTST   M    M   3    MAX(MPH)
                                 MISC ---->  # 38 270               # 49  270
================================================================================
NOTES:
# LAST OF SEVERAL OCCURRENCES

COLUMN 17 PEAK WIND IN M.P.H.

PRELIMINARY LOCAL CLIMATOLOGICAL DATA (WS FORM: F-6) , PAGE 2

                                          STATION:  CHADRON NEBRASKA AIRPORT
                                          MONTH:    FEBRUARY
                                          YEAR:     2017
                                          LATITUDE:   42 50 N
                                          LONGITUDE: 103  6 W

[TEMPERATURE DATA]      [PRECIPITATION DATA]       SYMBOLS USED IN COLUMN 16

AVERAGE MONTHLY: 30.6   TOTAL FOR MONTH:   0.16    1 = FOG OR MIST
DPTR FM NORMAL:   3.2   DPTR FM NORMAL:   -0.45    2 = FOG REDUCING VISIBILITY
HIGHEST:    72 ON 21,16 GRTST 24HR  0.12 ON  1- 1      TO 1/4 MILE OR LESS
LOWEST:    -18 ON  3                               3 = THUNDER
                        SNOW, ICE PELLETS, HAIL    4 = ICE PELLETS
                        TOTAL MONTH:   0.0 INCH    5 = HAIL
                        GRTST 24HR     0.0         6 = FREEZING RAIN OR DRIZZLE
                        GRTST DEPTH:   0           7 = DUSTSTORM OR SANDSTORM:
                                                       VSBY 1/2 MILE OR LESS
                                                   8 = SMOKE OR HAZE
[NO. OF DAYS WITH]      [WEATHER - DAYS WITH]      9 = BLOWING SNOW
                                                   X = TORNADO
MAX 32 OR BELOW:   9    0.01 INCH OR MORE:   3
MAX 90 OR ABOVE:   0    0.10 INCH OR MORE:   1
MIN 32 OR BELOW:  24    0.50 INCH OR MORE:   0
MIN  0 OR BELOW:   3    1.00 INCH OR MORE:   0

[HDD (BASE 65) ]
TOTAL THIS MO.   956    CLEAR  (SCALE 0-3)  19
DPTR FM NORMAL   -97    PTCLDY (SCALE 4-7)   5
TOTAL FM JUL 1  4939    CLOUDY (SCALE 8-10)  4
DPTR FM NORMAL  -313

[CDD (BASE 65) ]
TOTAL THIS MO.     0
DPTR FM NORMAL     0    [PRESSURE DATA]
TOTAL FM JAN 1     0    HIGHEST SLP 30.69 ON  3
DPTR FM NORMAL     0    LOWEST  SLP 29.47 ON  6

[REMARKS]
#FINAL-02-17#
