000
CXUS55 KCYS 181000
CF6CDR
PRELIMINARY LOCAL CLIMATOLOGICAL DATA (WS FORM: F-6)

                                          STATION:   CHADRON NEBRASKA AIRPORT
                                          MONTH:     JANUARY
                                          YEAR:      2018
                                          LATITUDE:   42 50 N
                                          LONGITUDE: 103  6 W

  TEMPERATURE IN F:       :PCPN:    SNOW:  WIND      :SUNSHINE: SKY     :PK WND
================================================================================
1   2   3   4   5  6A  6B    7    8   9   10  11  12  13   14  15   16   17  18
                                     12Z  AVG MX 2MIN
DY MAX MIN AVG DEP HDD CDD  WTR  SNW DPTH SPD SPD DIR MIN PSBL S-S WX    SPD DR
================================================================================

 1  10 -10   0 -24  65   0 0.00    M    M  5.8 14 180   M    M   4 8      17 180
 2  30 -10  10 -14  55   0 0.00    M    M 16.1 30 290   M    M   1        38 290
 3  33  14  24   0  41   0 0.00    M    M  5.1 21 300   M    M   2        27 310
 4  39  15  27   3  38   0 0.00    M    M  7.7 17 290   M    M   2        25 310
 5  32  11  22  -2  43   0 0.00    M    M  2.5  9 240   M    M   2        10 250
 6  42  13  28   4  37   0 0.00    M    M  3.9 10 280   M    M   1        12 280
 7  42  23  33   9  32   0    T    M    M 10.4 23 260   M    M   2        26 270
 8  45  19  32   8  33   0 0.00    M    M  2.9  8 360   M    M   0        11 240
 9  60  24  42  18  23   0 0.00    M    M  5.2 14 170   M    M   0        16 230
10  44  10  27   3  38   0 0.02    M    M  9.7 28 360   M    M   5 1      34 320
11  17   4  11 -13  54   0 0.00    M    M  6.8 25 320   M    M   1        36 320
12  17   4  11 -13  54   0    T    M    M  6.6 21  10   M    M   9 8      24  10
13  38   8  23  -1  42   0 0.01    M    M  6.8 21 300   M    M   9 1      27 300
14  42  13  28   4  37   0    T    M    M 12.6 21  30   M    M   9 1      28 320
15  13 -13   0 -24  65   0 0.00    M    M  6.3 16  20   M    M   4        20  30
16  29 -16   7 -17  58   0 0.00    M    M  4.2 12 170   M    M   0        14 170
17  47   5  26   2  39   0 0.00    M    M  6.9 14 280   M    M   0        15 280
================================================================================
SM  580  114       754   0  0.03    M    119.5          M       51
================================================================================
AV 34.1  6.7                               7.0 FASTST   M    M   3    MAX(MPH)
                                 MISC ---->  # 30 290               # 38  290
================================================================================
NOTES:
# LAST OF SEVERAL OCCURRENCES

COLUMN 17 PEAK WIND IN M.P.H.

PRELIMINARY LOCAL CLIMATOLOGICAL DATA (WS FORM: F-6) , PAGE 2

                                          STATION:  CHADRON NEBRASKA AIRPORT
                                          MONTH:    JANUARY
                                          YEAR:     2018
                                          LATITUDE:   42 50 N
                                          LONGITUDE: 103  6 W

[TEMPERATURE DATA]      [PRECIPITATION DATA]       SYMBOLS USED IN COLUMN 16

AVERAGE MONTHLY: 20.4   TOTAL FOR MONTH:   0.03    1 = FOG OR MIST
DPTR FM NORMAL:  -3.6   DPTR FM NORMAL:   -0.16    2 = FOG REDUCING VISIBILITY
HIGHEST:    60 ON  9    GRTST 24HR  0.02 ON 10-10      TO 1/4 MILE OR LESS
LOWEST:    -16 ON 16                               3 = THUNDER
                        SNOW, ICE PELLETS, HAIL    4 = ICE PELLETS
                        TOTAL MONTH:    M          5 = HAIL
                        GRTST 24HR    M  ON   M    6 = FREEZING RAIN OR DRIZZLE
                        GRTST DEPTH:  M  ON   M    7 = DUSTSTORM OR SANDSTORM:
                                                       VSBY 1/2 MILE OR LESS
                                                   8 = SMOKE OR HAZE
[NO. OF DAYS WITH]      [WEATHER - DAYS WITH]      9 = BLOWING SNOW
                                                   X = TORNADO
MAX 32 OR BELOW:   7    0.01 INCH OR MORE:   2
MAX 90 OR ABOVE:   0    0.10 INCH OR MORE:   0
MIN 32 OR BELOW:  17    0.50 INCH OR MORE:   0
MIN  0 OR BELOW:   4    1.00 INCH OR MORE:   0

[HDD (BASE 65) ]
TOTAL THIS MO.   754    CLEAR  (SCALE 0-3)  11
DPTR FM NORMAL    57    PTCLDY (SCALE 4-7)   3
TOTAL FM JUL 1  3476    CLOUDY (SCALE 8-10)  3
DPTR FM NORMAL  -163

[CDD (BASE 65) ]
TOTAL THIS MO.     0
DPTR FM NORMAL     0    [PRESSURE DATA]
TOTAL FM JAN 1     0    HIGHEST SLP M ON M
DPTR FM NORMAL     0    LOWEST  SLP 29.34 ON 10

[REMARKS]
