000
CXUS55 KCYS 301000
CF6CDR
PRELIMINARY LOCAL CLIMATOLOGICAL DATA (WS FORM: F-6)

                                          STATION:   CHADRON NEBRASKA AIRPORT
                                          MONTH:     AUGUST
                                          YEAR:      2014
                                          LATITUDE:   42 50 N
                                          LONGITUDE: 103  6 W

  TEMPERATURE IN F:       :PCPN:    SNOW:  WIND      :SUNSHINE: SKY     :PK WND
================================================================================
1   2   3   4   5  6A  6B    7    8   9   10  11  12  13   14  15   16   17  18
                                     12Z  AVG MX 2MIN
DY MAX MIN AVG DEP HDD CDD  WTR  SNW DPTH SPD SPD DIR MIN PSBL S-S WX    SPD DR
================================================================================

 1  96  51  74  -1   0   9    T    M    M  5.8 29  20   M    M   1        33  20
 2  94  57  76   1   0  11 0.00    M    M  5.6 14  30   M    M   1        21  40
 3  94  54  74  -1   0   9 0.38    M    M  6.1 31 250   M    M   0 3      39 250
 4  96  62  79   5   0  14 0.14    M    M  8.4 26 190   M    M   1 13     35 190
 5  79  64  72  -2   0   7    T    M    M  5.3 13  10   M    M   5 1      14  10
 6  83  61  72  -2   0   7 0.35    M    M  3.5 23 360   M    M   5 1238   28 360
 7  91  57  74   0   0   9    T    M    M  4.5 24 200   M    M   1 13     29 200
 8  85  60  73  -1   0   8    T    M    M  5.9 15 140   M    M   3        22  80
 9  88  55  72  -2   0   7 0.04    M    M  5.4 33 360   M    M   2 1238   41  10
10  83  56  70  -4   0   5 0.00    M    M  6.1 17  30   M    M   3        23  20
11  87  52  70  -4   0   5 0.00    M    M  5.3 15  90   M    M   1 1      20  80
12  93  61  77   4   0  12 0.00    M    M 11.0 25 160   M    M   0 8      31 170
13  99  63  81   8   0  16 0.00    M    M  9.6 29 170   M    M   0        37 180
14  95  68  82   9   0  17    T    M    M  6.2 20 210   M    M   2 3      25 210
15  92  61  77   4   0  12 0.00    M    M  7.3 20 350   M    M   1        25 350
16  93  57  75   2   0  10 0.00    M    M  5.2 15 110   M    M   0        19  90
17  95  60  78   6   0  13 0.00    M    M  6.8 32  20   M    M   0        42  20
18  92  55  74   2   0   9 0.00    M    M  7.5 18  40   M    M   0        24  80
19  99  55  77   5   0  12 0.00    M    M  7.1 31 180   M    M   0 3      41 190
20  95  61  78   6   0  13 0.00    M    M  6.1 18 270   M    M   1        23 260
21  90  55  73   2   0   8 0.00    M    M  7.2 21 140   M    M   1        25 140
22  79  58  69  -2   0   4 0.00    M    M  6.4 15  80   M    M   3        20  70
23  83  58  71   0   0   6 0.16    M    M  6.7 35 350   M    M   6 13     41 340
24  84  47  66  -4   0   1 0.00    M    M 11.9 25 250   M    M   1        33 300
25  80  49  65  -5   0   0 0.03    M    M  8.1 16  30   M    M   2        20 260
26  86  56  71   1   0   6    T    M    M  7.4 24 160   M    M   4 3      27 160
27  76  60  68  -2   0   3 0.87    M    M  5.8 23  70   M    M   7 13     25  70
28  71  55  63  -6   2   0 0.11    M    M  6.2 14 280   M    M   8 13     16 280
29  78  53  66  -3   0   1 0.03    M    M  7.2 21  40   M    M   1        27  40
================================================================================
SM 2556 1661         2 234  2.11    M    195.6          M       60
================================================================================
AV 88.1 57.3                               6.7 FASTST   M    M   2    MAX(MPH)
                                 MISC ---->  # 35 350               # 42   20
================================================================================
NOTES:
# LAST OF SEVERAL OCCURRENCES

COLUMN 17 PEAK WIND IN M.P.H.

PRELIMINARY LOCAL CLIMATOLOGICAL DATA (WS FORM: F-6) , PAGE 2

                                          STATION:  CHADRON NEBRASKA AIRPORT
                                          MONTH:    AUGUST
                                          YEAR:     2014
                                          LATITUDE:   42 50 N
                                          LONGITUDE: 103  6 W

[TEMPERATURE DATA]      [PRECIPITATION DATA]       SYMBOLS USED IN COLUMN 16

AVERAGE MONTHLY: 72.7   TOTAL FOR MONTH:   2.11    1 = FOG OR MIST
DPTR FM NORMAL:   0.3   DPTR FM NORMAL:    0.64    2 = FOG REDUCING VISIBILITY
HIGHEST:    99 ON 19,13 GRTST 24HR  0.94 ON 27-28      TO 1/4 MILE OR LESS
LOWEST:     47 ON 24                               3 = THUNDER
                        SNOW, ICE PELLETS, HAIL    4 = ICE PELLETS
                        TOTAL MONTH:    M          5 = HAIL
                        GRTST 24HR    M  ON   M    6 = FREEZING RAIN OR DRIZZLE
                        GRTST DEPTH:  M  ON   M    7 = DUSTSTORM OR SANDSTORM:
                                                       VSBY 1/2 MILE OR LESS
                                                   8 = SMOKE OR HAZE
[NO. OF DAYS WITH]      [WEATHER - DAYS WITH]      9 = BLOWING SNOW
                                                   X = TORNADO
MAX 32 OR BELOW:   0    0.01 INCH OR MORE:   9
MAX 90 OR ABOVE:  15    0.10 INCH OR MORE:   6
MIN 32 OR BELOW:   0    0.50 INCH OR MORE:   1
MIN  0 OR BELOW:   0    1.00 INCH OR MORE:   0

[HDD (BASE 65) ]
TOTAL THIS MO.     2    CLEAR  (SCALE 0-3)  23
DPTR FM NORMAL   -12    PTCLDY (SCALE 4-7)   6
TOTAL FM JUL 1    13    CLOUDY (SCALE 8-10)  0
DPTR FM NORMAL   -11

[CDD (BASE 65) ]
TOTAL THIS MO.   234
DPTR FM NORMAL     1    [PRESSURE DATA]
TOTAL FM JAN 1   578    HIGHEST SLP M ON M
DPTR FM NORMAL   -59    LOWEST  SLP 29.67 ON 19

[REMARKS]
