000
CXUS54 KLUB 250755
CF6CDS
PRELIMINARY LOCAL CLIMATOLOGICAL DATA (WS FORM: F-6)

                                          STATION:   CHILDRESS
                                          MONTH:     SEPTEMBER
                                          YEAR:      2016
                                          LATITUDE:   34 25 N
                                          LONGITUDE: 100 17 W

  TEMPERATURE IN F:       :PCPN:    SNOW:  WIND      :SUNSHINE: SKY     :PK WND
================================================================================
1   2   3   4   5  6A  6B    7    8   9   10  11  12  13   14  15   16   17  18
                                     12Z  AVG MX 2MIN
DY MAX MIN AVG DEP HDD CDD  WTR  SNW DPTH SPD SPD DIR MIN PSBL S-S WX    SPD DR
================================================================================

 1  84  68  76  -3   0  11 0.08  0.0    0   M   M   M   M    M   0         M  M
 2  84  67  76  -3   0  11 0.00  0.0    0   M   M   M   M    M   0         M  M
 3  89  67  78  -1   0  13 0.00  0.0    0   M   M   M   M    M   0         M  M
 4  90  69  80   2   0  15 0.00  0.0    0   M   M   M   M    M   0         M  M
 5  93  70  82   4   0  17 0.00  0.0    0   M   M   M   M    M   0         M  M
 6  91  71  81   3   0  16 0.00  0.0    0   M   M   M   M    M   0         M  M
 7  91  73  82   4   0  17 0.05  0.0    0   M   M   M   M    M   1 3       M  M
 8  97  72  85   8   0  20 0.00  0.0    0 11.2 20 180   M    M   0        26 170
 9  95  70  83   6   0  18 0.26  0.0    0 10.0 25  30   M    M   1 13     36  30
10  80  60  70  -6   0   5 1.47  0.0    0 11.4 29  30   M    M   3 13     39  40
11  88  58  73  -3   0   8 0.00  0.0    0  9.4 20 180   M    M   0        26 180
12  91  64  78   2   0  13 0.00  0.0    0 12.1 18 180   M    M   0        25 170
13  88  67  78   3   0  13 0.07  0.0    0  6.4 15 200   M    M   2 3      19 180
14  78  64  71  -4   0   6    T  0.0    0  5.2 12  20   M    M   7 12     16  40
15  85  64  75   1   0  10 0.00  0.0    0  6.4 21 160   M    M   3 12     28 160
16  83  63  73  -1   0   8 0.65  0.0    0  7.0 25 270   M    M   1 13     32 280
17  82  64  73  -1   0   8 0.09  0.0    0  5.5 23 340   M    M   2 13     28 340
18  92  61  77   4   0  12 0.00  0.0    0  8.5 20  40   M    M   1 3      27  30
19  96  68  82   9   0  17 0.00  0.0    0  6.3 15 180   M    M   0 1      20 170
20  95  69  82   9   0  17 0.00  0.0    0  6.9 18 170   M    M   0        26 210
21  94  68  81   9   0  16 0.00  0.0    0  8.7 17 200   M    M   0 8      21 200
22  91  65  78   6   0  13 0.00  0.0    0  8.8 16 140   M    M   0        20 150
23  90  66  78   7   0  13 0.00  0.0    0 11.9 21 150   M    M   2        27 140
24  86  66  76   5   0  11 0.40  0.0    0  9.6 41 290   M    M   5 13     51 290
================================================================================
SM 2133 1594         0 308  3.07     0.0 145.3          M       28
================================================================================
AV 88.9 66.4                               8.5 FASTST   M    M   1    MAX(MPH)
                                 MISC ---->  # 41 290               # 51  290
================================================================================
NOTES:
# LAST OF SEVERAL OCCURRENCES

COLUMN 17 PEAK WIND IN M.P.H.

PRELIMINARY LOCAL CLIMATOLOGICAL DATA (WS FORM: F-6) , PAGE 2

                                          STATION:  CHILDRESS
                                          MONTH:    SEPTEMBER
                                          YEAR:     2016
                                          LATITUDE:   34 25 N
                                          LONGITUDE: 100 17 W

[TEMPERATURE DATA]      [PRECIPITATION DATA]       SYMBOLS USED IN COLUMN 16

AVERAGE MONTHLY: 77.6   TOTAL FOR MONTH:   3.07    1 = FOG OR MIST
DPTR FM NORMAL:   2.3   DPTR FM NORMAL:    1.08    2 = FOG REDUCING VISIBILITY
HIGHEST:    97 ON  8    GRTST 24HR  1.73 ON  9-10      TO 1/4 MILE OR LESS
LOWEST:     58 ON 11                               3 = THUNDER
                        SNOW, ICE PELLETS, HAIL    4 = ICE PELLETS
                        TOTAL MONTH:   0.0 INCH    5 = HAIL
                        GRTST 24HR     0.0         6 = FREEZING RAIN OR DRIZZLE
                        GRTST DEPTH:   0           7 = DUSTSTORM OR SANDSTORM:
                                                       VSBY 1/2 MILE OR LESS
                                                   8 = SMOKE OR HAZE
[NO. OF DAYS WITH]      [WEATHER - DAYS WITH]      9 = BLOWING SNOW
                                                   X = TORNADO
MAX 32 OR BELOW:   0    0.01 INCH OR MORE:   8
MAX 90 OR ABOVE:  13    0.10 INCH OR MORE:   4
MIN 32 OR BELOW:   0    0.50 INCH OR MORE:   2
MIN  0 OR BELOW:   0    1.00 INCH OR MORE:   1

[HDD (BASE 65) ]
TOTAL THIS MO.     0    CLEAR  (SCALE 0-3)  21
DPTR FM NORMAL    -8    PTCLDY (SCALE 4-7)   3
TOTAL FM JUL 1     0    CLOUDY (SCALE 8-10)  0
DPTR FM NORMAL    -8

[CDD (BASE 65) ]
TOTAL THIS MO.   308
DPTR FM NORMAL    50    [PRESSURE DATA]
TOTAL FM JAN 1  2181    HIGHEST SLP M ON M
DPTR FM NORMAL    92    LOWEST  SLP 29.74 ON  9

[REMARKS]
