000
CXUS55 KPAH 260641
CF6CGI
PRELIMINARY LOCAL CLIMATOLOGICAL DATA (WS FORM: F-6)

                                          STATION:   CAPE GIRARDEAU MO
                                          MONTH:     MARCH
                                          YEAR:      2015
                                          LATITUDE:   37 13 N
                                          LONGITUDE:  89 35 W

  TEMPERATURE IN F:       :PCPN:    SNOW:  WIND      :SUNSHINE: SKY     :PK WND
================================================================================
1   2   3   4   5  6A  6B    7    8   9   10  11  12  13   14  15   16   17  18
                                     12Z  AVG MX 2MIN
DY MAX MIN AVG DEP HDD CDD  WTR  SNW DPTH SPD SPD DIR MIN PSBL S-S WX    SPD DR
================================================================================

 1  38  31  35  -7  30   0 0.14    M    0  5.9 17 140   M    M   9 168    20 150
 2  40  26  33 -10  32   0 0.00  0.0    M  8.0 15  40   M    M   3        20  20
 3  41  34  38  -5  27   0 1.07    M    0  6.1 14 220   M    M  10 128    19 180
 4  42  19  31 -12  34   0 1.02    M    0 14.3 29  10   M    M  10 1268   36  10
 5  26   1  14 -30  51   0    T    M    M 10.4 18  10   M    M   2        25  20
 6  26  -8   9 -35  56   0 0.00  0.0    0  5.6 21 200   M    M   2 12     24 190
 7  41  13  27 -17  38   0 0.00  0.0    0  8.2 16 200   M    M   0        20 210
 8   M  26   M   M   M   M 0.00  0.0    M  6.3 17 190   M    M   2 1      22 200
 9  48  37  43  -2  22   0 0.21  0.0    0  3.8 12 190   M    M  10 12     14 190
10  52  44  48   3  17   0 0.70  0.0    0  5.4 15  80   M    M  10 1      16  80
11  68  42  55   9  10   0 0.00  0.0    0  3.6 14  60   M    M   5 12     16  60
12  68  37  53   7  12   0 0.22    M    0  7.0 20  80   M    M   4 1      24 110
13  60  53  57  11   8   0 3.31  0.0    0  5.5 12 140   M    M   9 1      15 140
14  60  46  53   7  12   0 0.17    M    0  5.9 16 350   M    M   6 1      18 340
15  67  36  52   5  13   0 0.00  0.0    0  2.0 12 280   M    M   2 128    14 280
16  72  40  56   9   9   0 0.00  0.0    0  7.6 21 200   M    M   0        27 190
17  59  44  52   5  13   0 0.00    M    0 13.5 26  10   M    M   0        34  20
18  47  40  44  -4  21   0 0.01  0.0    0 11.4 21  80   M    M   6        25  40
19  52  40  46  -2  19   0 0.02    M    0  5.5 13  70   M    M  10        15  70
20  54  43  49   1  16   0 0.02  0.0    0  4.2 13 340   M    M   6 1      16 330
21  66  37  52   3  13   0 0.00  0.0    0  3.9 12 180   M    M   0 1      14 190
22  67  46  57   8   8   0 0.00  0.0    M  2.9 12 100   M    M   0 1      14 100
23  71  39  55   6  10   0 0.00  0.0    0  6.8 18 190   M    M   1        23 190
24  62  41  52   2  13   0 0.07  0.0    0  9.7 17 200   M    M   4 8      22 200
25  75  49  62  12   3   0 1.29    M    0  9.7 32 340   M    M   3 1      39 300
================================================================================
SM 1302  856       487   0  8.25     0.0 173.2          M      114
================================================================================
AV 54.2 34.2                               6.9 FASTST   M    M   5    MAX(MPH)
                                 MISC ---->  # 32 340               # 39  300
================================================================================
NOTES:
# LAST OF SEVERAL OCCURRENCES

COLUMN 17 PEAK WIND IN M.P.H.

PRELIMINARY LOCAL CLIMATOLOGICAL DATA (WS FORM: F-6) , PAGE 2

                                          STATION:  CAPE GIRARDEAU MO
                                          MONTH:    MARCH
                                          YEAR:     2015
                                          LATITUDE:   37 13 N
                                          LONGITUDE:  89 35 W

[TEMPERATURE DATA]      [PRECIPITATION DATA]       SYMBOLS USED IN COLUMN 16

AVERAGE MONTHLY: 44.2   TOTAL FOR MONTH:   8.25    1 = FOG OR MIST
DPTR FM NORMAL:  -1.9   DPTR FM NORMAL:    4.79    2 = FOG REDUCING VISIBILITY
HIGHEST:    75 ON 25    GRTST 24HR  3.31 ON 13-13      TO 1/4 MILE OR LESS
LOWEST:     -8 ON  6                               3 = THUNDER
                        SNOW, ICE PELLETS, HAIL    4 = ICE PELLETS
                        TOTAL MONTH:   0.0 INCH    5 = HAIL
                        GRTST 24HR     0.0         6 = FREEZING RAIN OR DRIZZLE
                        GRTST DEPTH:   0           7 = DUSTSTORM OR SANDSTORM:
                                                       VSBY 1/2 MILE OR LESS
                                                   8 = SMOKE OR HAZE
[NO. OF DAYS WITH]      [WEATHER - DAYS WITH]      9 = BLOWING SNOW
                                                   X = TORNADO
MAX 32 OR BELOW:   2    0.01 INCH OR MORE:  13
MAX 90 OR ABOVE:   0    0.10 INCH OR MORE:   9
MIN 32 OR BELOW:   7    0.50 INCH OR MORE:   5
MIN  0 OR BELOW:   1    1.00 INCH OR MORE:   4

[HDD (BASE 65) ]
TOTAL THIS MO.   487    CLEAR  (SCALE 0-3)  12
DPTR FM NORMAL    13    PTCLDY (SCALE 4-7)   6
TOTAL FM JUL 1  4265    CLOUDY (SCALE 8-10)  7
DPTR FM NORMAL   294

[CDD (BASE 65) ]
TOTAL THIS MO.     0
DPTR FM NORMAL     0    [PRESSURE DATA]
TOTAL FM JAN 1     0    HIGHEST SLP M ON M
DPTR FM NORMAL     0    LOWEST  SLP 29.82 ON  3

[REMARKS]
