000
CXUS55 KPAH 280636
CF6CGI
PRELIMINARY LOCAL CLIMATOLOGICAL DATA (WS FORM: F-6)

                                          STATION:   CAPE GIRARDEAU MO
                                          MONTH:     JULY
                                          YEAR:      2016
                                          LATITUDE:   37 13 N
                                          LONGITUDE:  89 35 W

  TEMPERATURE IN F:       :PCPN:    SNOW:  WIND      :SUNSHINE: SKY     :PK WND
================================================================================
1   2   3   4   5  6A  6B    7    8   9   10  11  12  13   14  15   16   17  18
                                     12Z  AVG MX 2MIN
DY MAX MIN AVG DEP HDD CDD  WTR  SNW DPTH SPD SPD DIR MIN PSBL S-S WX    SPD DR
================================================================================

 1  87  64  76  -2   0  11 0.00  0.0    0  6.7 18 350   M    M   4 1      22 360
 2  75  63  69  -9   0   4 0.19  0.0    0  6.6 15  50   M    M   4 1      18  50
 3  87  66  77  -1   0  12 0.98  0.0    0  5.8 23 220   M    M   5 138    29 210
 4  83  71  77  -1   0  12 1.19  0.0    0  6.6 30 310   M    M   7 13     38 300
 5  91  71  81   2   0  16 0.00  0.0    0  5.1 15 190   M    M   4 12     18 200
 6  87  70  79   0   0  14 0.33  0.0    0  7.0 40 290   M    M   6 13     55 310
 7  85  72  79   0   0  14    M  0.0    0  6.8 39 290   M    M   5 138    51 290
 8  91  71  81   2   0  16 0.11  0.0    0  8.1 33 250   M    M   3 13     42 240
 9  88  70  79   0   0  14 0.00  0.0    0  2.3  9  40   M    M   2        11  30
10  88  71  80   1   0  15 0.00  0.0    0  4.0 13 210   M    M   5 123    16 190
11  88  71  80   1   0  15 0.00  0.0    0  6.9 14 200   M    M   1 1      19 180
12  90  75  83   4   0  18    T  0.0    0  8.9 20 180   M    M   2 3      28 180
13  93  73  83   4   0  18 0.25  0.0    0  8.1 22 230   M    M   2 13     28 250
14  92  74  83   4   0  18 0.00  0.0    0  4.0 12 270   M    M   1        16 300
15  89  69  79   0   0  14 0.10  0.0    0  2.4 20  30   M    M   2 123    23 270
16  89  67  78  -1   0  13 0.00  0.0    0  5.0 13  80   M    M   2 12     15  80
17  93  70  82   3   0  17 0.00  0.0    0  5.7 14 190   M    M   1 1      17 220
18  94  74  84   5   0  19 0.00  0.0    0  3.9 14  50   M    M   0 13     16  50
19  94  74  84   5   0  19 0.00  0.0    0  2.9 24  10   M    M   1 1      31  10
20  92  74  83   4   0  18 0.14  0.0    0  2.9 23 220   M    M   1 138    32 240
21  93  73  83   4   0  18 0.00  0.0    0  3.8 10 210   M    M   0 1      13 200
22  91  73  82   3   0  17 0.00  0.0    0  3.2 18 350   M    M   1 13     23 350
23  93  73  83   4   0  18 0.00  0.0    0  3.2  9 130   M    M   4 12     12 120
24  92  75  84   5   0  19 0.00  0.0    0  3.5 10 220   M    M   1 1      14 200
25  91  73  82   4   0  17 0.61  0.0    0  4.4 25 240   M    M   1 13     33 240
26  89  74  82   4   0  17 0.31  0.0    0  4.4 17  20   M    M   4 123    21  20
27  93  72  83   5   0  18 0.64  0.0    0  3.2 33 110   M    M   3 13     43  80
================================================================================
SM 2418 1923         0 421  4.85     0.0 135.4          M       72
================================================================================
AV 89.6 71.2                               5.0 FASTST   M    M   3    MAX(MPH)
                                 MISC ---->  # 40 290               # 55  310
================================================================================
NOTES:
# LAST OF SEVERAL OCCURRENCES

COLUMN 17 PEAK WIND IN M.P.H.

PRELIMINARY LOCAL CLIMATOLOGICAL DATA (WS FORM: F-6) , PAGE 2

                                          STATION:  CAPE GIRARDEAU MO
                                          MONTH:    JULY
                                          YEAR:     2016
                                          LATITUDE:   37 13 N
                                          LONGITUDE:  89 35 W

[TEMPERATURE DATA]      [PRECIPITATION DATA]       SYMBOLS USED IN COLUMN 16

AVERAGE MONTHLY: 80.4   TOTAL FOR MONTH:   4.85    1 = FOG OR MIST
DPTR FM NORMAL:   1.6   DPTR FM NORMAL:    1.91    2 = FOG REDUCING VISIBILITY
HIGHEST:    94 ON 19,18 GRTST 24HR  2.17 ON  3- 4      TO 1/4 MILE OR LESS
LOWEST:     63 ON  2                               3 = THUNDER
                        SNOW, ICE PELLETS, HAIL    4 = ICE PELLETS
                        TOTAL MONTH:   0.0 INCH    5 = HAIL
                        GRTST 24HR     0.0         6 = FREEZING RAIN OR DRIZZLE
                        GRTST DEPTH:   0           7 = DUSTSTORM OR SANDSTORM:
                                                       VSBY 1/2 MILE OR LESS
                                                   8 = SMOKE OR HAZE
[NO. OF DAYS WITH]      [WEATHER - DAYS WITH]      9 = BLOWING SNOW
                                                   X = TORNADO
MAX 32 OR BELOW:   0    0.01 INCH OR MORE:  11
MAX 90 OR ABOVE:  15    0.10 INCH OR MORE:  11
MIN 32 OR BELOW:   0    0.50 INCH OR MORE:   4
MIN  0 OR BELOW:   0    1.00 INCH OR MORE:   1

[HDD (BASE 65) ]
TOTAL THIS MO.     0    CLEAR  (SCALE 0-3)  17
DPTR FM NORMAL     0    PTCLDY (SCALE 4-7)  10
TOTAL FM JUL 1     0    CLOUDY (SCALE 8-10)  0
DPTR FM NORMAL     0

[CDD (BASE 65) ]
TOTAL THIS MO.   421
DPTR FM NORMAL    48    [PRESSURE DATA]
TOTAL FM JAN 1   953    HIGHEST SLP M ON M
DPTR FM NORMAL   116    LOWEST  SLP 29.75 ON  8

[REMARKS]
