000
CXUS51 KLWX 280620
CF6CHO
PRELIMINARY LOCAL CLIMATOLOGICAL DATA (WS FORM: F-6)

                                          STATION:   CHARLOTTESVILLE VA
                                          MONTH:     JULY
                                          YEAR:      2015
                                          LATITUDE:   38  7 N
                                          LONGITUDE:  78 27 W

  TEMPERATURE IN F:       :PCPN:    SNOW:  WIND      :SUNSHINE: SKY     :PK WND
================================================================================
1   2   3   4   5  6A  6B    7    8   9   10  11  12  13   14  15   16   17  18
                                     12Z  AVG MX 2MIN
DY MAX MIN AVG DEP HDD CDD  WTR  SNW DPTH SPD SPD DIR MIN PSBL S-S WX    SPD DR
================================================================================

 1  85  64  75   0   0  10    T    M    M  5.7 14 190   M    M   1        19 190
 2  76  63  70  -5   0   5 0.00    M    M  3.0 10  20   M    M   5 18     13  20
 3  76  62  69  -6   0   4 0.02    M    M  1.4  7 140   M    M   7 18      9 150
 4  84  68  76   1   0  11    T    M    M  3.1 17  30   M    M   6 138    23  30
 5  81  65  73  -2   0   8 0.08    M    M  3.5  9 190   M    M   8 12     12  80
 6  81  69  75  -1   0  10 0.06    M    M  3.8 14 200   M    M   5 1      17 200
 7  88  68  78   2   0  13 0.00    M    M  5.6 17 200   M    M   1        22 200
 8  85  73  79   3   0  14    T    M    M  5.8 13 200   M    M   5 8      15 200
 9  93  73  83   7   0  18 0.00    M    M  6.2 14 190   M    M   1        24 200
10  87  73  80   4   0  15 0.11    M    M  2.6 10 350   M    M   5 138    14 360
11  80  67  74  -2   0   9 1.04    M    M  4.8 15  40   M    M   8 18     18  40
12  84  63  74  -2   0   9 0.03    M    M  2.2  9  80   M    M   3 12     14  80
13  81  69  75  -1   0  10 0.14    M    M  2.8  9  60   M    M   8 18     12  70
14  86  69  78   2   0  13 0.91    M    M  5.7 28 170   M    M   4 123    35 170
15  85  68  77   1   0  12    T    M    M  4.6 15 320   M    M   3        23 320
16  80  62  71  -5   0   6 0.00    M    M  4.5 10 100   M    M   1        14 100
17  84  62  73  -3   0   8 0.00    M    M  5.8 15 190   M    M   5        20 190
18  90  70  80   4   0  15    T    M    M  2.6  8 190   M    M   2 18     13 190
19  93  71  82   6   0  17 0.00    M    M  2.6  9 190   M    M   0 18     11 190
20  92  73  83   7   0  18 0.00    M    M  2.7  7 190   M    M   1        13 320
21  89  72  81   5   0  16 0.31    M    M  2.3 16 350   M    M   2 1      24 330
22  85  67  76   0   0  11 0.00    M    M  3.8 12 350   M    M   2        14 310
23  85  61  73  -2   0   8 0.00    M    M  3.4  8  50   M    M   1        11 150
24  85  63  74  -1   0   9 0.00    M    M  2.9 10  80   M    M   3 1      14  70
25  88  61  75   0   0  10 0.00    M    M  3.4 13 170   M    M   1 1      16 120
26  90  67  79   4   0  14 0.38    M    M  7.1 20  20   M    M   2 13     22  20
27  86  71  79   4   0  14 0.36    M    M  2.5 13 180   M    M   2 138    16  10
================================================================================
SM 2299 1814         0 307  3.44    M    104.4          M       92
================================================================================
AV 85.1 67.2                               3.9 FASTST   M    M   3    MAX(MPH)
                                 MISC ---->  # 28 170               # 35  170
================================================================================
NOTES:
# LAST OF SEVERAL OCCURRENCES

COLUMN 17 PEAK WIND IN M.P.H.

PRELIMINARY LOCAL CLIMATOLOGICAL DATA (WS FORM: F-6) , PAGE 2

                                          STATION:  CHARLOTTESVILLE VA
                                          MONTH:    JULY
                                          YEAR:     2015
                                          LATITUDE:   38  7 N
                                          LONGITUDE:  78 27 W

[TEMPERATURE DATA]      [PRECIPITATION DATA]       SYMBOLS USED IN COLUMN 16

AVERAGE MONTHLY: 76.2   TOTAL FOR MONTH:   3.44    1 = FOG OR MIST
DPTR FM NORMAL:   0.5   DPTR FM NORMAL:   -0.34    2 = FOG REDUCING VISIBILITY
HIGHEST:    93 ON 19, 9 GRTST 24HR  1.15 ON 10-11      TO 1/4 MILE OR LESS
LOWEST:     61 ON 25,23                            3 = THUNDER
                        SNOW, ICE PELLETS, HAIL    4 = ICE PELLETS
                        TOTAL MONTH:    M          5 = HAIL
                        GRTST 24HR    M  ON   M    6 = FREEZING RAIN OR DRIZZLE
                        GRTST DEPTH:  M  ON   M    7 = DUSTSTORM OR SANDSTORM:
                                                       VSBY 1/2 MILE OR LESS
                                                   8 = SMOKE OR HAZE
[NO. OF DAYS WITH]      [WEATHER - DAYS WITH]      9 = BLOWING SNOW
                                                   X = TORNADO
MAX 32 OR BELOW:   0    0.01 INCH OR MORE:  11
MAX 90 OR ABOVE:   5    0.10 INCH OR MORE:   7
MIN 32 OR BELOW:   0    0.50 INCH OR MORE:   2
MIN  0 OR BELOW:   0    1.00 INCH OR MORE:   1

[HDD (BASE 65) ]
TOTAL THIS MO.     0    CLEAR  (SCALE 0-3)  14
DPTR FM NORMAL     0    PTCLDY (SCALE 4-7)  13
TOTAL FM JUL 1     0    CLOUDY (SCALE 8-10)  0
DPTR FM NORMAL     0

[CDD (BASE 65) ]
TOTAL THIS MO.   307
DPTR FM NORMAL    20    [PRESSURE DATA]
TOTAL FM JAN 1   790    HIGHEST SLP M ON M
DPTR FM NORMAL   198    LOWEST  SLP 29.54 ON 14

[REMARKS]
