000
CXUS52 KCHS 230715
CF6CHS
PRELIMINARY LOCAL CLIMATOLOGICAL DATA (WS FORM: F-6)

                                          STATION:   NORTH CHARLESTON SC
                                          MONTH:     JANUARY
                                          YEAR:      2018
                                          LATITUDE:   32 54 N
                                          LONGITUDE:  80  2 W

  TEMPERATURE IN F:       :PCPN:    SNOW:  WIND      :SUNSHINE: SKY     :PK WND
================================================================================
1   2   3   4   5  6A  6B    7    8   9   10  11  12  13   14  15   16   17  18
                                     12Z  AVG MX 2MIN
DY MAX MIN AVG DEP HDD CDD  WTR  SNW DPTH SPD SPD DIR MIN PSBL S-S WX    SPD DR
================================================================================

 1  34  23  29 -19  36   0 0.00  0.0    0 14.4 22  20   M    M   8        29 360
 2  35  19  27 -21  38   0 0.00  0.0    0 10.5 20  20   M    M   3        25  30
 3  31  24  28 -20  37   0 1.14  5.3    0 12.8 22 340   M    M   8 146    26 350
 4  37  17  27 -21  38   0 0.00  0.0    5  8.5 17 300   M    M   0        23 300
 5  38  14  26 -22  39   0 0.00  0.0    3  3.5 12 260   M    M   1        15 260
 6  34  20  27 -21  38   0 0.00  0.0    2  6.9 18  40   M    M   1        22  40
 7  37  19  28 -20  37   0 0.00  0.0    2  6.4 13  50   M    M   3 8      16  40
 8  64  26  45  -3  20   0 0.00  0.0    1  4.2  9 120   M    M   6        11 130
 9  72  44  58  10   7   0 0.00  0.0    0  5.2 13 130   M    M   7        21  50
10  66  48  57   9   8   0    T  0.0    0  8.3 15  60   M    M   5 18     19  60
11  77  57  67  19   0   2 0.03  0.0    0 11.1 24 140   M    M   8 18     31 140
12  71  58  65  17   0   0 0.09  0.0    0 11.8 31 200   M    M   8 12     42 210
13  59  38  49   1  16   0 0.00  0.0    0 11.6 20 300   M    M   3        26 310
14  48  30  39  -9  26   0 0.00  0.0    0 10.0 17  20   M    M   0        22  10
15  49  27  38 -10  27   0 0.00  0.0    0  8.4 18 350   M    M   2        25 360
16  59  27  43  -5  22   0 0.00  0.0    0  3.6 13 150   M    M   2        15 140
17  52  33  43  -5  22   0    T  0.0    0  9.1 24 340   M    M   7        31 310
18  47  25  36 -12  29   0 0.00  0.0    0  9.8 22 350   M    M   1        28 350
19  62  25  44  -4  21   0 0.00  0.0    0  5.4 14 200   M    M   0        16 250
20  65  32  49   1  16   0 0.00  0.0    0  6.3 16 260   M    M   2        20 260
21  71  42  57   9   8   0 0.00  0.0    0  2.8 13 130   M    M   4        16 140
22  73  40  57   9   8   0 0.01    M    0  5.1 17 170   M    M   6 18     23 170
================================================================================
SM 1181  688       493   2  1.27     5.3 175.7          M       85
================================================================================
AV 53.7 31.3                               8.0 FASTST   M    M   4    MAX(MPH)
                                 MISC ---->  # 31 200               # 42  210
================================================================================
NOTES:
# LAST OF SEVERAL OCCURRENCES

COLUMN 17 PEAK WIND IN M.P.H.

PRELIMINARY LOCAL CLIMATOLOGICAL DATA (WS FORM: F-6) , PAGE 2

                                          STATION:  NORTH CHARLESTON SC
                                          MONTH:    JANUARY
                                          YEAR:     2018
                                          LATITUDE:   32 54 N
                                          LONGITUDE:  80  2 W

[TEMPERATURE DATA]      [PRECIPITATION DATA]       SYMBOLS USED IN COLUMN 16

AVERAGE MONTHLY: 42.5   TOTAL FOR MONTH:   1.27    1 = FOG OR MIST
DPTR FM NORMAL:  -5.5   DPTR FM NORMAL:   -1.36    2 = FOG REDUCING VISIBILITY
HIGHEST:    77 ON 11    GRTST 24HR  1.14 ON  3- 3      TO 1/4 MILE OR LESS
LOWEST:     14 ON  5                               3 = THUNDER
                        SNOW, ICE PELLETS, HAIL    4 = ICE PELLETS
                        TOTAL MONTH:   5.3 INCHES  5 = HAIL
                        GRTST 24HR   5.3 ON  3- 3  6 = FREEZING RAIN OR DRIZZLE
                        GRTST DEPTH:   5 ON  4     7 = DUSTSTORM OR SANDSTORM:
                                                       VSBY 1/2 MILE OR LESS
                                                   8 = SMOKE OR HAZE
[NO. OF DAYS WITH]      [WEATHER - DAYS WITH]      9 = BLOWING SNOW
                                                   X = TORNADO
MAX 32 OR BELOW:   1    0.01 INCH OR MORE:   4
MAX 90 OR ABOVE:   0    0.10 INCH OR MORE:   1
MIN 32 OR BELOW:  14    0.50 INCH OR MORE:   1
MIN  0 OR BELOW:   0    1.00 INCH OR MORE:   1

[HDD (BASE 65) ]
TOTAL THIS MO.   493    CLEAR  (SCALE 0-3)  12
DPTR FM NORMAL   119    PTCLDY (SCALE 4-7)   9
TOTAL FM JUL 1  1196    CLOUDY (SCALE 8-10)  1
DPTR FM NORMAL    84

[CDD (BASE 65) ]
TOTAL THIS MO.     2
DPTR FM NORMAL     2    [PRESSURE DATA]
TOTAL FM JAN 1     2    HIGHEST SLP M ON M
DPTR FM NORMAL     2    LOWEST  SLP 29.67 ON 12

[REMARKS]
