000
CXUS55 KOHX 241010
CF6CKV
PRELIMINARY LOCAL CLIMATOLOGICAL DATA (WS FORM: F-6)

                                          STATION:   CLARKSVILLE
                                          MONTH:     JULY
                                          YEAR:      2016
                                          LATITUDE:   36 37 N
                                          LONGITUDE:  87 25 W

  TEMPERATURE IN F:       :PCPN:    SNOW:  WIND      :SUNSHINE: SKY     :PK WND
================================================================================
1   2   3   4   5  6A  6B    7    8   9   10  11  12  13   14  15   16   17  18
                                     12Z  AVG MX 2MIN
DY MAX MIN AVG DEP HDD CDD  WTR  SNW DPTH SPD SPD DIR MIN PSBL S-S WX    SPD DR
================================================================================

 1  87  66  77  -1   0  12 0.02    M    M  7.3 15 340   M    M   3        19 290
 2  85  65  75  -3   0  10    T    M    M  5.2 14 360   M    M   2        17 360
 3  90  68  79   1   0  14 0.31    M    M  6.2 18 320   M    M   2 13     23 320
 4  87  71  79   1   0  14 0.56    M    M  9.2 24 300   M    M   5 13     35 300
 5  89  75  82   4   0  17    T    M    M  5.7 13 270   M    M   5 3      19 270
 6  89  70  80   2   0  15 0.52    M    M  8.2 40 320   M    M   4 13     53 320
 7  90  70  80   2   0  15 3.34    M    M  7.1 26 320   M    M   5 13     35 340
 8  92  70  81   3   0  16 0.32    M    M  8.7 30 300   M    M   2 13     49 280
 9  88  68  78   0   0  13 0.00    M    M  4.7 13 320   M    M   2        16 290
10  88  68  78   0   0  13    T    M    M  2.7  8 220   M    M   1 1      14 140
11  83  71  77  -1   0  12 0.00    M    M  5.7 14 190   M    M   4        17 210
12  90  71  81   3   0  16 1.07    M    M  7.3 17 220   M    M   2 13     25 230
13  92  73  83   5   0  18 0.00    M    M  8.0 17 210   M    M   1        20 210
14  88  68  78   0   0  13 0.43  0.0    0  5.9 26 230   M    M   4 13     39 220
15  89  68  79   1   0  14 0.02  0.0    0  3.6 20 340   M    M   4 12     24 340
16  89  71  80   2   0  15    T    M    M  2.8  9 140   M    M   3 3      11 150
17  91  69  80   2   0  15 0.00    M    M  3.4 10 210   M    M   0 18     15 190
18  93  72  83   5   0  18 0.00  0.0    0  3.0 10 300   M    M   2 1      17 300
19  93  73  83   5   0  18 0.27  0.0    0  1.6 24 320   M    M   1 13     32 320
20  90  74  82   4   0  17    T    M    M  1.8 21 350   M    M   0 13     26 350
21  93  71  82   4   0  17    T  0.0    0  1.9  9 280   M    M   1 12     12 280
22  91  74  83   5   0  18    T  0.0    0  3.2 16 290   M    M   0 128    19 300
23  95  73  84   6   0  19 0.14  0.0    0  1.9 15  70   M    M   3 3      18  70
================================================================================
SM 2062 1619         0 349  7.00     0.0 115.1          M       56
================================================================================
AV 89.7 70.4                               5.0 FASTST   M    M   2    MAX(MPH)
                                 MISC ---->  # 40 320               # 53  320
================================================================================
NOTES:
# LAST OF SEVERAL OCCURRENCES

COLUMN 17 PEAK WIND IN M.P.H.

PRELIMINARY LOCAL CLIMATOLOGICAL DATA (WS FORM: F-6) , PAGE 2

                                          STATION:  CLARKSVILLE
                                          MONTH:    JULY
                                          YEAR:     2016
                                          LATITUDE:   36 37 N
                                          LONGITUDE:  87 25 W

[TEMPERATURE DATA]      [PRECIPITATION DATA]       SYMBOLS USED IN COLUMN 16

AVERAGE MONTHLY: 80.0   TOTAL FOR MONTH:   7.00    1 = FOG OR MIST
DPTR FM NORMAL:   2.0   DPTR FM NORMAL:    4.08    2 = FOG REDUCING VISIBILITY
HIGHEST:    95 ON 23    GRTST 24HR  3.86 ON  6- 7      TO 1/4 MILE OR LESS
LOWEST:     65 ON  2                               3 = THUNDER
                        SNOW, ICE PELLETS, HAIL    4 = ICE PELLETS
                        TOTAL MONTH:   0.0 INCH    5 = HAIL
                        GRTST 24HR     0.0         6 = FREEZING RAIN OR DRIZZLE
                        GRTST DEPTH:   0           7 = DUSTSTORM OR SANDSTORM:
                                                       VSBY 1/2 MILE OR LESS
                                                   8 = SMOKE OR HAZE
[NO. OF DAYS WITH]      [WEATHER - DAYS WITH]      9 = BLOWING SNOW
                                                   X = TORNADO
MAX 32 OR BELOW:   0    0.01 INCH OR MORE:  11
MAX 90 OR ABOVE:  12    0.10 INCH OR MORE:   9
MIN 32 OR BELOW:   0    0.50 INCH OR MORE:   4
MIN  0 OR BELOW:   0    1.00 INCH OR MORE:   2

[HDD (BASE 65) ]
TOTAL THIS MO.     0    CLEAR  (SCALE 0-3)  16
DPTR FM NORMAL     0    PTCLDY (SCALE 4-7)   7
TOTAL FM JUL 1     0    CLOUDY (SCALE 8-10)  0
DPTR FM NORMAL     0

[CDD (BASE 65) ]
TOTAL THIS MO.   349
DPTR FM NORMAL    50    [PRESSURE DATA]
TOTAL FM JAN 1   862    HIGHEST SLP M ON M
DPTR FM NORMAL   128    LOWEST  SLP 29.91 ON  7

[REMARKS]
