000
CXUS54 KHGX 271443
CF6CLL
PRELIMINARY LOCAL CLIMATOLOGICAL DATA (WS FORM: F-6)

                                          STATION:   COLLEGE STATION
                                          MONTH:     NOVEMBER
                                          YEAR:      2014
                                          LATITUDE:   30 34 N
                                          LONGITUDE:  96 22 W

  TEMPERATURE IN F:       :PCPN:    SNOW:  WIND      :SUNSHINE: SKY     :PK WND
================================================================================
1   2   3   4   5  6A  6B    7    8   9   10  11  12  13   14  15   16   17  18
                                     12Z  AVG MX 2MIN
DY MAX MIN AVG DEP HDD CDD  WTR  SNW DPTH SPD SPD DIR MIN PSBL S-S WX    SPD DR
================================================================================

 1  66  45  56 -10   9   0 0.00  0.0    0  7.8 16  60   M    M   0        21  60
 2  72  43  58  -8   7   0 0.00    M    0  9.8 18 140   M    M   0        23 140
 3  80  55  68   3   0   3 0.00  0.0    0 11.9 23 170   M    M   5        30 160
 4  81  60  71   6   0   6 1.45  0.0    0 10.7 24  10   M    M   6 1      31  10
 5  60  57  59  -6   6   0 1.34  0.0    0 10.6 18  10   M    M  10 1      24  40
 6  66  54  60  -4   5   0 0.22  0.0    0  9.0 15  10   M    M   5 18     19  50
 7  66  49  58  -6   7   0 0.00  0.0    0  5.6 16  20   M    M   0        19  30
 8  72  49  61  -3   4   0    T    M    0  5.3 22 350   M    M   3 8      28 340
 9  69  42  56  -7   9   0 0.00  0.0    0  4.5 12 320   M    M   0 18     14 320
10  78  48  63   0   2   0 0.00  0.0    0 10.2 22 190   M    M   0        28 200
11  67  42  55  -7  10   0    T    M    0 12.0 25 320   M    M   5        32 330
12  51  37  44 -18  21   0 0.00  0.0    0 16.1 24 350   M    M   2        30 350
13  47  31  39 -23  26   0 0.00  0.0    0 14.9 25 360   M    M   7        31 350
14  49  29  39 -22  26   0 0.00  0.0    0  6.3 12  20   M    M   5        15  20
15  50  42  46 -15  19   0 0.16  0.0    0  7.0 14 120   M    M  10 1      18 140
16  49  36  43 -17  22   0    T    M    0 10.3 24 340   M    M  10 1      32 340
17  51  29  40 -20  25   0 0.00  0.0    0 12.9 26 330   M    M   2        34 330
18  53  30  42 -18  23   0 0.00  0.0    0  3.8 10 160   M    M   0        13 140
19  67  34  51  -8  14   0 0.00  0.0    0  7.7 21 210   M    M   1        30 210
20  74  44  59   0   6   0 0.15    M    0  8.0 21 170   M    M   6 1      26 180
21  68  60  64   5   1   0 0.05  0.0    0  9.7 16 130   M    M   9 1      22 110
22  66  59  63   5   2   0 2.52  0.0    0  9.1 18 120   M    M  10 13     25 110
23  79  57  68  10   0   3    T  0.0    0 11.1 24 340   M    M   3        31 340
24  65  44  55  -3  10   0 0.00  0.0    0  8.4 20 350   M    M   0        26 340
25  65  40  53  -4  12   0 0.00  0.0    0  3.5 13 290   M    M   0 8      18 330
26  73  42  58   1   7   0 0.00  0.0    0  8.7 23 250   M    M   0        29 230
================================================================================
SM 1684 1158       273  12  5.89     0.0 234.9          M       99
================================================================================
AV 64.8 44.5                               9.0 FASTST   M    M   4    MAX(MPH)
                                 MISC ---->  # 26 330               # 34  330
================================================================================
NOTES:
# LAST OF SEVERAL OCCURRENCES

COLUMN 17 PEAK WIND IN M.P.H.

PRELIMINARY LOCAL CLIMATOLOGICAL DATA (WS FORM: F-6) , PAGE 2

                                          STATION:  COLLEGE STATION
                                          MONTH:    NOVEMBER
                                          YEAR:     2014
                                          LATITUDE:   30 34 N
                                          LONGITUDE:  96 22 W

[TEMPERATURE DATA]      [PRECIPITATION DATA]       SYMBOLS USED IN COLUMN 16

AVERAGE MONTHLY: 54.7   TOTAL FOR MONTH:   5.89    1 = FOG OR MIST
DPTR FM NORMAL:  -6.8   DPTR FM NORMAL:    3.10    2 = FOG REDUCING VISIBILITY
HIGHEST:    81 ON  4    GRTST 24HR  2.52 ON 22-22      TO 1/4 MILE OR LESS
LOWEST:     29 ON 17,14                            3 = THUNDER
                        SNOW, ICE PELLETS, HAIL    4 = ICE PELLETS
                        TOTAL MONTH:   0.0 INCH    5 = HAIL
                        GRTST 24HR     0.0         6 = FREEZING RAIN OR DRIZZLE
                        GRTST DEPTH:   0           7 = DUSTSTORM OR SANDSTORM:
                                                       VSBY 1/2 MILE OR LESS
                                                   8 = SMOKE OR HAZE
[NO. OF DAYS WITH]      [WEATHER - DAYS WITH]      9 = BLOWING SNOW
                                                   X = TORNADO
MAX 32 OR BELOW:   0    0.01 INCH OR MORE:   7
MAX 90 OR ABOVE:   0    0.10 INCH OR MORE:   6
MIN 32 OR BELOW:   4    0.50 INCH OR MORE:   3
MIN  0 OR BELOW:   0    1.00 INCH OR MORE:   3

[HDD (BASE 65) ]
TOTAL THIS MO.   273    CLEAR  (SCALE 0-3)  13
DPTR FM NORMAL   125    PTCLDY (SCALE 4-7)   8
TOTAL FM JUL 1   276    CLOUDY (SCALE 8-10)  5
DPTR FM NORMAL    91

[CDD (BASE 65) ]
TOTAL THIS MO.    12
DPTR FM NORMAL   -44    [PRESSURE DATA]
TOTAL FM JAN 1  2925    HIGHEST SLP M ON M
DPTR FM NORMAL  -143    LOWEST  SLP 29.52 ON 23

[REMARKS]
