925
CXUS54 KHGX 291415
CF6CLL
PRELIMINARY LOCAL CLIMATOLOGICAL DATA (WS FORM: F-6)

                                          STATION:   COLLEGE STATION
                                          MONTH:     APRIL
                                          YEAR:      2017
                                          LATITUDE:   30 34 N
                                          LONGITUDE:  96 22 W

  TEMPERATURE IN F:       :PCPN:    SNOW:  WIND      :SUNSHINE: SKY     :PK WND
================================================================================
1   2   3   4   5  6A  6B    7    8   9   10  11  12  13   14  15   16   17  18
                                     12Z  AVG MX 2MIN
DY MAX MIN AVG DEP HDD CDD  WTR  SNW DPTH SPD SPD DIR MIN PSBL S-S WX    SPD DR
================================================================================

 1  79  59  69   4   0   4 0.00  0.0    0 10.6 22 150   M    M   5        27 130
 2  75  60  68   3   0   3 0.56  0.0    0  8.1 25 250   M    M   6 13     43 260
 3  83  52  68   2   0   3 0.00  0.0    0  7.6 16 230   M    M   0        45 260
 4  87  60  74   8   0   9 0.00  0.0    0  7.6 23 160   M    M   1 1     115  90
 5  72  50  61  -5   4   0    T  0.0    0 12.3 25 310   M    M   1 1      33 300
 6  77  47  62  -4   3   0 0.00  0.0    0  2.0 12 330   M    M   0        15 320
 7  80  50  65  -1   0   0 0.00  0.0    0  5.1 18  70   M    M   0        32  90
 8  82  54  68   1   0   3 0.00  0.0    0 12.8 25 170   M    M   2        30 170
 9  85  62  74   7   0   9 0.00  0.0    0 15.0 25 160   M    M   5        32 160
10  82  71  77  10   0  12    T  0.0    0 10.7 23 150   M    M  10 1      29 150
11  73  59  66  -1   0   1 1.62  0.0    0  7.2 22 330   M    M   8 13     27 330
12  80  57  69   1   0   4 0.00  0.0    0  6.5 15 110   M    M   5 12     19 140
13  82  63  73   5   0   8 0.00  0.0    0  8.1 20 120   M    M   5 128    27 150
14  82  60  71   3   0   6 0.00  0.0    0  7.3 16 130   M    M   3 1      26 160
15  83  62  73   5   0   8 0.00  0.0    0  8.6 17 170   M    M   4 12     22 160
16  85  68  77   8   0  12 0.00  0.0    0  8.9 20  80   M    M   6        27  40
17  83  65  74   5   0   9 0.49  0.0    0  7.2 24 230   M    M   7 138    32 220
18  77  65  71   2   0   6 0.06  0.0    0  8.0 20 140   M    M   8 1      23 140
19  84  66  75   6   0  10    T  0.0    0  8.5 18 150   M    M   6 1      23 160
20  86  68  77   7   0  12 0.00  0.0    0  9.5 16 170   M    M   4 1      22 170
21  86  68  77   7   0  12 0.00  0.0    0 11.9 20 160   M    M   5        25 190
22  72  55  64  -6   1   0 0.01  0.0    0 11.5 22 340   M    M   9 1      29 350
23  74  50  62  -8   3   0 0.00  0.0    0 10.1 22 340   M    M   1        29 320
24  79  48  64  -7   1   0 0.00  0.0    0  6.5 16 170   M    M   0        21 150
25  86  62  74   3   0   9 0.00  0.0    0 15.9 25 170   M    M   6        32 160
26  92  58  75   4   0  10    T  0.0    0 15.5 25 310   M    M   5 18     34 280
27  81  51  66  -5   0   1 0.00  0.0    0  9.8 23 170   M    M   0        27 160
28  93  70  82  10   0  17 0.00  0.0    0 16.8 28 150   M    M   5 18     36 160
================================================================================
SM 2280 1660        12 168  2.74     0.0 269.6          M      117
================================================================================
AV 81.4 59.3                               9.6 FASTST   M    M   4    MAX(MPH)
                                 MISC ---->  # 28 150               #115   90
================================================================================
NOTES:
# LAST OF SEVERAL OCCURRENCES

COLUMN 17 PEAK WIND IN M.P.H.

PRELIMINARY LOCAL CLIMATOLOGICAL DATA (WS FORM: F-6) , PAGE 2

                                          STATION:  COLLEGE STATION
                                          MONTH:    APRIL
                                          YEAR:     2017
                                          LATITUDE:   30 34 N
                                          LONGITUDE:  96 22 W

[TEMPERATURE DATA]      [PRECIPITATION DATA]       SYMBOLS USED IN COLUMN 16

AVERAGE MONTHLY: 70.4   TOTAL FOR MONTH:   2.74    1 = FOG OR MIST
DPTR FM NORMAL:   2.1   DPTR FM NORMAL:    0.32    2 = FOG REDUCING VISIBILITY
HIGHEST:    93 ON 28    GRTST 24HR  1.62 ON 11-11      TO 1/4 MILE OR LESS
LOWEST:     47 ON  6                               3 = THUNDER
                        SNOW, ICE PELLETS, HAIL    4 = ICE PELLETS
                        TOTAL MONTH:   0.0 INCH    5 = HAIL
                        GRTST 24HR     0.0         6 = FREEZING RAIN OR DRIZZLE
                        GRTST DEPTH:   0           7 = DUSTSTORM OR SANDSTORM:
                                                       VSBY 1/2 MILE OR LESS
                                                   8 = SMOKE OR HAZE
[NO. OF DAYS WITH]      [WEATHER - DAYS WITH]      9 = BLOWING SNOW
                                                   X = TORNADO
MAX 32 OR BELOW:   0    0.01 INCH OR MORE:   5
MAX 90 OR ABOVE:   2    0.10 INCH OR MORE:   3
MIN 32 OR BELOW:   0    0.50 INCH OR MORE:   2
MIN  0 OR BELOW:   0    1.00 INCH OR MORE:   1

[HDD (BASE 65) ]
TOTAL THIS MO.    12    CLEAR  (SCALE 0-3)   9
DPTR FM NORMAL   -34    PTCLDY (SCALE 4-7)  16
TOTAL FM JUL 1   847    CLOUDY (SCALE 8-10)  3
DPTR FM NORMAL  -758

[CDD (BASE 65) ]
TOTAL THIS MO.   168
DPTR FM NORMAL    31    [PRESSURE DATA]
TOTAL FM JAN 1   440    HIGHEST SLP M ON M
DPTR FM NORMAL   216    LOWEST  SLP 29.50 ON 26

[REMARKS]
