000
CXUS55 KLOX 311655
CF6CMA
PRELIMINARY LOCAL CLIMATOLOGICAL DATA (WS FORM: F-6)

                                          STATION:   CAMARILLO AIRPORT CA
                                          MONTH:     JULY
                                          YEAR:      2015
                                          LATITUDE:   34 12 N
                                          LONGITUDE: 119  6 W

  TEMPERATURE IN F:       :PCPN:    SNOW:  WIND      :SUNSHINE: SKY     :PK WND
================================================================================
1   2   3   4   5  6A  6B    7    8   9   10  11  12  13   14  15   16   17  18
                                     12Z  AVG MX 2MIN
DY MAX MIN AVG DEP HDD CDD  WTR  SNW DPTH SPD SPD DIR MIN PSBL S-S WX    SPD DR
================================================================================

 1  81  63  72   6   0   7 0.00  0.0    0  4.3 12 230   M    M   0 18     13 220
 2  81  63  72   6   0   7 0.00  0.0    0  5.9 15 240   M    M   0        18 220
 3  74  61  68   2   0   3 0.00  0.0    0  5.3 15 260   M    M   5 128    20 260
 4  74  62  68   2   0   3 0.00  0.0    0  5.5 15 280   M    M   8        21 240
 5  74  62  68   2   0   3 0.00  0.0    0  6.7 16 270   M    M   9 18     21 280
 6  73  61  67   1   0   2 0.00  0.0    0  5.2 14 240   M    M   6 1      18 260
 7  74  59  67   0   0   2 0.00  0.0    0  5.3 16 240   M    M   5 1      24 220
 8  74  61  68   1   0   3 0.00  0.0    0  6.9 17 270   M    M   7        20 270
 9  77  61  69   2   0   4 0.00  0.0    0  6.9 17 230   M    M   6        23 260
10  76  59  68   1   0   3 0.00  0.0    0  6.3 16 210   M    M   2        20 190
11  78  59  69   2   0   4 0.00  0.0    0  5.3 16 230   M    M   1        26 240
12  79  58  69   2   0   4 0.00  0.0    0  5.6 15 260   M    M   1        20 270
13  80  59  70   3   0   5 0.00  0.0    0  5.8 16 250   M    M   0 8      23 260
14  76  61  69   2   0   4 0.00  0.0    0  5.2 15 240   M    M   2 18     22 270
15  76  61  69   2   0   4 0.00  0.0    0  5.8 14 270   M    M   2 1      22 230
16  76  61  69   2   0   4 0.00  0.0    0  5.8 14 260   M    M   3        21 220
17  76  60  68   1   0   3 0.00  0.0    0  5.0 13 230   M    M   4 18     18 250
18  81  58  70   3   0   5 0.41  0.0    0  6.3 21  70   M    M   6 13     26  60
19  86  68  77  10   0  12 0.12  0.0    0  6.1 15  40   M    M   3        28 200
20  85  69  77  10   0  12 0.00  0.0    0  6.1 17 260   M    M   6 1      21 200
21  79  68  74   7   0   9 0.00  0.0    0  5.9 14 260   M    M   9 12     18 270
22  79  67  73   6   0   8 0.00  0.0    0  4.5 13 230   M    M   8 18     16 230
23  79  67  73   6   0   8 0.00  0.0    0  4.8 15 270   M    M   5        20 270
24  81  63  72   5   0   7 0.00  0.0    0  4.6 15 230   M    M   0 18     19 230
25  84  63  74   7   0   9 0.00  0.0    0  6.3 15 260   M    M   0        20 240
26  79  64  72   5   0   7 0.00  0.0    0  6.4 16 270   M    M   3        23 250
27  79  62  71   4   0   6 0.00  0.0    0  4.8 15 240   M    M   1         M  M
28  79  61  70   3   0   5 0.00  0.0    0  5.1 14 210   M    M   4 8      19 210
29  78  65  72   5   0   7 0.00  0.0    0  4.9 14 210   M    M   6 18      M  M
30  82  66  74   7   0   9 0.00  0.0    0  4.9 14 270   M    M   2 18     20 270
================================================================================
SM 2350 1872         0 169  0.53     0.0 167.4          M      114
================================================================================
AV 78.3 62.4                               5.6 FASTST   M    M   4    MAX(MPH)
                                 MISC ---->  # 21  70               # 28  200
================================================================================
NOTES:
# LAST OF SEVERAL OCCURRENCES

COLUMN 17 PEAK WIND IN M.P.H.

PRELIMINARY LOCAL CLIMATOLOGICAL DATA (WS FORM: F-6) , PAGE 2

                                          STATION:  CAMARILLO AIRPORT CA
                                          MONTH:    JULY
                                          YEAR:     2015
                                          LATITUDE:   34 12 N
                                          LONGITUDE: 119  6 W

[TEMPERATURE DATA]      [PRECIPITATION DATA]       SYMBOLS USED IN COLUMN 16

AVERAGE MONTHLY: 70.4   TOTAL FOR MONTH:   0.53    1 = FOG OR MIST
DPTR FM NORMAL:   3.6   DPTR FM NORMAL:    0.51    2 = FOG REDUCING VISIBILITY
HIGHEST:    86 ON 19    GRTST 24HR  0.41 ON 18-18      TO 1/4 MILE OR LESS
LOWEST:     58 ON 18,12                            3 = THUNDER
                        SNOW, ICE PELLETS, HAIL    4 = ICE PELLETS
                        TOTAL MONTH:   0.0 INCH    5 = HAIL
                        GRTST 24HR     0.0         6 = FREEZING RAIN OR DRIZZLE
                        GRTST DEPTH:   0           7 = DUSTSTORM OR SANDSTORM:
                                                       VSBY 1/2 MILE OR LESS
                                                   8 = SMOKE OR HAZE
[NO. OF DAYS WITH]      [WEATHER - DAYS WITH]      9 = BLOWING SNOW
                                                   X = TORNADO
MAX 32 OR BELOW:   0    0.01 INCH OR MORE:   2
MAX 90 OR ABOVE:   0    0.10 INCH OR MORE:   2
MIN 32 OR BELOW:   0    0.50 INCH OR MORE:   0
MIN  0 OR BELOW:   0    1.00 INCH OR MORE:   0

[HDD (BASE 65) ]
TOTAL THIS MO.     0    CLEAR  (SCALE 0-3)  14
DPTR FM NORMAL    -1    PTCLDY (SCALE 4-7)  13
TOTAL FM JUL 1     0    CLOUDY (SCALE 8-10)  3
DPTR FM NORMAL    -1

[CDD (BASE 65) ]
TOTAL THIS MO.   169
DPTR FM NORMAL    96    [PRESSURE DATA]
TOTAL FM JAN 1   338    HIGHEST SLP M ON M
DPTR FM NORMAL   211    LOWEST  SLP 29.74 ON 17

[REMARKS]
