000
CXUS51 KILN 230629
CF6CMH
PRELIMINARY LOCAL CLIMATOLOGICAL DATA (WS FORM: F-6)

                                          STATION:   COLUMBUS OH
                                          MONTH:     JANUARY
                                          YEAR:      2018
                                          LATITUDE:   40  0 N
                                          LONGITUDE:  82 53 W

  TEMPERATURE IN F:       :PCPN:    SNOW:  WIND      :SUNSHINE: SKY     :PK WND
================================================================================
1   2   3   4   5  6A  6B    7    8   9   10  11  12  13   14  15   16   17  18
                                     12Z  AVG MX 2MIN
DY MAX MIN AVG DEP HDD CDD  WTR  SNW DPTH SPD SPD DIR MIN PSBL S-S WX    SPD DR
================================================================================

 1  11  -2   5 -25  60   0    T    T    2  8.2 16 280   M    M   5 18     19 270
 2  10  -4   3 -27  62   0    T    T    2  6.1 14 220   M    M   4        17 220
 3  22  -3  10 -20  55   0    T    T    1  6.8 17 270   M    M   5        20 270
 4  17  11  14 -16  51   0 0.02  0.7    1 12.7 26 310   M    M   9 128    32 310
 5  13   3   8 -22  57   0    T    T    2  9.6 17 320   M    M   7 8      22 310
 6  17   0   9 -21  56   0    T    T    2  3.9 15 300   M    M   5 1      19 320
 7  32  -2  15 -15  50   0    T  0.0    1  6.3 14 150   M    M   6 6      18 160
 8  36  32  34   4  31   0 0.20  0.7    1 10.4 18 220   M    M  10 146    25 210
 9  38  29  34   5  31   0 0.00  0.0    1  4.2 12 230   M    M   9 18     15 260
10  57  29  43  14  22   0    T    T    T  8.1 14 150   M    M   9 1      17 140
11  60  52  56  27   9   0 0.24  0.0    0  9.5 21 170   M    M  10 1      26 170
12  59  20  40  11  25   0 0.66  3.5    0 16.6 32 350   M    M  10 1469   40 350
13  20  10  15 -14  50   0 0.06  1.1    4 14.7 31 340   M    M   9 19     39 340
14  18   1  10 -19  55   0    T    T    2  3.0 12 100   M    M   3        15  90
15  28  13  21  -8  44   0 0.26  3.2    3  7.0 15 150   M    M  10 12     19 160
16  27   6  17 -12  48   0 0.03  0.7    5  9.1 24 280   M    M   9 18     28 290
17  14   7  11 -18  54   0    T  0.1    5  6.0 12 230   M    M   7 18     14 230
18  28   7  18 -11  47   0 0.00  0.0    4 11.0 18 210   M    M   2 18     25 220
19  38  17  28  -1  37   0 0.00  0.0    3  9.3 18 200   M    M   3        24 210
20  44  29  37   8  28   0    T  0.0    3  8.1 18 230   M    M   7        22 240
21  50  31  41  12  24   0 0.05  0.0    0  4.0  9 200   M    M   7 18     13 190
22  60  47  54  25  11   0 0.33  0.0    0 10.0 32 230   M    M  10 13     45 220
================================================================================
SM  699  333       907   0  1.85    10.0 184.6          M      156
================================================================================
AV 31.8 15.1                               8.4 FASTST   M    M   7    MAX(MPH)
                                 MISC ---->  # 32 350               # 45  220
================================================================================
NOTES:
# LAST OF SEVERAL OCCURRENCES

COLUMN 17 PEAK WIND IN M.P.H.

PRELIMINARY LOCAL CLIMATOLOGICAL DATA (WS FORM: F-6) , PAGE 2

                                          STATION:  COLUMBUS OH
                                          MONTH:    JANUARY
                                          YEAR:     2018
                                          LATITUDE:   40  0 N
                                          LONGITUDE:  82 53 W

[TEMPERATURE DATA]      [PRECIPITATION DATA]       SYMBOLS USED IN COLUMN 16

AVERAGE MONTHLY: 23.5   TOTAL FOR MONTH:   1.85    1 = FOG OR MIST
DPTR FM NORMAL:  -5.9   DPTR FM NORMAL:   -0.13    2 = FOG REDUCING VISIBILITY
HIGHEST:    60 ON 22,11 GRTST 24HR  0.66 ON 12-12      TO 1/4 MILE OR LESS
LOWEST:     -4 ON  2                               3 = THUNDER
                        SNOW, ICE PELLETS, HAIL    4 = ICE PELLETS
                        TOTAL MONTH:  10.0 INCHES  5 = HAIL
                        GRTST 24HR   3.5 ON 12-12  6 = FREEZING RAIN OR DRIZZLE
                        GRTST DEPTH:   5 ON 17,16  7 = DUSTSTORM OR SANDSTORM:
                                                       VSBY 1/2 MILE OR LESS
                                                   8 = SMOKE OR HAZE
[NO. OF DAYS WITH]      [WEATHER - DAYS WITH]      9 = BLOWING SNOW
                                                   X = TORNADO
MAX 32 OR BELOW:  13    0.01 INCH OR MORE:   9
MAX 90 OR ABOVE:   0    0.10 INCH OR MORE:   5
MIN 32 OR BELOW:  20    0.50 INCH OR MORE:   1
MIN  0 OR BELOW:   5    1.00 INCH OR MORE:   0

[HDD (BASE 65) ]
TOTAL THIS MO.   907    CLEAR  (SCALE 0-3)   3
DPTR FM NORMAL   122    PTCLDY (SCALE 4-7)   9
TOTAL FM JUL 1  2868    CLOUDY (SCALE 8-10) 10
DPTR FM NORMAL    92

[CDD (BASE 65) ]
TOTAL THIS MO.     0
DPTR FM NORMAL     0    [PRESSURE DATA]
TOTAL FM JAN 1     0    HIGHEST SLP 30.75 ON 14
DPTR FM NORMAL     0    LOWEST  SLP 29.55 ON 22

[REMARKS]
