000
CXUS51 KILN 260547
CF6CMH
PRELIMINARY LOCAL CLIMATOLOGICAL DATA (WS FORM: F-6)

                                          STATION:   COLUMBUS OH
                                          MONTH:     JULY
                                          YEAR:      2016
                                          LATITUDE:   40  0 N
                                          LONGITUDE:  82 53 W

  TEMPERATURE IN F:       :PCPN:    SNOW:  WIND      :SUNSHINE: SKY     :PK WND
================================================================================
1   2   3   4   5  6A  6B    7    8   9   10  11  12  13   14  15   16   17  18
                                     12Z  AVG MX 2MIN
DY MAX MIN AVG DEP HDD CDD  WTR  SNW DPTH SPD SPD DIR MIN PSBL S-S WX    SPD DR
================================================================================

 1  81  64  73  -2   0   8 0.14  0.0    0  7.8 20 300   M    M   6 138    24 310
 2  74  56  65 -10   0   0 0.00  0.0    0  4.9 15  90   M    M   7        19  20
 3  73  62  68  -7   0   3    T  0.0    0  4.6 14 220   M    M  10        18 210
 4  72  62  67  -8   0   2 0.11  0.0    0  4.9 10  90   M    M  10 1      14  80
 5  84  69  77   2   0  12 0.31  0.0    0  6.6 14 290   M    M   8 1      18 290
 6  87  64  76   1   0  11    T  0.0    0  6.0 22 240   M    M   5        27 250
 7  86  69  78   3   0  13 0.00  0.0    0  6.9 15 250   M    M   7 1      19 240
 8  85  73  79   4   0  14    T  0.0    0  9.4 22 270   M    M   8        26 270
 9  82  65  74  -1   0   9    T  0.0    0 10.5 23 300   M    M   4        26 300
10  86  61  74  -1   0   9 0.00  0.0    0  2.4  9 350   M    M   6        11  10
11  88  64  76   1   0  11 0.00  0.0    0  3.9 12 210   M    M   4        16 260
12  88  66  77   2   0  12    T  0.0    0  7.0 18 150   M    M   4        23 150
13  92  69  81   6   0  16 0.18  0.0    0 10.0 29 300   M    M   6 13     37 270
14  87  68  78   3   0  13 0.15  0.0    0  8.8 20 240   M    M   7 1      23 290
15  87  69  78   3   0  13    T  0.0    0  8.3 21 280   M    M   7 1      25 260
16  82  67  75   0   0  10 0.00  0.0    0  5.2 15 290   M    M   6        21 300
17  87  61  74  -1   0   9 0.00  0.0    0  6.2 18 210   M    M   5        23 190
18  88  69  79   4   0  14 0.37  0.0    0  8.2 24 350   M    M   6 13     33 350
19  89  68  79   4   0  14 0.00  0.0    0  5.1 15 330   M    M   2        19 350
20  89  66  78   3   0  13 0.00  0.0    0  3.9  9 130   M    M   3        14 120
21  91  66  79   4   0  14 0.00  0.0    0  6.2 16 220   M    M   4        20 180
22  86  71  79   4   0  14 1.07  0.0    0  5.8 26 360   M    M   6 138    32 350
23  90  70  80   5   0  15 0.00  0.0    0  4.0 13 250   M    M   4 1      19 260
24  94  74  84   9   0  19 0.00  0.0    0  5.2 24 360   M    M   8 1      28 360
25  92  76  84   9   0  19 0.00  0.0    0  6.7 17 360   M    M   7 18     22 320
================================================================================
SM 2140 1669         0 287  2.33     0.0 158.5          M      150
================================================================================
AV 85.6 66.8                               6.3 FASTST   M    M   6    MAX(MPH)
                                 MISC ---->  # 29 300               # 37  270
================================================================================
NOTES:
# LAST OF SEVERAL OCCURRENCES

COLUMN 17 PEAK WIND IN M.P.H.

PRELIMINARY LOCAL CLIMATOLOGICAL DATA (WS FORM: F-6) , PAGE 2

                                          STATION:  COLUMBUS OH
                                          MONTH:    JULY
                                          YEAR:     2016
                                          LATITUDE:   40  0 N
                                          LONGITUDE:  82 53 W

[TEMPERATURE DATA]      [PRECIPITATION DATA]       SYMBOLS USED IN COLUMN 16

AVERAGE MONTHLY: 76.2   TOTAL FOR MONTH:   2.33    1 = FOG OR MIST
DPTR FM NORMAL:   1.2   DPTR FM NORMAL:   -1.61    2 = FOG REDUCING VISIBILITY
HIGHEST:    94 ON 24    GRTST 24HR  1.07 ON 22-22      TO 1/4 MILE OR LESS
LOWEST:     56 ON  2                               3 = THUNDER
                        SNOW, ICE PELLETS, HAIL    4 = ICE PELLETS
                        TOTAL MONTH:   0.0 INCH    5 = HAIL
                        GRTST 24HR     0.0         6 = FREEZING RAIN OR DRIZZLE
                        GRTST DEPTH:   0           7 = DUSTSTORM OR SANDSTORM:
                                                       VSBY 1/2 MILE OR LESS
                                                   8 = SMOKE OR HAZE
[NO. OF DAYS WITH]      [WEATHER - DAYS WITH]      9 = BLOWING SNOW
                                                   X = TORNADO
MAX 32 OR BELOW:   0    0.01 INCH OR MORE:   7
MAX 90 OR ABOVE:   5    0.10 INCH OR MORE:   7
MIN 32 OR BELOW:   0    0.50 INCH OR MORE:   1
MIN  0 OR BELOW:   0    1.00 INCH OR MORE:   1

[HDD (BASE 65) ]
TOTAL THIS MO.     0    CLEAR  (SCALE 0-3)   1
DPTR FM NORMAL     0    PTCLDY (SCALE 4-7)  21
TOTAL FM JUL 1     0    CLOUDY (SCALE 8-10)  3
DPTR FM NORMAL     0

[CDD (BASE 65) ]
TOTAL THIS MO.   287
DPTR FM NORMAL    37    [PRESSURE DATA]
TOTAL FM JAN 1   611    HIGHEST SLP 30.26 ON 20
DPTR FM NORMAL    63    LOWEST  SLP 29.78 ON  8

[REMARKS]
