000
CXUS53 KILX 200900
CF6CMI
PRELIMINARY LOCAL CLIMATOLOGICAL DATA (WS FORM: F-6)

                                          STATION:   CHAMPAIGN IL AIRPORT
                                          MONTH:     FEBRUARY
                                          YEAR:      2018
                                          LATITUDE:   40  1 N
                                          LONGITUDE:  88 17 W

  TEMPERATURE IN F:       :PCPN:    SNOW:  WIND      :SUNSHINE: SKY     :PK WND
================================================================================
1   2   3   4   5  6A  6B    7    8   9   10  11  12  13   14  15   16   17  18
                                     12Z  AVG MX 2MIN
DY MAX MIN AVG DEP HDD CDD  WTR  SNW DPTH SPD SPD DIR MIN PSBL S-S WX    SPD DR
================================================================================

 1  34  11  23  -3  42   0 0.00    M    M 16.3 29 300   M    M   2        33 300
 2  22   4  13 -13  52   0 0.00    M    M 10.0 18 320   M    M   2        22 320
 3  40  22  31   5  34   0 0.00    M    M 19.8 31 190   M    M  10        38 200
 4  37   3  20  -7  45   0 0.03    M    M 16.3 30 320   M    M   8 129    35 330
 5  20 -10   5 -22  60   0 0.09    M    M  5.7 13 120   M    M   4 1      15 130
 6  16  -2   7 -20  58   0 0.00    M    M  6.9 14  20   M    M   3 1      17  10
 7  21   6  14 -13  51   0    T    M    M 10.3 17 290   M    M   5 1      19 290
 8  32   2  17 -10  48   0 0.00    M    M  8.0 17 150   M    M   7 1      22 140
 9  47  28  38  10  27   0 0.00    M    M 14.5 23 190   M    M   6 18     27 190
10  28  21  25  -3  40   0 0.01    M    M 13.9 22  20   M    M  10 16     26  30
11  25  13  19  -9  46   0 0.04    M    M 12.8 21 310   M    M   7 16     24 310
12  32   9  21  -7  44   0 0.00    M    M  9.0 16  30   M    M   0        19  20
13  41  18  30   1  35   0 0.00    M    M 10.3 16  90   M    M   3 1      19 100
14  51  30  41  12  24   0 0.00    M    M 10.5 18 210   M    M   8 1      24 210
15  62  41  52  23  13   0 0.14    M    M 11.1 22 200   M    M   9 123    27 200
16  41  22  32   2  33   0 0.00    M    M 11.8 23 340   M    M   5 1      29 330
17  35  22  29  -1  36   0 0.04    M    M 10.6 25 280   M    M   5 1      32 290
18  46  21  34   4  31   0 0.00    M    M 13.3 21 170   M    M   1 1      28 160
19  62  43  53  22  12   0 1.71    M    M 20.3 35 200   M    M  10 13     41 200
================================================================================
SM  692  304       731   0  2.06    M    231.4          M      105
================================================================================
AV 36.4 16.0                              12.2 FASTST   M    M   6    MAX(MPH)
                                 MISC ---->  # 35 200               # 41  200
================================================================================
NOTES:
# LAST OF SEVERAL OCCURRENCES

COLUMN 17 PEAK WIND IN M.P.H.

PRELIMINARY LOCAL CLIMATOLOGICAL DATA (WS FORM: F-6) , PAGE 2

                                          STATION:  CHAMPAIGN IL AIRPORT
                                          MONTH:    FEBRUARY
                                          YEAR:     2018
                                          LATITUDE:   40  1 N
                                          LONGITUDE:  88 17 W

[TEMPERATURE DATA]      [PRECIPITATION DATA]       SYMBOLS USED IN COLUMN 16

AVERAGE MONTHLY: 26.2   TOTAL FOR MONTH:   2.06    1 = FOG OR MIST
DPTR FM NORMAL:  -1.8   DPTR FM NORMAL:    0.68    2 = FOG REDUCING VISIBILITY
HIGHEST:    62 ON 19,15 GRTST 24HR  1.71 ON 19-19      TO 1/4 MILE OR LESS
LOWEST:    -10 ON  5                               3 = THUNDER
                        SNOW, ICE PELLETS, HAIL    4 = ICE PELLETS
                        TOTAL MONTH:    M          5 = HAIL
                        GRTST 24HR    M  ON   M    6 = FREEZING RAIN OR DRIZZLE
                        GRTST DEPTH:  M  ON   M    7 = DUSTSTORM OR SANDSTORM:
                                                       VSBY 1/2 MILE OR LESS
                                                   8 = SMOKE OR HAZE
[NO. OF DAYS WITH]      [WEATHER - DAYS WITH]      9 = BLOWING SNOW
                                                   X = TORNADO
MAX 32 OR BELOW:   8    0.01 INCH OR MORE:   7
MAX 90 OR ABOVE:   0    0.10 INCH OR MORE:   2
MIN 32 OR BELOW:  17    0.50 INCH OR MORE:   1
MIN  0 OR BELOW:   2    1.00 INCH OR MORE:   1

[HDD (BASE 65) ]
TOTAL THIS MO.   731    CLEAR  (SCALE 0-3)   5
DPTR FM NORMAL    29    PTCLDY (SCALE 4-7)  10
TOTAL FM JUL 1  4049    CLOUDY (SCALE 8-10)  4
DPTR FM NORMAL  -163

[CDD (BASE 65) ]
TOTAL THIS MO.     0
DPTR FM NORMAL     0    [PRESSURE DATA]
TOTAL FM JAN 1     0    HIGHEST SLP M ON M
DPTR FM NORMAL     0    LOWEST  SLP 29.68 ON 15

[REMARKS]
