000
CXUS53 KTOP 250800
CF6CNK
PRELIMINARY LOCAL CLIMATOLOGICAL DATA (WS FORM: F-6)

                                          STATION:   Concordia KS
                                          MONTH:     SEPTEMBER
                                          YEAR:      2016
                                          LATITUDE:   39 32 N
                                          LONGITUDE:  97 39 W

  TEMPERATURE IN F:       :PCPN:    SNOW:  WIND      :SUNSHINE: SKY     :PK WND
================================================================================
1   2   3   4   5  6A  6B    7    8   9   10  11  12  13   14  15   16   17  18
                                     12Z  AVG MX 2MIN
DY MAX MIN AVG DEP HDD CDD  WTR  SNW DPTH SPD SPD DIR MIN PSBL S-S WX    SPD DR
================================================================================

 1  80  57  69  -5   0   4 0.00  0.0    0  3.9 13  70   M    M   0        16  70
 2  78  54  66  -8   0   1 0.00  0.0    0  8.1 17 150   M    M   2 12     24 150
 3  82  61  72  -1   0   7 0.00  0.0    0 14.0 22 150   M    M   4        28 160
 4  87  63  75   2   0  10 0.98  0.0    0 18.5 33 180   M    M   1 13     40 190
 5  91  73  82  10   0  17 0.00  0.0    0 18.4 29 190   M    M   0        37 190
 6  91  75  83  11   0  18 0.00  0.0    0 17.2 29 190   M    M   0        37 190
 7  88  69  79   7   0  14    T  0.0    0  9.5 24 200   M    M   3 8      30 240
 8  82  66  74   3   0   9    T  0.0    0  6.3 15  70   M    M   4 18     19  90
 9  85  61  73   2   0   8    T  0.0    0 12.6 24  10   M    M   4        34  20
10  76  50  63  -7   2   0 0.00  0.0    0  9.2 16 310   M    M   0        21 330
11  82  57  70   0   0   5 0.00  0.0    0 16.0 25 200   M    M   0        31 170
12  88  63  76   6   0  11 0.00  0.0    0 14.6 26 180   M    M   3 3      35 180
13  63  55  59 -10   6   0 0.20  0.0    0 10.0 17  20   M    M  10 13     23  10
14  65  55  60  -9   5   0 0.00  0.0    0  3.9 10  30   M    M  10 13     13  30
15  85  64  75   7   0  10    T  0.0    0 12.5 33 310   M    M   5 123    40 310
16  77  61  69   1   0   4 0.54  0.0    0  7.6 28 130   M    M   5 13     35 130
17  83  58  71   3   0   6 0.00  0.0    0  6.2 13 220   M    M   0 18     16 230
18  84  58  71   4   0   6 0.01  0.0    0 10.1 24 180   M    M   1        28 180
19  90  66  78  11   0  13 0.00  0.0    0  7.6 15 220   M    M   0 8      20 200
20  95  62  79  13   0  14 0.00  0.0    0 10.0 22 170   M    M   0 1      29 160
21  91  74  83  17   0  18 0.00  0.0    0 16.8 26 190   M    M   0        34 200
22  94  73  84  19   0  19 0.00  0.0    0 16.8 24 220   M    M   0        34 190
23  90  67  79  14   0  14 0.00  0.0    0 15.6 24 160   M    M   0        36 150
24  78  68  73   9   0   8 0.27  0.0    0  9.4 20 190   M    M   4 13     26 190
================================================================================
SM 2005 1510        13 216  2.00     0.0 274.8          M       56
================================================================================
AV 83.5 62.9                              11.5 FASTST   M    M   2    MAX(MPH)
                                 MISC ---->  # 33 180               # 40  190
================================================================================
NOTES:
# LAST OF SEVERAL OCCURRENCES

COLUMN 17 PEAK WIND IN M.P.H.

PRELIMINARY LOCAL CLIMATOLOGICAL DATA (WS FORM: F-6) , PAGE 2

                                          STATION:  Concordia KS
                                          MONTH:    SEPTEMBER
                                          YEAR:     2016
                                          LATITUDE:   39 32 N
                                          LONGITUDE:  97 39 W

[TEMPERATURE DATA]      [PRECIPITATION DATA]       SYMBOLS USED IN COLUMN 16

AVERAGE MONTHLY: 73.2   TOTAL FOR MONTH:   2.00    1 = FOG OR MIST
DPTR FM NORMAL:   3.9   DPTR FM NORMAL:   -0.36    2 = FOG REDUCING VISIBILITY
HIGHEST:    95 ON 20    GRTST 24HR  0.98 ON  4- 4      TO 1/4 MILE OR LESS
LOWEST:     50 ON 10                               3 = THUNDER
                        SNOW, ICE PELLETS, HAIL    4 = ICE PELLETS
                        TOTAL MONTH:   0.0 INCH    5 = HAIL
                        GRTST 24HR     0.0         6 = FREEZING RAIN OR DRIZZLE
                        GRTST DEPTH:   0           7 = DUSTSTORM OR SANDSTORM:
                                                       VSBY 1/2 MILE OR LESS
                                                   8 = SMOKE OR HAZE
[NO. OF DAYS WITH]      [WEATHER - DAYS WITH]      9 = BLOWING SNOW
                                                   X = TORNADO
MAX 32 OR BELOW:   0    0.01 INCH OR MORE:   5
MAX 90 OR ABOVE:   7    0.10 INCH OR MORE:   4
MIN 32 OR BELOW:   0    0.50 INCH OR MORE:   2
MIN  0 OR BELOW:   0    1.00 INCH OR MORE:   0

[HDD (BASE 65) ]
TOTAL THIS MO.    13    CLEAR  (SCALE 0-3)  14
DPTR FM NORMAL   -29    PTCLDY (SCALE 4-7)   8
TOTAL FM JUL 1    14    CLOUDY (SCALE 8-10)  2
DPTR FM NORMAL   -31

[CDD (BASE 65) ]
TOTAL THIS MO.   216
DPTR FM NORMAL    72    [PRESSURE DATA]
TOTAL FM JAN 1  1498    HIGHEST SLP M ON M
DPTR FM NORMAL   188    LOWEST  SLP 29.80 ON M

[REMARKS]
