000
CXUS54 KMAF 201100
CF6CNM
PRELIMINARY LOCAL CLIMATOLOGICAL DATA (WS FORM: F-6)

                                          STATION:   Carlsbad
                                          MONTH:     FEBRUARY
                                          YEAR:      2018
                                          LATITUDE:   32 20 N
                                          LONGITUDE: 104 15 W

  TEMPERATURE IN F:       :PCPN:    SNOW:  WIND      :SUNSHINE: SKY     :PK WND
================================================================================
1   2   3   4   5  6A  6B    7    8   9   10  11  12  13   14  15   16   17  18
                                     12Z  AVG MX 2MIN
DY MAX MIN AVG DEP HDD CDD  WTR  SNW DPTH SPD SPD DIR MIN PSBL S-S WX    SPD DR
================================================================================

 1  64  32  48   3  17   0 0.00  0.0    0  9.8 26 250   M    M   0        33 250
 2  51  25  38  -8  27   0 0.00  0.0    0  9.7 21 140   M    M   0        26 130
 3  77  23  50   4  15   0 0.00  0.0    0 12.7 33 260   M    M   0        40 270
 4  77  30  54   8  11   0 0.00  0.0    0  6.8 22  80   M    M   0        29  80
 5  69  24  47   1  18   0 0.00  0.0    0  8.2 15 160   M    M   0        19 160
 6  59  33  46   0  19   0 0.00  0.0    0  9.4 23 320   M    M   0        30 320
 7  56  28  42  -4  23   0 0.00  0.0    0  7.3 14 180   M    M   1        18 140
 8  70  26  48   1  17   0 0.00  0.0    0  7.7 16 140   M    M   0        22 130
 9  78  25  52   5  13   0 0.00  0.0    0  6.8 16 240   M    M   0        22 260
10  53  32  43  -4  22   0 0.00  0.0    0  8.5 20  50   M    M   0        35 330
11  41  23  32 -15  33   0 0.00  0.0    0  8.3 23 320   M    M   0        28  30
12  51  24  38  -9  27   0 0.00  0.0    0 10.4 20 140   M    M   1        25 140
13  62  22  42  -6  23   0 0.00  0.0    0  5.3 13 160   M    M   0        15 170
14  83  39  61  13   4   0 0.00  0.0    0  8.9 26 210   M    M   0        34 270
15  81  45  63  15   2   0 0.00  0.0    0 10.6 30 250   M    M   2        39 260
16  64  43  54   6  11   0 0.15    M    0  8.4 24 320   M    M   7 1      30 320
17  65  40  53   5  12   0    T    M    0  5.6 13  70   M    M   0 1      16 190
18  77  38  58   9   7   0 0.00  0.0    0  9.7 25 250   M    M   1        40 280
19  75  46  61  12   4   0 0.03    M    0 13.8 46 260   M    M   0 3      57 260
================================================================================
SM 1253  598       305   0  0.18     0.0 167.9          M       12
================================================================================
AV 66.0 31.5                               8.8 FASTST   M    M   1    MAX(MPH)
                                 MISC ---->  # 46 260               # 57  260
================================================================================
NOTES:
# LAST OF SEVERAL OCCURRENCES

COLUMN 17 PEAK WIND IN M.P.H.

PRELIMINARY LOCAL CLIMATOLOGICAL DATA (WS FORM: F-6) , PAGE 2

                                          STATION:  Carlsbad
                                          MONTH:    FEBRUARY
                                          YEAR:     2018
                                          LATITUDE:   32 20 N
                                          LONGITUDE: 104 15 W

[TEMPERATURE DATA]      [PRECIPITATION DATA]       SYMBOLS USED IN COLUMN 16

AVERAGE MONTHLY: 48.7   TOTAL FOR MONTH:   0.18    1 = FOG OR MIST
DPTR FM NORMAL:   1.7   DPTR FM NORMAL:   -0.17    2 = FOG REDUCING VISIBILITY
HIGHEST:    83 ON 14    GRTST 24HR  0.15 ON 16-16      TO 1/4 MILE OR LESS
LOWEST:     22 ON 13                               3 = THUNDER
                        SNOW, ICE PELLETS, HAIL    4 = ICE PELLETS
                        TOTAL MONTH:   0.0 INCH    5 = HAIL
                        GRTST 24HR     0.0         6 = FREEZING RAIN OR DRIZZLE
                        GRTST DEPTH:   0           7 = DUSTSTORM OR SANDSTORM:
                                                       VSBY 1/2 MILE OR LESS
                                                   8 = SMOKE OR HAZE
[NO. OF DAYS WITH]      [WEATHER - DAYS WITH]      9 = BLOWING SNOW
                                                   X = TORNADO
MAX 32 OR BELOW:   0    0.01 INCH OR MORE:   2
MAX 90 OR ABOVE:   0    0.10 INCH OR MORE:   1
MIN 32 OR BELOW:  12    0.50 INCH OR MORE:   0
MIN  0 OR BELOW:   0    1.00 INCH OR MORE:   0

[HDD (BASE 65) ]
TOTAL THIS MO.   305    CLEAR  (SCALE 0-3)  18
DPTR FM NORMAL   -36    PTCLDY (SCALE 4-7)   1
TOTAL FM JUL 1  2123    CLOUDY (SCALE 8-10)  0
DPTR FM NORMAL  -100

[CDD (BASE 65) ]
TOTAL THIS MO.     0
DPTR FM NORMAL     0    [PRESSURE DATA]
TOTAL FM JAN 1     0    HIGHEST SLP M ON M
DPTR FM NORMAL     0    LOWEST  SLP 29.67 ON M

[REMARKS]
