799
CXUS56 KSGX 211445
CF6CNO
PRELIMINARY LOCAL CLIMATOLOGICAL DATA (WS FORM: F-6)

                                          STATION:   CHINO AIRPORT CA
                                          MONTH:     JULY
                                          YEAR:      2017
                                          LATITUDE:   33 58 N
                                          LONGITUDE: 117 38 W

  TEMPERATURE IN F:       :PCPN:    SNOW:  WIND      :SUNSHINE: SKY     :PK WND
================================================================================
1   2   3   4   5  6A  6B    7    8   9   10  11  12  13   14  15   16   17  18
                                     12Z  AVG MX 2MIN
DY MAX MIN AVG DEP HDD CDD  WTR  SNW DPTH SPD SPD DIR MIN PSBL S-S WX    SPD DR
================================================================================

 1  87  61  74   0   0   9 0.00  0.0    0  7.6 20 250   M    M   3 18     23 260
 2  93  59  76   2   0  11 0.00  0.0    0  5.8 17 260   M    M   1 18     26 270
 3 101  58  80   6   0  15 0.00  0.0    0  4.3 15 210   M    M   0 18     27 280
 4 100  60  80   6   0  15 0.00  0.0    0  6.0 18 260   M    M   1 8      23 260
 5 100  63  82   7   0  17 0.00  0.0    0  6.1 17 260   M    M   2 8      21 260
 6 104  65  85  10   0  20 0.00  0.0    0  5.6 20 260   M    M   2 8      23 260
 7 110  70  90  15   0  25 0.00  0.0    0  5.6 20 260   M    M   2 8      23 260
 8 108  69  89  14   0  24 0.00  0.0    0  7.1 21 290   M    M   3 8       M 270
 9 105  71  88  13   0  23 0.00  0.0    0  7.0 23 230   M    M   3 8      27 230
10 101  71  86  10   0  21 0.00  0.0    0  7.6 20 250   M    M   1 8      26 180
11  97  68  83   7   0  18    T  0.0    0  7.1 20 240   M    M   1 8      25 260
12  95  66  81   5   0  16 0.00  0.0    0  7.3 17 240   M    M   1 18     28 270
13  97  65  81   5   0  16 0.00  0.0    0  6.3 17 260   M    M   3 18     22 270
14  96  65  81   5   0  16 0.00  0.0    0  6.3 17 240   M    M   1 18     22 250
15 101  66  84   8   0  19 0.00  0.0    0  6.2 18 240   M    M   2 8      22 250
16  96  67  82   6   0  17 0.00  0.0    0  6.9 20 260   M    M   2 8      23 260
17  95  67  81   5   0  16 0.00  0.0    0  6.9 20 240   M    M   1 18     25 250
18  96  66  81   5   0  16 0.00  0.0    0  6.9 18 240   M    M   2 18     22 240
19  96  70  83   7   0  18 0.00  0.0    0  7.0 17 250   M    M   3 8      21 330
20  98  67  83   7   0  18 0.00  0.0    0  6.3 20 250   M    M   1 8      23 250
================================================================================
SM 1976 1314         0 350    T      0.0 129.9          M       35
================================================================================
AV 98.8 65.7                               6.5 FASTST   M    M   2    MAX(MPH)
                                 MISC ---->  # 23 230               # 28  270
================================================================================
NOTES:
# LAST OF SEVERAL OCCURRENCES

COLUMN 17 PEAK WIND IN M.P.H.

PRELIMINARY LOCAL CLIMATOLOGICAL DATA (WS FORM: F-6) , PAGE 2

                                          STATION:  CHINO AIRPORT CA
                                          MONTH:    JULY
                                          YEAR:     2017
                                          LATITUDE:   33 58 N
                                          LONGITUDE: 117 38 W

[TEMPERATURE DATA]      [PRECIPITATION DATA]       SYMBOLS USED IN COLUMN 16

AVERAGE MONTHLY: 82.3   TOTAL FOR MONTH:      T    1 = FOG OR MIST
DPTR FM NORMAL:   6.9   DPTR FM NORMAL:   -0.06    2 = FOG REDUCING VISIBILITY
HIGHEST:   110 ON  7    GRTST 24HR    T  ON 11-11      TO 1/4 MILE OR LESS
LOWEST:     58 ON  3                               3 = THUNDER
                        SNOW, ICE PELLETS, HAIL    4 = ICE PELLETS
                        TOTAL MONTH:   0.0 INCH    5 = HAIL
                        GRTST 24HR     0.0         6 = FREEZING RAIN OR DRIZZLE
                        GRTST DEPTH:   0           7 = DUSTSTORM OR SANDSTORM:
                                                       VSBY 1/2 MILE OR LESS
                                                   8 = SMOKE OR HAZE
[NO. OF DAYS WITH]      [WEATHER - DAYS WITH]      9 = BLOWING SNOW
                                                   X = TORNADO
MAX 32 OR BELOW:   0    0.01 INCH OR MORE:   0
MAX 90 OR ABOVE:  19    0.10 INCH OR MORE:   0
MIN 32 OR BELOW:   0    0.50 INCH OR MORE:   0
MIN  0 OR BELOW:   0    1.00 INCH OR MORE:   0

[HDD (BASE 65) ]
TOTAL THIS MO.     0    CLEAR  (SCALE 0-3)  19
DPTR FM NORMAL     0    PTCLDY (SCALE 4-7)   1
TOTAL FM JUL 1     0    CLOUDY (SCALE 8-10)  0
DPTR FM NORMAL     0

[CDD (BASE 65) ]
TOTAL THIS MO.   350
DPTR FM NORMAL   142    [PRESSURE DATA]
TOTAL FM JAN 1   891    HIGHEST SLP M ON M
DPTR FM NORMAL   411    LOWEST  SLP 29.74 ON  8

[REMARKS]
