000
CXUS53 KICT 010829
CF6CNU
PRELIMINARY LOCAL CLIMATOLOGICAL DATA (WS FORM: F-6)

                                          STATION:   CHANUTE KS
                                          MONTH:     JULY
                                          YEAR:      2015
                                          LATITUDE:   37 40 N
                                          LONGITUDE:  95 29 W

  TEMPERATURE IN F:       :PCPN:    SNOW:  WIND      :SUNSHINE: SKY     :PK WND
================================================================================
1   2   3   4   5  6A  6B    7    8   9   10  11  12  13   14  15   16   17  18
                                     12Z  AVG MX 2MIN
DY MAX MIN AVG DEP HDD CDD  WTR  SNW DPTH SPD SPD DIR MIN PSBL S-S WX    SPD DR
================================================================================

 1  88  77  83   5   0  18    T    M    M 11.7 22 200   M    M   1        29 190
 2  82  70  76  -2   0  11 0.02    M    M  5.7 14 360   M    M   3 1      17  40
 3  85  68  77  -2   0  12 0.15    M    M  5.0 18  20   M    M   5 12     24  50
 4  87  64  76  -3   0  11 0.00    M    M  5.3 10 110   M    M   0 8      22 110
 5  92  69  81   2   0  16    T    M    M 10.4 28 160   M    M   1 138    37 160
 6  91  71  81   2   0  16 2.60    M    M 11.9 24 350   M    M   4 13     42 350
 7  73  62  68 -11   0   3 0.25    M    M  9.5 18  40   M    M  10 18     27  40
 8  72  64  68 -11   0   3 1.02    M    M  6.6 14  40   M    M  10 1      19  40
 9  75  66  71  -8   0   6 0.06    M    M  4.2 13 110   M    M   9 1      17 130
10  86  65  76  -3   0  11 0.07    M    M  6.9 16 180   M    M   4 123    25 160
11  92  72  82   3   0  17 0.00    M    M 13.2 25 200   M    M   1        30 210
12  93  72  83   3   0  18 0.00    M    M 11.7 18 190   M    M   0        27 190
13  95  74  85   5   0  20 0.00    M    M 10.5 17 210   M    M   1        24 190
14  92  73  83   3   0  18 0.02    M    M  6.4 18 360   M    M   0 3      25 360
15  94  77  86   6   0  21 0.00    M    M  8.3 15 190   M    M   2 1      21 160
16  93  73  83   3   0  18 0.00    M    M 12.0 18 180   M    M   0        24 180
17  89  76  83   3   0  18    T    M    M 10.5 20 190   M    M   0 3      26 180
18  94  77  86   6   0  21 0.00    M    M 14.0 23 190   M    M   0        30 180
19  93  75  84   4   0  19 0.00    M    M  7.1 13 200   M    M   0 3      29 210
20  93  78  86   6   0  21 0.00    M    M  6.2 13 290   M    M   1        21 320
21  83  70  77  -3   0  12 0.48    M    M  6.1 14 220   M    M   4 13     20 220
22  86  70  78  -2   0  13 0.00    M    M  5.5  9 130   M    M   7        16 150
23  91  74  83   3   0  18 0.13    M    M  4.8 10 200   M    M   3 13     19 140
24  97  75  86   6   0  21 0.00    M    M  7.6 15 210   M    M   0 1      22 190
25  95  75  85   5   0  20 0.00    M    M  7.1 16 160   M    M   0 1      21 200
26  95  75  85   5   0  20    T    M    M  7.0 14 190   M    M   0        19 180
27  95  73  84   4   0  19 0.00    M    M  8.9 17 220   M    M   0 1      25 220
28  95  75  85   5   0  20 0.00    M    M 11.2 23 170   M    M   0 1      30 180
29  93  75  84   4   0  19 0.00    M    M  8.7 17  30   M    M   3 3      26  30
30  86  68  77  -3   0  12 0.00    M    M  5.2 12 290   M    M   2        20  90
31  92  65  79  -1   0  14 0.00    M    M  3.3  9 170   M    M   2        16  90
================================================================================
SM 2767 2218         0 486  4.80    M    252.5          M       73
================================================================================
AV 89.3 71.5                               8.1 FASTST   M    M   2    MAX(MPH)
                                 MISC ---->  # 28 160               # 42  350
================================================================================
NOTES:
# LAST OF SEVERAL OCCURRENCES

COLUMN 17 PEAK WIND IN M.P.H.

PRELIMINARY LOCAL CLIMATOLOGICAL DATA (WS FORM: F-6) , PAGE 2

                                          STATION:  CHANUTE KS
                                          MONTH:    JULY
                                          YEAR:     2015
                                          LATITUDE:   37 40 N
                                          LONGITUDE:  95 29 W

[TEMPERATURE DATA]      [PRECIPITATION DATA]       SYMBOLS USED IN COLUMN 16

AVERAGE MONTHLY: 80.4   TOTAL FOR MONTH:   4.80    1 = FOG OR MIST
DPTR FM NORMAL:   0.9   DPTR FM NORMAL:    0.43    2 = FOG REDUCING VISIBILITY
HIGHEST:    97 ON 24    GRTST 24HR  2.78 ON  6- 7      TO 1/4 MILE OR LESS
LOWEST:     62 ON  7                               3 = THUNDER
                        SNOW, ICE PELLETS, HAIL    4 = ICE PELLETS
                        TOTAL MONTH:    M          5 = HAIL
                        GRTST 24HR    M  ON   M    6 = FREEZING RAIN OR DRIZZLE
                        GRTST DEPTH:  M  ON   M    7 = DUSTSTORM OR SANDSTORM:
                                                       VSBY 1/2 MILE OR LESS
                                                   8 = SMOKE OR HAZE
[NO. OF DAYS WITH]      [WEATHER - DAYS WITH]      9 = BLOWING SNOW
                                                   X = TORNADO
MAX 32 OR BELOW:   0    0.01 INCH OR MORE:  10
MAX 90 OR ABOVE:  19    0.10 INCH OR MORE:   6
MIN 32 OR BELOW:   0    0.50 INCH OR MORE:   2
MIN  0 OR BELOW:   0    1.00 INCH OR MORE:   2

[HDD (BASE 65) ]
TOTAL THIS MO.     0    CLEAR  (SCALE 0-3)  23
DPTR FM NORMAL     0    PTCLDY (SCALE 4-7)   5
TOTAL FM JUL 1     0    CLOUDY (SCALE 8-10)  3
DPTR FM NORMAL     0

[CDD (BASE 65) ]
TOTAL THIS MO.   486
DPTR FM NORMAL    37    [PRESSURE DATA]
TOTAL FM JAN 1   986    HIGHEST SLP 30.19 ON 30
DPTR FM NORMAL   112    LOWEST  SLP 29.70 ON 13

[REMARKS]
#FINAL-07-15#
