000
CXUS53 KICT 190800
CF6CNU
PRELIMINARY LOCAL CLIMATOLOGICAL DATA (WS FORM: F-6)

                                          STATION:   CHANUTE KS
                                          MONTH:     APRIL
                                          YEAR:      2014
                                          LATITUDE:   37 40 N
                                          LONGITUDE:  95 29 W

  TEMPERATURE IN F:       :PCPN:    SNOW:  WIND      :SUNSHINE: SKY     :PK WND
================================================================================
1   2   3   4   5  6A  6B    7    8   9   10  11  12  13   14  15   16   17  18
                                     12Z  AVG MX 2MIN
DY MAX MIN AVG DEP HDD CDD  WTR  SNW DPTH SPD SPD DIR MIN PSBL S-S WX    SPD DR
================================================================================

 1  54  32  43  -9  22   0    T    M    M  8.9 15 120   M    M   7 8      20 340
 2  82  46  64  12   1   0 0.02    M    M 13.8 29 150   M    M   8 138    38 150
 3  82  41  62   9   3   0    T    M    M 18.2 28 290   M    M   5 3      35 290
 4  53  29  41 -12  24   0 0.00    M    M 12.4 28 310   M    M   6        39 300
 5  62  24  43 -11  22   0 0.00    M    M  7.7 14 130   M    M   0        23 150
 6  63  46  55   1  10   0 0.00    M    M  6.2 14 140   M    M   8 8      17 150
 7  67  47  57   3   8   0    T    M    M  9.2 21 320   M    M   8 8      25 320
 8  64  32  48  -6  17   0    T    M    M 11.9 30 360   M    M   2        39 350
 9  77  31  54  -1  11   0 0.00    M    M 14.2 29 200   M    M   0 8      35 190
10  78  52  65  10   0   0 0.00    M    M 13.1 24 180   M    M   0        31 180
11  80  48  64   9   1   0 0.00    M    M 10.0 18 180   M    M   0 8      24 110
12  82  56  69  13   0   4 0.00    M    M 20.1 33 180   M    M   2        41 180
13  77  38  58   2   7   0 0.84    M    M 22.2 36 180   M    M   5 138    45 180
14  47  29  38 -18  27   0 0.01    M    M 14.8 29 350   M    M   6 1      40 350
15  58  23  41 -16  24   0 0.00    M    M  6.5 16 150   M    M   1 8      22 150
16  65  43  54  -3  11   0 0.00    M    M 18.7 36 180   M    M   0        46 180
17  49  34  42 -15  23   0    T    M    M  7.9 16 360   M    M   3 18     25 360
18  71  31  51  -7  14   0 0.00    M    M  4.2 14 150   M    M   0 18     18 130
================================================================================
SM 1211  682       225   4  0.87    M    220.0          M       61
================================================================================
AV 67.3 37.9                              12.2 FASTST   M    M   3    MAX(MPH)
                                 MISC ---->  # 36 180               # 46  180
================================================================================
NOTES:
# LAST OF SEVERAL OCCURRENCES

COLUMN 17 PEAK WIND IN M.P.H.

PRELIMINARY LOCAL CLIMATOLOGICAL DATA (WS FORM: F-6) , PAGE 2

                                          STATION:  CHANUTE KS
                                          MONTH:    APRIL
                                          YEAR:     2014
                                          LATITUDE:   37 40 N
                                          LONGITUDE:  95 29 W

[TEMPERATURE DATA]      [PRECIPITATION DATA]       SYMBOLS USED IN COLUMN 16

AVERAGE MONTHLY: 52.6   TOTAL FOR MONTH:   0.87    1 = FOG OR MIST
DPTR FM NORMAL:  -2.3   DPTR FM NORMAL:   -1.56    2 = FOG REDUCING VISIBILITY
HIGHEST:    82 ON 12, 3 GRTST 24HR  0.85 ON 13-14      TO 1/4 MILE OR LESS
LOWEST:     23 ON 15                               3 = THUNDER
                        SNOW, ICE PELLETS, HAIL    4 = ICE PELLETS
                        TOTAL MONTH:    M          5 = HAIL
                        GRTST 24HR    M  ON   M    6 = FREEZING RAIN OR DRIZZLE
                        GRTST DEPTH:  M  ON   M    7 = DUSTSTORM OR SANDSTORM:
                                                       VSBY 1/2 MILE OR LESS
                                                   8 = SMOKE OR HAZE
[NO. OF DAYS WITH]      [WEATHER - DAYS WITH]      9 = BLOWING SNOW
                                                   X = TORNADO
MAX 32 OR BELOW:   0    0.01 INCH OR MORE:   3
MAX 90 OR ABOVE:   0    0.10 INCH OR MORE:   1
MIN 32 OR BELOW:   8    0.50 INCH OR MORE:   1
MIN  0 OR BELOW:   0    1.00 INCH OR MORE:   0

[HDD (BASE 65) ]
TOTAL THIS MO.   225    CLEAR  (SCALE 0-3)  10
DPTR FM NORMAL    32    PTCLDY (SCALE 4-7)   8
TOTAL FM JUL 1  4931    CLOUDY (SCALE 8-10)  0
DPTR FM NORMAL   607

[CDD (BASE 65) ]
TOTAL THIS MO.     4
DPTR FM NORMAL   -10    [PRESSURE DATA]
TOTAL FM JAN 1     4    HIGHEST SLP M ON M
DPTR FM NORMAL   -14    LOWEST  SLP 29.38 ON 13

[REMARKS]
