000
CXUS53 KICT 010800
CF6CNU
PRELIMINARY LOCAL CLIMATOLOGICAL DATA (WS FORM: F-6)

                                          STATION:   CHANUTE KS
                                          MONTH:     AUGUST
                                          YEAR:      2015
                                          LATITUDE:   37 40 N
                                          LONGITUDE:  95 29 W

  TEMPERATURE IN F:       :PCPN:    SNOW:  WIND      :SUNSHINE: SKY     :PK WND
================================================================================
1   2   3   4   5  6A  6B    7    8   9   10  11  12  13   14  15   16   17  18
                                     12Z  AVG MX 2MIN
DY MAX MIN AVG DEP HDD CDD  WTR  SNW DPTH SPD SPD DIR MIN PSBL S-S WX    SPD DR
================================================================================

 1  93  64  79  -1   0  14 0.00    M    M  4.8 12 190   M    M   1 12     19 130
 2  94  68  81   1   0  16 0.00    M    M  9.6 23 210   M    M   0        28 210
 3  94  67  81   1   0  16 0.00    M    M  6.9 16 210   M    M   0        20 120
 4  84  68  76  -4   0  11 0.07    M    M  7.5 17 200   M    M   4 1      22 220
 5  86  69  78  -2   0  13 1.85    M    M  6.0 26  80   M    M   5 13     35  80
 6  88  70  79  -1   0  14 0.00    M    M  6.6 15 120   M    M   3 1      20 130
 7  93  74  84   4   0  19 0.00    M    M  5.8 12  30   M    M   1        16  30
 8  93  73  83   3   0  18 0.00    M    M 10.8 23 320   M    M   0 1      33 360
 9  92  76  84   4   0  19    T    M    M  5.6 15 200   M    M   1 3      18 210
10  92  73  83   3   0  18 0.64    M    M  5.5 21  60   M    M   3 13     29 280
11  85  65  75  -5   0  10 0.00    M    M  7.1 16  10   M    M   1        21  10
12  87  61  74  -6   0   9 0.00    M    M  3.1  9 100   M    M   1        17  90
13  87  60  74  -6   0   9 0.00    M    M  4.4 12  90   M    M   0 12     20 110
14  88  63  76  -4   0  11 0.00    M    M  6.9 14 110   M    M   0        21 120
15  90  63  77  -2   0  12 0.00    M    M  5.8 13 140   M    M   0 1      16 120
16  92  64  78  -1   0  13 0.00    M    M  6.9 16 190   M    M   1        22 110
17  92  67  80   1   0  15 0.00    M    M  6.4 15 220   M    M   1        19 210
18  84  68  76  -3   0  11 0.46    M    M 10.6 24 180   M    M   5 13     34 250
19  75  56  66 -13   0   1 0.05    M    M  9.1 20 330   M    M   2        25 330
20  82  53  68 -11   0   3 0.00    M    M  6.9 17 170   M    M   0        22 190
21  77  58  68 -11   0   3    T    M    M  8.3 17 170   M    M   6        20 180
22  86  69  78   0   0  13    T    M    M  9.6 16 170   M    M   3 3      21 190
23  78  61  70  -8   0   5 0.53    M    M  8.0 22 340   M    M   4 138    28 310
24  81  54  68 -10   0   3 0.00    M    M  2.7  9  90   M    M   0        13 100
25  84  52  68 -10   0   3 0.00    M    M  2.4 12 210   M    M   0        14 220
26  86  56  71  -7   0   6 0.00    M    M  4.3 10 110   M    M   0        14 150
27  77  66  72  -5   0   7 2.44    M    M  9.0 26  80   M    M   5 13     33  80
28  77  66  72  -5   0   7 0.13    M    M 10.4 21 170   M    M   4 1      27 180
29  82  67  75  -2   0  10 0.00    M    M  5.7 12 350   M    M   4 1      17 340
30  84  65  75  -2   0  10 0.00    M    M  3.4  8 340   M    M   6 12     11 140
31  89  68  79   3   0  14 0.00    M    M  8.9 18 170   M    M   0 1      24 170
================================================================================
SM 2672 2004         0 333  6.17    M    209.0          M       61
================================================================================
AV 86.2 64.6                               6.7 FASTST   M    M   2    MAX(MPH)
                                 MISC ---->  # 26  80               # 35   80
================================================================================
NOTES:
# LAST OF SEVERAL OCCURRENCES

COLUMN 17 PEAK WIND IN M.P.H.

PRELIMINARY LOCAL CLIMATOLOGICAL DATA (WS FORM: F-6) , PAGE 2

                                          STATION:  CHANUTE KS
                                          MONTH:    AUGUST
                                          YEAR:     2015
                                          LATITUDE:   37 40 N
                                          LONGITUDE:  95 29 W

[TEMPERATURE DATA]      [PRECIPITATION DATA]       SYMBOLS USED IN COLUMN 16

AVERAGE MONTHLY: 75.4   TOTAL FOR MONTH:   6.17    1 = FOG OR MIST
DPTR FM NORMAL:  -3.5   DPTR FM NORMAL:    2.48    2 = FOG REDUCING VISIBILITY
HIGHEST:    94 ON  3, 2 GRTST 24HR  2.44 ON 27-27      TO 1/4 MILE OR LESS
LOWEST:     52 ON 25                               3 = THUNDER
                        SNOW, ICE PELLETS, HAIL    4 = ICE PELLETS
                        TOTAL MONTH:    M          5 = HAIL
                        GRTST 24HR    M  ON   M    6 = FREEZING RAIN OR DRIZZLE
                        GRTST DEPTH:  M  ON   M    7 = DUSTSTORM OR SANDSTORM:
                                                       VSBY 1/2 MILE OR LESS
                                                   8 = SMOKE OR HAZE
[NO. OF DAYS WITH]      [WEATHER - DAYS WITH]      9 = BLOWING SNOW
                                                   X = TORNADO
MAX 32 OR BELOW:   0    0.01 INCH OR MORE:   8
MAX 90 OR ABOVE:  10    0.10 INCH OR MORE:   6
MIN 32 OR BELOW:   0    0.50 INCH OR MORE:   4
MIN  0 OR BELOW:   0    1.00 INCH OR MORE:   2

[HDD (BASE 65) ]
TOTAL THIS MO.     0    CLEAR  (SCALE 0-3)  21
DPTR FM NORMAL    -1    PTCLDY (SCALE 4-7)  10
TOTAL FM JUL 1     0    CLOUDY (SCALE 8-10)  0
DPTR FM NORMAL    -1

[CDD (BASE 65) ]
TOTAL THIS MO.   333
DPTR FM NORMAL   -97    [PRESSURE DATA]
TOTAL FM JAN 1  1319    HIGHEST SLP M ON M
DPTR FM NORMAL    15    LOWEST  SLP 29.66 ON 18

[REMARKS]
#FINAL-08-15#
