000
CXUS55 KRIW 290945
CF6COD
PRELIMINARY LOCAL CLIMATOLOGICAL DATA (WS FORM: F-6)

                                          STATION:   CODY WY
                                          MONTH:     JULY
                                          YEAR:      2016
                                          LATITUDE:   44 31 N
                                          LONGITUDE: 109  1 W

  TEMPERATURE IN F:       :PCPN:    SNOW:  WIND      :SUNSHINE: SKY     :PK WND
================================================================================
1   2   3   4   5  6A  6B    7    8   9   10  11  12  13   14  15   16   17  18
                                     12Z  AVG MX 2MIN
DY MAX MIN AVG DEP HDD CDD  WTR  SNW DPTH SPD SPD DIR MIN PSBL S-S WX    SPD DR
================================================================================

 1  81  52  67   0   0   2 0.05  0.0    0  6.1 15 220   M    M   0        18 220
 2  82  59  71   4   0   6 0.07  0.0    0  6.8 20 190   M    M   1 3      51  70
 3  86  59  73   5   0   8 0.08  0.0    0  6.9 20  30   M    M   3 3      32  30
 4  82  54  68   0   0   3 0.01  0.0    0  9.3 29 320   M    M   2        48 320
 5  79  57  68   0   0   3 0.00  0.0    0  6.6 12 300   M    M   0        22 350
 6  79  52  66  -2   0   1    M    M    M 10.5 23  20   M    M   2        29  20
 7  79  48  64  -5   1   0    M    M    M  6.9 16  50   M    M   1        22  90
 8  88  54  71   2   0   6 0.01  0.0    0  7.5 15 110   M    M   1        23 110
 9  91  55  73   4   0   8 0.00  0.0    0  8.6 18 140   M    M   0 3      28 240
10   M   M   M   M   M   M    M    M    M   M   M   M   M    M   0         M  M
11   M   M   M   M   M   M    M    M    M   M   M   M   M    M   M         M  M
12   M   M   M   M   M   M    M    M    M   M   M   M   M    M   M         M  M
13   M   M   M   M   M   M    M    M    M  5.4 13  10   M    M   1        17  20
14  81  48  65  -5   0   0 0.00  0.0    0  6.9 17 120   M    M   0        22 350
15  84  54  69  -1   0   4 0.00  0.0    0  7.3 16 320   M    M   0        21 320
16  73  50  62  -9   3   0 0.00  0.0    0 10.3 20  10   M    M   1        27 360
17  82  46  64  -7   1   0 0.00  0.0    0  5.1 18 160   M    M   0        25 160
18  93  52  73   2   0   8 0.00  0.0    0  5.3 16 360   M    M   0        22 360
19  95  61  78   7   0  13 0.00  0.0    0  6.8 16 120   M    M   0        23 120
20  91  64  78   7   0  13 0.00  0.0    0  9.1 14  30   M    M   0        20  10
21  91  61  76   5   0  11 0.00  0.0    0  8.0 14  10   M    M   0        17 230
22  95  63  79   8   0  14 0.00  0.0    0  8.5 15 180   M    M   0        20 230
23  82  61  72   1   0   7 0.00  0.0    0  8.1 17  40   M    M   0        21  40
24  86  54  70  -1   0   5 0.00  0.0    0  5.0  8 100   M    M   0         M  M
25  90  63  77   6   0  12 0.00  0.0    0  7.0 13  30   M    M   0        16  20
26  84  57  71   0   0   6 0.00  0.0    0  7.8 16 350   M    M   0        23 300
27  84  57  71   0   0   6 0.01  0.0    0  6.7 14  40   M    M   1        20 360
28  77  57  67  -4   0   2 0.19  0.0    0  5.9 12 360   M    M   1 3      20  30
================================================================================
SM 2035 1338         5 138  0.42     0.0 182.4          M       14
================================================================================
AV 84.8 55.8                               7.3 FASTST   M    M   1    MAX(MPH)
                                 MISC ---->    29   M                 51    M
================================================================================
NOTES:
# LAST OF SEVERAL OCCURRENCES

COLUMN 17 PEAK WIND IN M.P.H.

PRELIMINARY LOCAL CLIMATOLOGICAL DATA (WS FORM: F-6) , PAGE 2

                                          STATION:  CODY WY
                                          MONTH:    JULY
                                          YEAR:     2016
                                          LATITUDE:   44 31 N
                                          LONGITUDE: 109  1 W

[TEMPERATURE DATA]      [PRECIPITATION DATA]       SYMBOLS USED IN COLUMN 16

AVERAGE MONTHLY: 70.3   TOTAL FOR MONTH:   0.42    1 = FOG OR MIST
DPTR FM NORMAL:   0.4   DPTR FM NORMAL:   -0.58    2 = FOG REDUCING VISIBILITY
HIGHEST:    95 ON 22,19 GRTST 24HR  0.19 ON 28-28      TO 1/4 MILE OR LESS
LOWEST:     46 ON 17                               3 = THUNDER
                        SNOW, ICE PELLETS, HAIL    4 = ICE PELLETS
                        TOTAL MONTH:   0.0 INCH    5 = HAIL
                        GRTST 24HR     0.0         6 = FREEZING RAIN OR DRIZZLE
                        GRTST DEPTH:   0           7 = DUSTSTORM OR SANDSTORM:
                                                       VSBY 1/2 MILE OR LESS
                                                   8 = SMOKE OR HAZE
[NO. OF DAYS WITH]      [WEATHER - DAYS WITH]      9 = BLOWING SNOW
                                                   X = TORNADO
MAX 32 OR BELOW:   0    0.01 INCH OR MORE:   7
MAX 90 OR ABOVE:   7    0.10 INCH OR MORE:   1
MIN 32 OR BELOW:   0    0.50 INCH OR MORE:   0
MIN  0 OR BELOW:   0    1.00 INCH OR MORE:   0

[HDD (BASE 65) ]
TOTAL THIS MO.     5    CLEAR  (SCALE 0-3)  26
DPTR FM NORMAL     M    PTCLDY (SCALE 4-7)   0
TOTAL FM JUL 1     5    CLOUDY (SCALE 8-10)  0
DPTR FM NORMAL     M

[CDD (BASE 65) ]
TOTAL THIS MO.   138
DPTR FM NORMAL     2    [PRESSURE DATA]
TOTAL FM JAN 1   236    HIGHEST SLP M ON M
DPTR FM NORMAL   236    LOWEST  SLP M ON M

[REMARKS]
