000
CXUS51 KGYX 221000
CF6CON
PRELIMINARY LOCAL CLIMATOLOGICAL DATA (WS FORM: F-6)

                                          STATION:   CONCORD NH
                                          MONTH:     OCTOBER
                                          YEAR:      2014
                                          LATITUDE:   43 12 N
                                          LONGITUDE:  71 30 W

  TEMPERATURE IN F:       :PCPN:    SNOW:  WIND      :SUNSHINE: SKY     :PK WND
================================================================================
1   2   3   4   5  6A  6B    7    8   9   10  11  12  13   14  15   16   17  18
                                     12Z  AVG MX 2MIN
DY MAX MIN AVG DEP HDD CDD  WTR  SNW DPTH SPD SPD DIR MIN PSBL S-S WX    SPD DR
================================================================================

 1  58  55  57   3   8   0 0.48  0.0    0  4.1  9  30   M    M  10 1      13  30
 2  65  42  54   1  11   0 0.01  0.0    0  3.3 10  80   M    M   6 12     15 140
 3  67  41  54   1  11   0 0.00  0.0    0  3.1 10 160   M    M   5 12     14 150
 4  60  51  56   4   9   0 0.20  0.0    0  4.7 13 120   M    M  10 1      19 130
 5  61  35  48  -4  17   0 0.00  0.0    0  6.8 16 270   M    M   2        22 260
 6  65  31  48  -4  17   0 0.00  0.0    0  3.6 16 170   M    M   1 12     22 170
 7  72  45  59   8   6   0 0.04  0.0    0  7.6 21 170   M    M   8 18     29 170
 8  71  52  62  11   3   0 0.11  0.0    0  9.7 23 170   M    M   5 1      30 170
 9  63  39  51   1  14   0 0.00  0.0    0  7.3 20 240   M    M   2        30 260
10  62  30  46  -4  19   0 0.00  0.0    0  4.3 16 260   M    M   2        22 250
11  56  35  46  -4  19   0 0.01  0.0    0  1.0  8 290   M    M   2 1      10 320
12  61  30  46  -3  19   0 0.00  0.0    0  2.3 14 270   M    M   3 12     17 320
13  62  30  46  -3  19   0 0.00  0.0    0  3.2  9 200   M    M   8 12     13 180
14  76  56  66  17   0   1 0.00  0.0    0  7.1  M   M   M    M   7         M  M
15  80  59  70  22   0   5    T  0.0    0  6.6 15 180   M    M   9        20 170
16  70  60  65  17   0   0 1.80  0.0    0  6.6 17 150   M    M  10 12     24 130
17  72  53  63  15   2   0 0.00  0.0    0  6.8 18 230   M    M   3 1      23 230
18  67  52  60  13   5   0    T  0.0    0  4.6 14 320   M    M   6 1      19 320
19  53  37  45  -2  20   0    T    M    0 13.8 24 310   M    M   9        32 320
20  55  34  45  -2  20   0 0.00  0.0    0  5.2 12 230   M    M   3        19 250
21  54  42  48   2  17   0 0.06  0.0    0  4.6 14  30   M    M  10 1      18  40
================================================================================
SM 1350  909       236   6  2.71     0.0 116.3          M      121
================================================================================
AV 64.3 43.3                               5.5 FASTST   M    M   6    MAX(MPH)
                                 MISC ---->  # 24 310               # 32  320
================================================================================
NOTES:
# LAST OF SEVERAL OCCURRENCES

COLUMN 17 PEAK WIND IN M.P.H.

PRELIMINARY LOCAL CLIMATOLOGICAL DATA (WS FORM: F-6) , PAGE 2

                                          STATION:  CONCORD NH
                                          MONTH:    OCTOBER
                                          YEAR:     2014
                                          LATITUDE:   43 12 N
                                          LONGITUDE:  71 30 W

[TEMPERATURE DATA]      [PRECIPITATION DATA]       SYMBOLS USED IN COLUMN 16

AVERAGE MONTHLY: 53.8   TOTAL FOR MONTH:   2.71    1 = FOG OR MIST
DPTR FM NORMAL:   4.0   DPTR FM NORMAL:   -0.04    2 = FOG REDUCING VISIBILITY
HIGHEST:    80 ON 15    GRTST 24HR  1.80 ON 16-16      TO 1/4 MILE OR LESS
LOWEST:     30 ON 13,12                            3 = THUNDER
                        SNOW, ICE PELLETS, HAIL    4 = ICE PELLETS
                        TOTAL MONTH:   0.0 INCH    5 = HAIL
                        GRTST 24HR     0.0         6 = FREEZING RAIN OR DRIZZLE
                        GRTST DEPTH:   0           7 = DUSTSTORM OR SANDSTORM:
                                                       VSBY 1/2 MILE OR LESS
                                                   8 = SMOKE OR HAZE
[NO. OF DAYS WITH]      [WEATHER - DAYS WITH]      9 = BLOWING SNOW
                                                   X = TORNADO
MAX 32 OR BELOW:   0    0.01 INCH OR MORE:   8
MAX 90 OR ABOVE:   0    0.10 INCH OR MORE:   4
MIN 32 OR BELOW:   4    0.50 INCH OR MORE:   1
MIN  0 OR BELOW:   0    1.00 INCH OR MORE:   1

[HDD (BASE 65) ]
TOTAL THIS MO.   236    CLEAR  (SCALE 0-3)   7
DPTR FM NORMAL   -85    PTCLDY (SCALE 4-7)   7
TOTAL FM JUL 1   457    CLOUDY (SCALE 8-10)  7
DPTR FM NORMAL   -99

[CDD (BASE 65) ]
TOTAL THIS MO.     6
DPTR FM NORMAL     6    [PRESSURE DATA]
TOTAL FM JAN 1   387    HIGHEST SLP M ON M
DPTR FM NORMAL   -63    LOWEST  SLP 29.49 ON 18

[REMARKS]
