000
CXUS51 KGYX 011100
CF6CON
PRELIMINARY LOCAL CLIMATOLOGICAL DATA (WS FORM: F-6)

                                          STATION:   CONCORD NH
                                          MONTH:     FEBRUARY
                                          YEAR:      2015
                                          LATITUDE:   43 12 N
                                          LONGITUDE:  71 30 W

  TEMPERATURE IN F:       :PCPN:    SNOW:  WIND      :SUNSHINE: SKY     :PK WND
================================================================================
1   2   3   4   5  6A  6B    7    8   9   10  11  12  13   14  15   16   17  18
                                     12Z  AVG MX 2MIN
DY MAX MIN AVG DEP HDD CDD  WTR  SNW DPTH SPD SPD DIR MIN PSBL S-S WX    SPD DR
================================================================================

 1  22   1  12  -9  53   0 0.00  0.0   12  8.4 24 310   M    M   0        32 310
 2  12   6   9 -13  56   0 0.71  9.9   14  8.6 21  30   M    M  10 1      28  40
 3  22  -7   8 -14  57   0 0.00  0.0   19  6.7 20 310   M    M   0 8      25 320
 4  31  -7  12 -10  53   0 0.01    M   19  2.2 12 180   M    M   9 1      13 180
 5  32   2  17  -5  48   0 0.17  3.6   19 12.3 28 320   M    M   5 18     39 310
 6  21  -3   9 -13  56   0 0.00  0.0   13  4.3 16 310   M    M   3        19 300
 7  29   1  15  -7  50   0 0.01  0.1   17  2.6 10 210   M    M   9 18     14 240
 8  24  11  18  -5  47   0 0.47  4.5   17  5.5 14  30   M    M   9 18     18  30
 9  17  11  14  -9  51   0 0.45  5.1   21  7.2 13  40   M    M  10 1      18  10
10  36  15  26   3  39   0    T  0.4   23  6.1 15 330   M    M   6 18     20 340
11  26  -5  11 -12  54   0 0.00  0.0   23  1.8 10  30   M    M   0 8      14  50
12  22   1  12 -12  53   0 0.04  0.8   21  2.5 17 310   M    M   8 18     22 320
13  14  -2   6 -18  59   0    T  0.0   21 14.4 29 310   M    M   0 89     37 320
14  16  -7   5 -19  60   0 0.21  4.7   20  4.2 13 170   M    M   9 18     17 360
15  18  -5   7 -17  58   0 0.38  6.1   29 20.1 32 330   M    M   7 189    47 320
16  15  -5   5 -20  60   0 0.00  0.0   29 14.9 32 310   M    M   0 89     43 300
17  25   2  14 -11  51   0 0.00  0.0   27  2.3 12 330   M    M   7        15 320
18  30  -5  13 -12  52   0 0.09  2.5   27  2.3 12 140   M    M   5 1      15 140
19  28   7  18  -7  47   0 0.05  2.0   27  7.6 24 300   M    M   7 128    33 300
20  16   2   9 -17  56   0 0.00    M   27 13.7 24 280   M    M   2 89     32 290
21  28 -17   6 -20  59   0 0.19  2.7   25  6.0 17 180   M    M   5 18     24 210
22  38  19  29   3  36   0 0.01  0.2   26  0.6  7 150   M    M   4 12      7 170
23  28  -5  12 -14  53   0    T    T   24 12.3 28 310   M    M   3 189    36 300
24  16 -21  -2 -29  67   0 0.00  0.0   23  4.9 15 170   M    M   0        21 140
25  33   9  21  -6  44   0    T    T   23  6.8 21 290   M    M   4 8      28 260
26  23  12  18  -9  47   0 0.00  0.0   23  6.0 15 300   M    M   5        19 310
27  23  -2  11 -17  54   0 0.00  0.0   23  6.9 16 330   M    M   3        20 350
28  32  -9  12 -16  53   0 0.00  0.0   22  2.6  9 220   M    M   0        12 230
================================================================================
SM  677   -1      1473   0  2.79    42.6 193.8          M      130
================================================================================
AV 24.2 -0.0                               6.9 FASTST   M    M   5    MAX(MPH)
                                 MISC ---->  # 32 330               # 47  320
================================================================================
NOTES:
# LAST OF SEVERAL OCCURRENCES

COLUMN 17 PEAK WIND IN M.P.H.

PRELIMINARY LOCAL CLIMATOLOGICAL DATA (WS FORM: F-6) , PAGE 2

                                          STATION:  CONCORD NH
                                          MONTH:    FEBRUARY
                                          YEAR:     2015
                                          LATITUDE:   43 12 N
                                          LONGITUDE:  71 30 W

[TEMPERATURE DATA]      [PRECIPITATION DATA]       SYMBOLS USED IN COLUMN 16

AVERAGE MONTHLY: 12.1   TOTAL FOR MONTH:   2.79    1 = FOG OR MIST
DPTR FM NORMAL: -12.2   DPTR FM NORMAL:    0.17    2 = FOG REDUCING VISIBILITY
HIGHEST:    38 ON 22    GRTST 24HR  0.71 ON  2- 2      TO 1/4 MILE OR LESS
LOWEST:    -21 ON 24                               3 = THUNDER
                        SNOW, ICE PELLETS, HAIL    4 = ICE PELLETS
                        TOTAL MONTH:  42.6 INCHES  5 = HAIL
                        GRTST 24HR   9.9 ON   M    6 = FREEZING RAIN OR DRIZZLE
                        GRTST DEPTH:  29 ON 16,15  7 = DUSTSTORM OR SANDSTORM:
                                                       VSBY 1/2 MILE OR LESS
                                                   8 = SMOKE OR HAZE
[NO. OF DAYS WITH]      [WEATHER - DAYS WITH]      9 = BLOWING SNOW
                                                   X = TORNADO
MAX 32 OR BELOW:  25    0.01 INCH OR MORE:  13
MAX 90 OR ABOVE:   0    0.10 INCH OR MORE:   7
MIN 32 OR BELOW:  28    0.50 INCH OR MORE:   1
MIN  0 OR BELOW:  14    1.00 INCH OR MORE:   0

[HDD (BASE 65) ]
TOTAL THIS MO.  1473    CLEAR  (SCALE 0-3)  11
DPTR FM NORMAL   335    PTCLDY (SCALE 4-7)  11
TOTAL FM JUL 1  5454    CLOUDY (SCALE 8-10)  6
DPTR FM NORMAL   194

[CDD (BASE 65) ]
TOTAL THIS MO.     0
DPTR FM NORMAL     0    [PRESSURE DATA]
TOTAL FM JAN 1     0    HIGHEST SLP 30.74 ON 28
DPTR FM NORMAL     0    LOWEST  SLP 29.41 ON 15

[REMARKS]
#FINAL-02-15#
