000
CXUS53 KLSX 301600
CF6COU
PRELIMINARY LOCAL CLIMATOLOGICAL DATA (WS FORM: F-6)

                                          STATION:   COLUMBIA ASOS
                                          MONTH:     SEPTEMBER
                                          YEAR:      2016
                                          LATITUDE:   38 49 N
                                          LONGITUDE:  92 13 W

  TEMPERATURE IN F:       :PCPN:    SNOW:  WIND      :SUNSHINE: SKY     :PK WND
================================================================================
1   2   3   4   5  6A  6B    7    8   9   10  11  12  13   14  15   16   17  18
                                     12Z  AVG MX 2MIN
DY MAX MIN AVG DEP HDD CDD  WTR  SNW DPTH SPD SPD DIR MIN PSBL S-S WX    SPD DR
================================================================================

 1  79  62  71  -2   0   6 0.00  0.0    0  8.3 17  50   M    M   2        23  40
 2  78  57  68  -5   0   3 0.00  0.0    0  7.1 14  40   M    M   2        22  70
 3  79  58  69  -4   0   4 0.00  0.0    0  6.5 13 150   M    M   3         M  M
 4  83  59  71  -1   0   6 0.00  0.0    0  7.2 15 150   M    M   1        23 210
 5  89  65  77   5   0  12 0.00  0.0    0  8.8 17 210   M    M   0         M  M
 6  92  74  83  11   0  18 0.00  0.0    0  9.6 18 210   M    M   1 1      23 200
 7  92  73  83  12   0  18 0.00  0.0    0 10.5 20 210   M    M   2        26 210
 8  79  68  74   3   0   9 2.85  0.0    0  7.5 17  20   M    M   8 13     24  30
 9  84  70  77   6   0  12 2.11  0.0    0  6.9 15 220   M    M   8 13     20 110
10  75  58  67  -3   0   2 1.71  0.0    0  9.5 28 320   M    M   3 13     37 330
11  76  53  65  -5   0   0 0.00  0.0    0  5.6 13 190   M    M   0        20 160
12  83  57  70   1   0   5 0.00  0.0    0  9.3 17 150   M    M   0        21 150
13  85  63  74   5   0   9 0.00  0.0    0  6.1 14 310   M    M   1        17  20
14  81  66  74   6   0   9 0.06  0.0    0  6.6 14  40   M    M   5 13     24 350
15  87  66  77   9   0  12 0.00  0.0    0  6.7 23 160   M    M   1 13     28 150
16  80  66  73   5   0   8 0.57  0.0    0  6.8 15 160   M    M   5 13     20 170
17  81  64  73   6   0   8 0.00  0.0    0  6.2 10 300   M    M   5 12     14 300
18  83  58  71   4   0   6 0.00  0.0    0  5.5 13 150   M    M   0 12     15 140
19  88  62  75   9   0  10 0.00  0.0    0  7.0 14 190   M    M   0        17 190
20  93  68  81  15   0  16 0.00  0.0    0  5.3 12 200   M    M   0        16 200
21  88  70  79  14   0  14 0.00  0.0    0  7.0 13 150   M    M   0 1      15 140
22  88  63  76  11   0  11 0.00  0.0    0  6.9 14 190   M    M   0        17 180
23  88  65  77  13   0  12 0.00  0.0    0  5.6 12 170   M    M   0        14 210
24  88  67  78  14   0  13 0.00  0.0    0  7.0 14 160   M    M   0        18 110
25  83  61  72   9   0   7 0.03  0.0    0  9.2 20 340   M    M   5 1      25 300
26  74  54  64   1   1   0    T  0.0    0  8.0 17 290   M    M   1        26 330
27  80  54  67   4   0   2 0.00  0.0    0  9.2 17 240   M    M   0        21 250
28  70  52  61  -1   4   0 0.00  0.0    0 12.3 23 340   M    M   3        30 340
29  77  50  64   2   1   0 0.00  0.0    0 11.8 22 340   M    M   2        35 350
================================================================================
SM 2403 1803         6 232  7.33     0.0 224.0          M       58
================================================================================
AV 82.9 62.2                               7.7 FASTST   M    M   2    MAX(MPH)
                                 MISC ---->  # 28 320               # 37  330
================================================================================
NOTES:
# LAST OF SEVERAL OCCURRENCES

COLUMN 17 PEAK WIND IN M.P.H.

PRELIMINARY LOCAL CLIMATOLOGICAL DATA (WS FORM: F-6) , PAGE 2

                                          STATION:  COLUMBIA ASOS
                                          MONTH:    SEPTEMBER
                                          YEAR:     2016
                                          LATITUDE:   38 49 N
                                          LONGITUDE:  92 13 W

[TEMPERATURE DATA]      [PRECIPITATION DATA]       SYMBOLS USED IN COLUMN 16

AVERAGE MONTHLY: 72.5   TOTAL FOR MONTH:   7.33    1 = FOG OR MIST
DPTR FM NORMAL:   4.7   DPTR FM NORMAL:    3.58    2 = FOG REDUCING VISIBILITY
HIGHEST:    93 ON 20    GRTST 24HR  3.45 ON  8- 9      TO 1/4 MILE OR LESS
LOWEST:     50 ON 29                               3 = THUNDER
                        SNOW, ICE PELLETS, HAIL    4 = ICE PELLETS
                        TOTAL MONTH:   0.0 INCH    5 = HAIL
                        GRTST 24HR     0.0         6 = FREEZING RAIN OR DRIZZLE
                        GRTST DEPTH:   0           7 = DUSTSTORM OR SANDSTORM:
                                                       VSBY 1/2 MILE OR LESS
                                                   8 = SMOKE OR HAZE
[NO. OF DAYS WITH]      [WEATHER - DAYS WITH]      9 = BLOWING SNOW
                                                   X = TORNADO
MAX 32 OR BELOW:   0    0.01 INCH OR MORE:   6
MAX 90 OR ABOVE:   3    0.10 INCH OR MORE:   4
MIN 32 OR BELOW:   0    0.50 INCH OR MORE:   4
MIN  0 OR BELOW:   0    1.00 INCH OR MORE:   3

[HDD (BASE 65) ]
TOTAL THIS MO.     6    CLEAR  (SCALE 0-3)  22
DPTR FM NORMAL   -53    PTCLDY (SCALE 4-7)   7
TOTAL FM JUL 1     6    CLOUDY (SCALE 8-10)  0
DPTR FM NORMAL   -55

[CDD (BASE 65) ]
TOTAL THIS MO.   232
DPTR FM NORMAL    90    [PRESSURE DATA]
TOTAL FM JAN 1  1543    HIGHEST SLP M ON M
DPTR FM NORMAL   318    LOWEST  SLP 29.76 ON 28

[REMARKS]
