000
CXUS53 KLSX 011600
CF6CPS
PRELIMINARY LOCAL CLIMATOLOGICAL DATA (WS FORM: F-6)

                                          STATION:   CAHOKIA/ST. LOUIS
                                          MONTH:     AUGUST
                                          YEAR:      2014
                                          LATITUDE:   38 34 N
                                          LONGITUDE:  90  9 W

  TEMPERATURE IN F:       :PCPN:    SNOW:  WIND      :SUNSHINE: SKY     :PK WND
================================================================================
1   2   3   4   5  6A  6B    7    8   9   10  11  12  13   14  15   16   17  18
                                     12Z  AVG MX 2MIN
DY MAX MIN AVG DEP HDD CDD  WTR  SNW DPTH SPD SPD DIR MIN PSBL S-S WX    SPD DR
================================================================================

 1  88  60  74  -4   0   9 0.06  0.0    0  3.5 13 320   M    M   2 123    17 280
 2  88  58  73  -5   0   8 0.00  0.0    0  3.1 13  10   M    M   0 12     17 360
 3  90  57  74  -4   0   9 0.00  0.0    0  2.9 12 120   M    M   0 1      16 120
 4  92  60  76  -2   0  11 0.00  0.0    0  3.0 12 140   M    M   2 1      19  30
 5  90  68  79   1   0  14 0.77  0.0    0  4.3 14 360   M    M   4 123    17  10
 6  89  67  78   0   0  13 0.66  0.0    0  3.0 21 220   M    M   4 1238   35 220
 7  75  71  73  -5   0   8 2.30  0.0    0  9.4 21 130   M    M   9 13     25 130
 8  85  71  78   1   0  13 0.68  0.0    0  6.4 13  40   M    M   9 1      18 140
 9  82  71  77   0   0  12 0.00  0.0    0  4.2 10  20   M    M   9 18     13  40
10  85  70  78   1   0  13 0.00  0.0    0  3.6 10 340   M    M   6 18     13 330
11  86  69  78   1   0  13    T  0.0    0  8.6 18 330   M    M   4 1      25 320
12  81  58  70  -7   0   5 0.00  0.0    0  9.2 21 340   M    M   2        28 360
13  83  57  70  -7   0   5 0.00  0.0    0  3.4 14 340   M    M   1        17 360
14  86  55  71  -6   0   6 0.00  0.0    0  1.0  8  90   M    M   1 1      12 150
15  87  60  74  -3   0   9 0.05  0.0    0  3.9 10 140   M    M   1 1      14 130
16  82  71  77   0   0  12 0.98  0.0    0  6.4 13 150   M    M   6 138    22 130
17  80  71  76   0   0  11    T  0.0    0  5.0 14 340   M    M   8 13     17 310
18  87  70  79   3   0  14 0.00  0.0    0  2.0  7 100   M    M   6 18      9 100
19  90  67  79   3   0  14    T  0.0    0  4.3 22 320   M    M   0 12     29 310
20  91  69  80   4   0  15 0.88  0.0    0  4.4 20 240   M    M   1 13     45 250
21  95  72  84   8   0  19 0.00  0.0    0  4.8 12 180   M    M   1 8      17 210
22  92  73  83   7   0  18 0.00  0.0    0  4.0 10 170   M    M   0 1      14 160
23  98  75  87  12   0  22 0.00  0.0    0  4.3  9 130   M    M   0 1      13 130
24  98  74  86  11   0  21 0.00  0.0    0  5.5 13 130   M    M   1 1      15 170
25  98  76  87  12   0  22 0.00  0.0    0  4.3  9 130   M    M   1 12     11 140
26  97  73  85  10   0  20    T  0.0    0  2.5 22  30   M    M   1        26  30
27  93  75  84  10   0  19 0.00  0.0    0  3.8  M   M   M    M   4 3       M  M
28   M   M   M   M   M   M    M  0.0    0   M   M   M   M    M   1 1       M  M
29  92  71  82   8   0  17    T  0.0    0  6.0 17 150   M    M   1 18     23 150
30  87  72  80   6   0  15 0.03  0.0    0  6.4 14 200   M    M   4        20 180
31  90  70  80   7   0  15 0.00  0.0    0  5.4 14 150   M    M   2 1      19 160
================================================================================
SM 2657 2031         0 402  6.41     0.0 138.6          M       91
================================================================================
AV 88.6 67.7                               4.6 FASTST   M    M   3    MAX(MPH)
                                 MISC ---->  # 22 320               # 45  250
================================================================================
NOTES:
# LAST OF SEVERAL OCCURRENCES

COLUMN 17 PEAK WIND IN M.P.H.

PRELIMINARY LOCAL CLIMATOLOGICAL DATA (WS FORM: F-6) , PAGE 2

                                          STATION:  CAHOKIA/ST. LOUIS
                                          MONTH:    AUGUST
                                          YEAR:     2014
                                          LATITUDE:   38 34 N
                                          LONGITUDE:  90  9 W

[TEMPERATURE DATA]      [PRECIPITATION DATA]       SYMBOLS USED IN COLUMN 16

AVERAGE MONTHLY: 78.1   TOTAL FOR MONTH:   6.41    1 = FOG OR MIST
DPTR FM NORMAL:   1.9   DPTR FM NORMAL:    3.26    2 = FOG REDUCING VISIBILITY
HIGHEST:    98 ON 25,24 GRTST 24HR  2.98 ON  7- 8      TO 1/4 MILE OR LESS
LOWEST:     55 ON 14                               3 = THUNDER
                        SNOW, ICE PELLETS, HAIL    4 = ICE PELLETS
                        TOTAL MONTH:   0.0 INCH    5 = HAIL
                        GRTST 24HR     0.0         6 = FREEZING RAIN OR DRIZZLE
                        GRTST DEPTH:   0           7 = DUSTSTORM OR SANDSTORM:
                                                       VSBY 1/2 MILE OR LESS
                                                   8 = SMOKE OR HAZE
[NO. OF DAYS WITH]      [WEATHER - DAYS WITH]      9 = BLOWING SNOW
                                                   X = TORNADO
MAX 32 OR BELOW:   0    0.01 INCH OR MORE:   9
MAX 90 OR ABOVE:  14    0.10 INCH OR MORE:   6
MIN 32 OR BELOW:   0    0.50 INCH OR MORE:   6
MIN  0 OR BELOW:   0    1.00 INCH OR MORE:   1

[HDD (BASE 65) ]
TOTAL THIS MO.     0    CLEAR  (SCALE 0-3)  19
DPTR FM NORMAL    -2    PTCLDY (SCALE 4-7)   9
TOTAL FM JUL 1     0    CLOUDY (SCALE 8-10)  3
DPTR FM NORMAL    -2

[CDD (BASE 65) ]
TOTAL THIS MO.   402
DPTR FM NORMAL    53    [PRESSURE DATA]
TOTAL FM JAN 1  1235    HIGHEST SLP 30.18 ON  3
DPTR FM NORMAL    77    LOWEST  SLP 29.76 ON 19

[REMARKS]
#FINAL-08-14#
