000
CXUS55 KLOX 291655
CF6CQT
PRELIMINARY LOCAL CLIMATOLOGICAL DATA (WS FORM: F-6)

                                          STATION:   DOWNTOWN LOS ANGELES (USC) CA
                                          MONTH:     JULY
                                          YEAR:      2015
                                          LATITUDE:   34  1 N
                                          LONGITUDE: 118 17 W

  TEMPERATURE IN F:       :PCPN:    SNOW:  WIND      :SUNSHINE: SKY     :PK WND
================================================================================
1   2   3   4   5  6A  6B    7    8   9   10  11  12  13   14  15   16   17  18
                                     12Z  AVG MX 2MIN
DY MAX MIN AVG DEP HDD CDD  WTR  SNW DPTH SPD SPD DIR MIN PSBL S-S WX    SPD DR
================================================================================

 1  84  67  76   4   0  11 0.00  0.0    0  1.5  8 270   M    M   0        13 270
 2  83  65  74   2   0   9 0.00  0.0    0  1.9 12 280   M    M   0        16 270
 3  80  63  72   0   0   7 0.00  0.0    0  1.4  9 280   M    M   3 18     16 270
 4  79  63  71  -1   0   6 0.00  0.0    0  1.1  8 270   M    M   6 8      15 270
 5  75  64  70  -3   0   5 0.00  0.0    0  1.5  8 270   M    M   8 8      14 260
 6  75  64  70  -3   0   5 0.00  0.0    0  1.4  8 270   M    M   8 8      13 280
 7  77  65  71  -2   0   6 0.00  0.0    0  1.1  8 280   M    M   6 8      14 270
 8  75  66  71  -2   0   6 0.00  0.0    0  1.7  8 280   M    M   8        14 270
 9  76  64  70  -3   0   5 0.00  0.0    0  1.4  9 280   M    M   5        16 270
10  76  62  69  -4   0   4 0.00  0.0    0  2.2 12 270   M    M   0        17 280
11  79  62  71  -2   0   6 0.00  0.0    0  1.4  9 270   M    M   0        17 280
12  81  62  72  -1   0   7 0.00  0.0    0  1.5  9 270   M    M   0        16 280
13  84  64  74   1   0   9 0.00  0.0    0  1.7  9 260   M    M   0        17 280
14  84  64  74   0   0   9 0.00  0.0    0  2.0  9 270   M    M   1 18     14 260
15  81  65  73  -1   0   8 0.00  0.0    0  2.2 10 280   M    M   4        16 270
16  81  65  73  -1   0   8 0.00  0.0    0  2.0 10 270   M    M   4        16 270
17  81  63  72  -2   0   7 0.00  0.0    0  1.0  8 280   M    M   3 8      14 280
18  87  65  76   2   0  11 0.36  0.0    0  1.9  9 180   M    M   7 1      15 190
19  92  72  82   8   0  17 0.02  0.0    0  2.4 13 280   M    M   4        18 270
20  85  70  78   4   0  13    T  0.0    0  2.1 12  60   M    M   7        17  40
21  80  70  75   1   0  10 0.00  0.0    0  1.7  9 280   M    M   9        14 270
22  81  68  75   1   0  10 0.00  0.0    0  1.7 10 280   M    M   6        16 280
23  82  68  75   1   0  10 0.00  0.0    0  1.1  8 270   M    M   3        14 280
24  85  67  76   2   0  11 0.00  0.0    0  1.7 10 270   M    M   1 8      14 280
25  87  67  77   3   0  12 0.00  0.0    0  1.6 10 270   M    M   0        16 270
26  85  67  76   2   0  11 0.00  0.0    0  1.4  9 270   M    M   0        16 270
27  82  67  75   1   0  10 0.00  0.0    0  2.2  8 270   M    M   4        15 270
28  85  66  76   2   0  11 0.00  0.0    0  1.4 10 270   M    M   3 8      16 270
================================================================================
SM 2282 1835         0 244  0.38     0.0  46.1          M      100
================================================================================
AV 81.5 65.5                               1.6 FASTST   M    M   4    MAX(MPH)
                                 MISC ---->  # 13 280               # 18  270
================================================================================
NOTES:
# LAST OF SEVERAL OCCURRENCES

COLUMN 17 PEAK WIND IN M.P.H.

PRELIMINARY LOCAL CLIMATOLOGICAL DATA (WS FORM: F-6) , PAGE 2

                                          STATION:  DOWNTOWN LOS ANGELES (USC) CA
                                          MONTH:    JULY
                                          YEAR:     2015
                                          LATITUDE:   34  1 N
                                          LONGITUDE: 118 17 W

[TEMPERATURE DATA]      [PRECIPITATION DATA]       SYMBOLS USED IN COLUMN 16

AVERAGE MONTHLY: 73.5   TOTAL FOR MONTH:   0.38    1 = FOG OR MIST
DPTR FM NORMAL:   0.1   DPTR FM NORMAL:    0.37    2 = FOG REDUCING VISIBILITY
HIGHEST:    92 ON 19    GRTST 24HR  0.36 ON 18-18      TO 1/4 MILE OR LESS
LOWEST:     62 ON 12,11                            3 = THUNDER
                        SNOW, ICE PELLETS, HAIL    4 = ICE PELLETS
                        TOTAL MONTH:   0.0 INCH    5 = HAIL
                        GRTST 24HR     0.0         6 = FREEZING RAIN OR DRIZZLE
                        GRTST DEPTH:   0           7 = DUSTSTORM OR SANDSTORM:
                                                       VSBY 1/2 MILE OR LESS
                                                   8 = SMOKE OR HAZE
[NO. OF DAYS WITH]      [WEATHER - DAYS WITH]      9 = BLOWING SNOW
                                                   X = TORNADO
MAX 32 OR BELOW:   0    0.01 INCH OR MORE:   2
MAX 90 OR ABOVE:   1    0.10 INCH OR MORE:   1
MIN 32 OR BELOW:   0    0.50 INCH OR MORE:   0
MIN  0 OR BELOW:   0    1.00 INCH OR MORE:   0

[HDD (BASE 65) ]
TOTAL THIS MO.     0    CLEAR  (SCALE 0-3)  12
DPTR FM NORMAL     0    PTCLDY (SCALE 4-7)  14
TOTAL FM JUL 1     0    CLOUDY (SCALE 8-10)  2
DPTR FM NORMAL     0

[CDD (BASE 65) ]
TOTAL THIS MO.   244
DPTR FM NORMAL    10    [PRESSURE DATA]
TOTAL FM JAN 1   707    HIGHEST SLP M ON M
DPTR FM NORMAL   185    LOWEST  SLP 29.74 ON 17

[REMARKS]
