000
CXUS52 KJAX 290800
CF6CRG
PRELIMINARY LOCAL CLIMATOLOGICAL DATA (WS FORM: F-6)

                                          STATION:   CRAIG MUNI ARPT FL
                                          MONTH:     APRIL
                                          YEAR:      2016
                                          LATITUDE:   30 19 N
                                          LONGITUDE:  81 31 W

  TEMPERATURE IN F:       :PCPN:    SNOW:  WIND      :SUNSHINE: SKY     :PK WND
================================================================================
1   2   3   4   5  6A  6B    7    8   9   10  11  12  13   14  15   16   17  18
                                     12Z  AVG MX 2MIN
DY MAX MIN AVG DEP HDD CDD  WTR  SNW DPTH SPD SPD DIR MIN PSBL S-S WX    SPD DR
================================================================================

 1  89  68  79  14   0  14 0.00  0.0    0  8.9 20 220   M    M   2        26 220
 2  85  62  74   9   0   9 1.24  0.0    0 12.2 32 230   M    M   5 13     41 230
 3  71  54  63  -2   2   0 0.00  0.0    0  8.9 20 350   M    M   0        25 320
 4  78  52  65   0   0   0 0.00  0.0    0  3.3 14 100   M    M   0 8      18 110
 5  80  53  67   2   0   2    T  0.0    0  8.8 21  80   M    M   0        27  80
 6  73  61  67   1   0   2 0.00  0.0    0 12.5 20 150   M    M   3 8      26 130
 7  82  63  73   7   0   8    T  0.0    0 11.6 20 270   M    M   4 8      25 300
 8  85  61  73   7   0   8 0.00  0.0    0 12.6 23 300   M    M   0        34 270
 9  75  55  65  -1   0   0 0.00  0.0    0 10.6 21 320   M    M   0        27 300
10  76  47  62  -4   3   0 0.00  0.0    0  8.1 17  30   M    M   2        24  30
11  78  64  71   5   0   6 0.00  0.0    0 10.4 22 140   M    M   3        29 130
12  83  59  71   5   0   6 0.10  0.0    0  4.4 17 210   M    M   5 1      22 220
13  73  64  69   2   0   4 0.01  0.0    0 10.5 18  30   M    M   9 18     25  20
14  69  64  67   0   0   2 0.02  0.0    0 12.8 21  40   M    M  10 18     29  50
15  73  66  70   3   0   5 0.10  0.0    0 14.6 25  70   M    M  10 1      34 100
16  73  64  69   2   0   4    T  0.0    0 12.7 23  60   M    M  10        32  30
17  70  61  66  -1   0   1 0.09  0.0    0 13.3 23  40   M    M   4 1      31  70
18  74  55  65  -2   0   0 0.00  0.0    0  7.9 17  70   M    M   0        22  30
19  79  52  66  -2   0   1 0.00  0.0    0  4.2 15 160   M    M   0        20 160
20  79  53  66  -2   0   1 0.00  0.0    0  5.1 16 160   M    M   0 1      22 130
21  81  61  71   3   0   6 0.00  0.0    0 10.5 22 140   M    M   1        30 130
22  86  63  75   7   0  10 1.21  0.0    0  6.9 20 150   M    M   4 13     24 130
23  82  62  72   4   0   7 0.00  0.0    0  7.1 15 330   M    M   7 1      22 270
24  79  60  70   2   0   5 0.00  0.0    0  5.8 15  70   M    M   1 1      21  70
25  80  61  71   2   0   6 0.00  0.0    0  5.4 15 110   M    M   0 1      22 150
26  82  59  71   2   0   6 0.00  0.0    0  5.1 14 130   M    M   1        18 110
27  86  65  76   7   0  11 0.00  0.0    0  7.3 18 150   M    M   3        24 160
28  91  68  80  11   0  15 0.00  0.0    0  6.2 17 320   M    M   2        22 220
================================================================================
SM 2212 1677         5 139  2.77     0.0 247.7          M       86
================================================================================
AV 79.0 59.9                               8.8 FASTST   M    M   3    MAX(MPH)
                                 MISC ---->  # 32 230               # 41  230
================================================================================
NOTES:
# LAST OF SEVERAL OCCURRENCES

COLUMN 17 PEAK WIND IN M.P.H.

PRELIMINARY LOCAL CLIMATOLOGICAL DATA (WS FORM: F-6) , PAGE 2

                                          STATION:  CRAIG MUNI ARPT FL
                                          MONTH:    APRIL
                                          YEAR:     2016
                                          LATITUDE:   30 19 N
                                          LONGITUDE:  81 31 W

[TEMPERATURE DATA]      [PRECIPITATION DATA]       SYMBOLS USED IN COLUMN 16

AVERAGE MONTHLY: 69.4   TOTAL FOR MONTH:   2.77    1 = FOG OR MIST
DPTR FM NORMAL:   2.6   DPTR FM NORMAL:    0.35    2 = FOG REDUCING VISIBILITY
HIGHEST:    91 ON 28    GRTST 24HR  1.24 ON  2- 2      TO 1/4 MILE OR LESS
LOWEST:     47 ON 10                               3 = THUNDER
                        SNOW, ICE PELLETS, HAIL    4 = ICE PELLETS
                        TOTAL MONTH:   0.0 INCH    5 = HAIL
                        GRTST 24HR     0.0         6 = FREEZING RAIN OR DRIZZLE
                        GRTST DEPTH:   0           7 = DUSTSTORM OR SANDSTORM:
                                                       VSBY 1/2 MILE OR LESS
                                                   8 = SMOKE OR HAZE
[NO. OF DAYS WITH]      [WEATHER - DAYS WITH]      9 = BLOWING SNOW
                                                   X = TORNADO
MAX 32 OR BELOW:   0    0.01 INCH OR MORE:   7
MAX 90 OR ABOVE:   1    0.10 INCH OR MORE:   4
MIN 32 OR BELOW:   0    0.50 INCH OR MORE:   2
MIN  0 OR BELOW:   0    1.00 INCH OR MORE:   2

[HDD (BASE 65) ]
TOTAL THIS MO.     5    CLEAR  (SCALE 0-3)  18
DPTR FM NORMAL   -39    PTCLDY (SCALE 4-7)   6
TOTAL FM JUL 1   753    CLOUDY (SCALE 8-10)  4
DPTR FM NORMAL  -452

[CDD (BASE 65) ]
TOTAL THIS MO.   139
DPTR FM NORMAL    39    [PRESSURE DATA]
TOTAL FM JAN 1   319    HIGHEST SLP M ON M
DPTR FM NORMAL   148    LOWEST  SLP 29.77 ON  2

[REMARKS]
