000
CXUS54 KCRP 291300
CF6CRP
PRELIMINARY LOCAL CLIMATOLOGICAL DATA (WS FORM: F-6)

                                          STATION:   CORPUS CHRISTI
                                          MONTH:     JUNE
                                          YEAR:      2015
                                          LATITUDE:   27 46 N
                                          LONGITUDE:  97 30 W

  TEMPERATURE IN F:       :PCPN:    SNOW:  WIND      :SUNSHINE: SKY     :PK WND
================================================================================
1   2   3   4   5  6A  6B    7    8   9   10  11  12  13   14  15   16   17  18
                                     12Z  AVG MX 2MIN
DY MAX MIN AVG DEP HDD CDD  WTR  SNW DPTH SPD SPD DIR MIN PSBL S-S WX    SPD DR
================================================================================

 1  87  70  79  -2   0  14 0.00  0.0    0  6.4 16  90   M    M   3        20  90
 2  88  70  79  -2   0  14 0.00  0.0    0  5.9 16 130   M    M   3 1      21 100
 3  88  73  81   0   0  16    T  0.0    0  7.9 17 150   M    M   4        24 160
 4  89  73  81   0   0  16    T  0.0    0  9.2 20 110   M    M   4        25 110
 5  88  74  81  -1   0  16 0.05  0.0    0  6.4 17 180   M    M   5        20  70
 6  91  72  82   0   0  17    T  0.0    0  6.5 17  90   M    M   3        23 100
 7  90  73  82   0   0  17 0.00  0.0    0  7.7 20 150   M    M   6        26 160
 8  91  73  82   0   0  17 0.00  0.0    0  7.3 16 130   M    M   5        24 140
 9  93  73  83   1   0  18 0.00  0.0    0  6.0 15 130   M    M   4        18 110
10  92  73  83   1   0  18 0.00  0.0    0  7.3 16 140   M    M   3        20 140
11  91  75  83   1   0  18    T  0.0    0 12.4 23 130   M    M   4        28 130
12  92  77  85   3   0  20 0.00  0.0    0 12.5 22 140   M    M   4        28 130
13  92  77  85   3   0  20    T  0.0    0 11.7 22 130   M    M   5 3      27 140
14  91  79  85   3   0  20 0.02  0.0    0 12.7 22 150   M    M   6        30 120
15  89  78  84   2   0  19 0.40  0.0    0  6.8 22  70   M    M   6 13     25  70
16  90  77  84   1   0  19    T  0.0    0 14.8 28 340   M    M   8 8      36 320
17  89  77  83   0   0  18 0.66  0.0    0 13.3 28 160   M    M   9 13     35 150
18  84  76  80  -3   0  15 0.24  0.0    0  6.9 22 180   M    M  10 13     27 180
19  90  76  83   0   0  18 0.00  0.0    0  8.2 18 220   M    M   9 13     24 150
20  90  76  83   0   0  18 0.11  0.0    0 10.2 31 180   M    M   8 138    37 180
21  90  80  85   2   0  20 0.00  0.0    0 12.9 25 160   M    M  10 1      34 150
22  89  80  85   2   0  20    T  0.0    0 10.6 20 140   M    M  10 1      23 130
23  91  78  85   2   0  20 0.00  0.0    0 10.4 20 120   M    M   8        32 110
24  91  77  84   1   0  19    T  0.0    0  8.6 20 120   M    M   5        25 120
25  91  76  84   1   0  19 0.10  0.0    0  6.8 16 150   M    M   5 3      21 160
26  91  76  84   1   0  19 0.00  0.0    0 11.1 21 150   M    M   3        26 140
27  93  75  84   1   0  19 0.00  0.0    0 10.1 20 140   M    M   6 3      25 150
28  91  75  83   0   0  18 0.00  0.0    0  9.1 18 150   M    M   6 13     23 150
================================================================================
SM 2522 2109         0 502  1.58     0.0 259.7          M      162
================================================================================
AV 90.1 75.3                               9.3 FASTST   M    M   6    MAX(MPH)
                                 MISC ---->  # 31 180               # 37  180
================================================================================
NOTES:
# LAST OF SEVERAL OCCURRENCES

COLUMN 17 PEAK WIND IN M.P.H.

PRELIMINARY LOCAL CLIMATOLOGICAL DATA (WS FORM: F-6) , PAGE 2

                                          STATION:  CORPUS CHRISTI
                                          MONTH:    JUNE
                                          YEAR:     2015
                                          LATITUDE:   27 46 N
                                          LONGITUDE:  97 30 W

[TEMPERATURE DATA]      [PRECIPITATION DATA]       SYMBOLS USED IN COLUMN 16

AVERAGE MONTHLY: 82.7   TOTAL FOR MONTH:   1.58    1 = FOG OR MIST
DPTR FM NORMAL:   0.4   DPTR FM NORMAL:   -1.55    2 = FOG REDUCING VISIBILITY
HIGHEST:    93 ON 27, 9 GRTST 24HR  0.89 ON 17-18      TO 1/4 MILE OR LESS
LOWEST:     70 ON  2, 1                            3 = THUNDER
                        SNOW, ICE PELLETS, HAIL    4 = ICE PELLETS
                        TOTAL MONTH:   0.0 INCH    5 = HAIL
                        GRTST 24HR     0.0         6 = FREEZING RAIN OR DRIZZLE
                        GRTST DEPTH:   0           7 = DUSTSTORM OR SANDSTORM:
                                                       VSBY 1/2 MILE OR LESS
                                                   8 = SMOKE OR HAZE
[NO. OF DAYS WITH]      [WEATHER - DAYS WITH]      9 = BLOWING SNOW
                                                   X = TORNADO
MAX 32 OR BELOW:   0    0.01 INCH OR MORE:   7
MAX 90 OR ABOVE:  19    0.10 INCH OR MORE:   5
MIN 32 OR BELOW:   0    0.50 INCH OR MORE:   1
MIN  0 OR BELOW:   0    1.00 INCH OR MORE:   0

[HDD (BASE 65) ]
TOTAL THIS MO.     0    CLEAR  (SCALE 0-3)   3
DPTR FM NORMAL     0    PTCLDY (SCALE 4-7)  18
TOTAL FM JUL 1  1053    CLOUDY (SCALE 8-10)  7
DPTR FM NORMAL   155

[CDD (BASE 65) ]
TOTAL THIS MO.   502
DPTR FM NORMAL    18    [PRESSURE DATA]
TOTAL FM JAN 1  1332    HIGHEST SLP M ON M
DPTR FM NORMAL     7    LOWEST  SLP 29.75 ON 11

[REMARKS]
