000
CXUS56 KSGX 301445
CF6CRQ
PRELIMINARY LOCAL CLIMATOLOGICAL DATA (WS FORM: F-6)

                                          STATION:   CARLSBAD PALOMAR AIRPORT CA
                                          MONTH:     AUGUST
                                          YEAR:      2015
                                          LATITUDE:   33  7 N
                                          LONGITUDE: 117 17 W

  TEMPERATURE IN F:       :PCPN:    SNOW:  WIND      :SUNSHINE: SKY     :PK WND
================================================================================
1   2   3   4   5  6A  6B    7    8   9   10  11  12  13   14  15   16   17  18
                                     12Z  AVG MX 2MIN
DY MAX MIN AVG DEP HDD CDD  WTR  SNW DPTH SPD SPD DIR MIN PSBL S-S WX    SPD DR
================================================================================

 1  74  68  71   2   0   6 0.00  0.0    0  4.9 13 250   M    M   8 18     18 240
 2  75  67  71   2   0   6 0.00  0.0    0  4.5 12 250   M    M   8 18     15 250
 3  76  68  72   3   0   7 0.00  0.0    0  4.0 13 240   M    M   5 1      18 260
 4  79  68  74   4   0   9 0.00  0.0    0  4.7 12 260   M    M   M 18     18 280
 5  82  67  75   5   0  10 0.00  0.0    0  3.7 12 260   M    M   0        19 270
 6  76  68  72   2   0   7 0.00  0.0    0  4.6 12 250   M    M   2 1      16 260
 7  73  67  70   0   0   5 0.00  0.0    0  4.8 14 240   M    M   7        23 260
 8  75  67  71   1   0   6 0.00  0.0    0  4.7 14 260   M    M   5        20 230
 9  73  67  70   0   0   5 0.00  0.0    0  3.8 14 250   M    M   6        20 250
10  74  66  70   0   0   5 0.00  0.0    0  4.6 15 250   M    M   6        21 260
11  74  67  71   1   0   6 0.00  0.0    0  3.7 13 250   M    M   5        20 260
12  77  64  71   1   0   6 0.00  0.0    0  3.4 12 250   M    M   1        17 250
13  80  68  74   4   0   9 0.00  0.0    0  3.4 12 250   M    M   0        17 260
14  81  68  75   5   0  10 0.00  0.0    0  3.5 12 260   M    M   0        15 270
15  84  69  77   7   0  12 0.00  0.0    0  3.6 12 250   M    M   0        16 240
16  87  68  78   8   0  13 0.00  0.0    0  4.5 10 180   M    M   1 18     14 230
17  78  70  74   4   0   9 0.00  0.0    0  5.6 20 210   M    M   5 18     24 220
18  77  69  73   3   0   8 0.00  0.0    0  5.0 13 240   M    M   5        17 260
19  75  68  72   2   0   7 0.00  0.0    0  5.0 13 250   M    M   5        19 250
20  74  67  71   1   0   6 0.00  0.0    0  6.5 13 260   M    M   6        17 260
21  74  67  71   1   0   6 0.00  0.0    0  6.2 14 260   M    M   7 8      17 280
22  76  68  72   2   0   7 0.00  0.0    0  4.3 13 230   M    M   7        20 260
23  75  67  71   1   0   6 0.00  0.0    0  4.2 13 250   M    M   8 8      17 250
24  75  68  72   2   0   7 0.00  0.0    0  3.5 12 230   M    M   6 18     16 250
25  86  68  77   7   0  12    T  0.0    0  3.8 13 190   M    M   3 18     15 190
26  83  70  77   7   0  12 0.00  0.0    0  3.7 10 240   M    M   3 18     14 270
27  86  70  78   8   0  13 0.00  0.0    0  3.0 10 240   M    M   0 18     15 260
28  89  71  80  10   0  15 0.00  0.0    0  3.5 12 250   M    M   0 1      14 270
29  84  70  77   7   0  12 0.00  0.0    0  4.3 12 250   M    M   2 12     16 250
================================================================================
SM 2272 1970         0 242    T      0.0 125.0          M      111
================================================================================
AV 78.3 67.9                               4.3 FASTST   M    M   4    MAX(MPH)
                                 MISC ---->  # 20 210               # 24  220
================================================================================
NOTES:
# LAST OF SEVERAL OCCURRENCES

COLUMN 17 PEAK WIND IN M.P.H.

PRELIMINARY LOCAL CLIMATOLOGICAL DATA (WS FORM: F-6) , PAGE 2

                                          STATION:  CARLSBAD PALOMAR AIRPORT CA
                                          MONTH:    AUGUST
                                          YEAR:     2015
                                          LATITUDE:   33  7 N
                                          LONGITUDE: 117 17 W

[TEMPERATURE DATA]      [PRECIPITATION DATA]       SYMBOLS USED IN COLUMN 16

AVERAGE MONTHLY: 73.1   TOTAL FOR MONTH:      T    1 = FOG OR MIST
DPTR FM NORMAL:   3.2   DPTR FM NORMAL:   -0.08    2 = FOG REDUCING VISIBILITY
HIGHEST:    89 ON 28    GRTST 24HR    T  ON 25-25      TO 1/4 MILE OR LESS
LOWEST:     64 ON 12                               3 = THUNDER
                        SNOW, ICE PELLETS, HAIL    4 = ICE PELLETS
                        TOTAL MONTH:   0.0 INCH    5 = HAIL
                        GRTST 24HR     0.0         6 = FREEZING RAIN OR DRIZZLE
                        GRTST DEPTH:   0           7 = DUSTSTORM OR SANDSTORM:
                                                       VSBY 1/2 MILE OR LESS
                                                   8 = SMOKE OR HAZE
[NO. OF DAYS WITH]      [WEATHER - DAYS WITH]      9 = BLOWING SNOW
                                                   X = TORNADO
MAX 32 OR BELOW:   0    0.01 INCH OR MORE:   0
MAX 90 OR ABOVE:   0    0.10 INCH OR MORE:   0
MIN 32 OR BELOW:   0    0.50 INCH OR MORE:   0
MIN  0 OR BELOW:   0    1.00 INCH OR MORE:   0

[HDD (BASE 65) ]
TOTAL THIS MO.     0    CLEAR  (SCALE 0-3)  12
DPTR FM NORMAL     0    PTCLDY (SCALE 4-7)  16
TOTAL FM JUL 1     0    CLOUDY (SCALE 8-10)  0
DPTR FM NORMAL    -3

[CDD (BASE 65) ]
TOTAL THIS MO.   242
DPTR FM NORMAL   101    [PRESSURE DATA]
TOTAL FM JAN 1   606    HIGHEST SLP M ON M
DPTR FM NORMAL   310    LOWEST  SLP 29.75 ON  6

[REMARKS]
