000
CXUS51 KRLX 211251
CF6CRW
PRELIMINARY LOCAL CLIMATOLOGICAL DATA (WS FORM: F-6)

                                          STATION:   CHARLESTON WV
                                          MONTH:     JANUARY
                                          YEAR:      2018
                                          LATITUDE:   38 22 N
                                          LONGITUDE:  81 36 W

  TEMPERATURE IN F:       :PCPN:    SNOW:  WIND      :SUNSHINE: SKY     :PK WND
================================================================================
1   2   3   4   5  6A  6B    7    8   9   10  11  12  13   14  15   16   17  18
                                     12Z  AVG MX 2MIN
DY MAX MIN AVG DEP HDD CDD  WTR  SNW DPTH SPD SPD DIR MIN PSBL S-S WX    SPD DR
================================================================================

 1  19   5  12 -22  53   0    T    T    T  5.0 17 260   M    M   4 1      21 250
 2  21  -2  10 -24  55   0 0.00  0.0    T  1.3  8 230   M    M   0        11 260
 3  32   0  16 -18  49   0 0.00  0.0    T  1.8 13 330   M    M   4        19 320
 4  24  14  19 -15  46   0    T  0.1    T 11.8 24 320   M    M  10        35 280
 5  19  11  15 -19  50   0    T  0.2    T  8.3 18 320   M    M   9        27 310
 6  17   2  10 -24  55   0 0.00  0.0    T  3.9 14 330   M    M   7        17 320
 7  38  -1  19 -15  46   0 0.00  0.0    T  0.9  7 190   M    M   3        10 180
 8  39  26  33  -1  32   0 0.33    T    0  2.7 13 200   M    M  10 146    16 200
 9  48  30  39   5  26   0 0.00  0.0    0  1.7  7  50   M    M   7 12      9 250
10  67  30  49  15  16   0 0.00  0.0    0  4.1 15 150   M    M   5 1      19 140
11  71  42  57  23   8   0 0.18  0.0    0  4.3 23 140   M    M   5 1      31 130
12  66  29  48  14  17   0 1.64  0.2    0  4.7 22 320   M    M  10 14     33 320
13  29  16  23 -11  42   0 0.06  1.4    1  9.4 28 320   M    M   9 18     38 330
14  23  13  18 -16  47   0    T  0.1    2  3.2 10  80   M    M   7        12  70
15  40  10  25  -9  40   0 0.00  0.0    1  3.2 14 180   M    M   7        17 160
16  35  13  24 -10  41   0 0.14  4.3    T  4.8 13 330   M    M  10 1      19 320
17  13   7  10 -24  55   0    T  0.2    4  5.1 13 330   M    M   9        18 320
18  31   8  20 -14  45   0 0.00  0.0    3  8.1 17 230   M    M   1 8      24 220
19  43  14  29  -5  36   0 0.00  0.0    2  4.1 14 200   M    M   1        18 200
20  56  27  42   8  23   0 0.00  0.0    1  7.8 20 240   M    M   5        27 240
================================================================================
SM  731  294       782   0  2.35     6.5  96.2          M      123
================================================================================
AV 36.6 14.7                               4.8 FASTST   M    M   6    MAX(MPH)
                                 MISC ---->  # 28 320               # 38  330
================================================================================
NOTES:
# LAST OF SEVERAL OCCURRENCES

COLUMN 17 PEAK WIND IN M.P.H.

PRELIMINARY LOCAL CLIMATOLOGICAL DATA (WS FORM: F-6) , PAGE 2

                                          STATION:  CHARLESTON WV
                                          MONTH:    JANUARY
                                          YEAR:     2018
                                          LATITUDE:   38 22 N
                                          LONGITUDE:  81 36 W

[TEMPERATURE DATA]      [PRECIPITATION DATA]       SYMBOLS USED IN COLUMN 16

AVERAGE MONTHLY: 25.6   TOTAL FOR MONTH:   2.35    1 = FOG OR MIST
DPTR FM NORMAL:  -8.4   DPTR FM NORMAL:    0.43    2 = FOG REDUCING VISIBILITY
HIGHEST:    71 ON 11    GRTST 24HR  1.64 ON 12-12      TO 1/4 MILE OR LESS
LOWEST:     -2 ON  2                               3 = THUNDER
                        SNOW, ICE PELLETS, HAIL    4 = ICE PELLETS
                        TOTAL MONTH:   6.5 INCHES  5 = HAIL
                        GRTST 24HR   4.3 ON 16-16  6 = FREEZING RAIN OR DRIZZLE
                        GRTST DEPTH:   4 ON 17     7 = DUSTSTORM OR SANDSTORM:
                                                       VSBY 1/2 MILE OR LESS
                                                   8 = SMOKE OR HAZE
[NO. OF DAYS WITH]      [WEATHER - DAYS WITH]      9 = BLOWING SNOW
                                                   X = TORNADO
MAX 32 OR BELOW:  10    0.01 INCH OR MORE:   5
MAX 90 OR ABOVE:   0    0.10 INCH OR MORE:   4
MIN 32 OR BELOW:  19    0.50 INCH OR MORE:   1
MIN  0 OR BELOW:   3    1.00 INCH OR MORE:   1

[HDD (BASE 65) ]
TOTAL THIS MO.   782    CLEAR  (SCALE 0-3)   3
DPTR FM NORMAL   163    PTCLDY (SCALE 4-7)  10
TOTAL FM JUL 1  2466    CLOUDY (SCALE 8-10)  7
DPTR FM NORMAL   107

[CDD (BASE 65) ]
TOTAL THIS MO.     0
DPTR FM NORMAL     0    [PRESSURE DATA]
TOTAL FM JAN 1     0    HIGHEST SLP M ON M
DPTR FM NORMAL     0    LOWEST  SLP 29.56 ON 12

[REMARKS]
