000
CXUS51 KRLX 271141
CF6CRW
PRELIMINARY LOCAL CLIMATOLOGICAL DATA (WS FORM: F-6)

                                          STATION:   CHARLESTON WV
                                          MONTH:     AUGUST
                                          YEAR:      2016
                                          LATITUDE:   38 22 N
                                          LONGITUDE:  81 36 W

  TEMPERATURE IN F:       :PCPN:    SNOW:  WIND      :SUNSHINE: SKY     :PK WND
================================================================================
1   2   3   4   5  6A  6B    7    8   9   10  11  12  13   14  15   16   17  18
                                     12Z  AVG MX 2MIN
DY MAX MIN AVG DEP HDD CDD  WTR  SNW DPTH SPD SPD DIR MIN PSBL S-S WX    SPD DR
================================================================================

 1  87  67  77   2   0  12 0.00  0.0    0  2.6 20 230   M    M   6 1      23 230
 2  85  69  77   2   0  12 0.00  0.0    0  1.0  9 230   M    M   8 18     12 250
 3  83  71  77   2   0  12 0.90  0.0    0  4.0 17 140   M    M   8 18     22 160
 4  86  68  77   2   0  12 0.00  0.0    0  6.0 15 140   M    M   4 1      20 140
 5  86  69  78   3   0  13 0.19  0.0    0  2.2 13 210   M    M   6 138    17 280
 6  83  71  77   2   0  12 0.08  0.0    0  3.3 12 270   M    M   6 13     16 290
 7  85  65  75   0   0  10 0.00  0.0    0  2.4 12  60   M    M   5 128    15  50
 8  76  64  70  -5   0   5 0.22  0.0    0  4.9  9  70   M    M   9 13     17  80
 9  90  69  80   5   0  15 0.00  0.0    0  3.8 12 160   M    M   7 1      16 150
10  92  70  81   6   0  16 0.00  0.0    0  2.2 12 210   M    M   4        15 190
11  93  72  83   8   0  18 0.00  0.0    0  2.5 12 200   M    M   4 1      13 200
12  93  74  84   9   0  19 0.03  0.0    0  3.0 12 190   M    M   4 13     18 260
13  94  75  85  10   0  20 0.08  0.0    0  5.0 18 230   M    M   5 13     26 230
14  91  73  82   7   0  17 0.00  0.0    0  4.1 16 220   M    M   7 3      23 250
15  94  70  82   7   0  17 0.15  0.0    0  3.1 20 140   M    M   6 13     27 270
16  92  69  81   6   0  16 0.01  0.0    0  5.8 26 190   M    M   5 13     39 280
17  86  69  78   3   0  13 0.84  0.0    0  2.6 20 310   M    M   8 1238   30 310
18  85  72  79   5   0  14 0.00  0.0    0  3.0 10 250   M    M   7 12     12 240
19  85  71  78   4   0  13 0.02  0.0    0  2.6  9 260   M    M   7 1238   13 260
20  87  68  78   4   0  13 0.19  0.0    0  4.7 23 230   M    M   6 123    33 230
21  80  64  72  -2   0   7 0.41  0.0    0  4.8 23 280   M    M   7 18     32 260
22  80  60  70  -4   0   5 0.00  0.0    0  2.4 12 270   M    M   4 128    15 280
23  85  56  71  -3   0   6 0.00  0.0    0  1.7  9 240   M    M   2 1      12 230
24  86  62  74   0   0   9 0.00  0.0    0  3.5 14 230   M    M   5 12     18 180
25  90  72  81   7   0  16 0.00  0.0    0  5.6 14 230   M    M   5        20 230
26  93  70  82   9   0  17 0.00  0.0    0  0.4  6  60   M    M   3 1       9 200
================================================================================
SM 2267 1780         0 339  3.12     0.0  87.2          M      148
================================================================================
AV 87.2 68.5                               3.4 FASTST   M    M   6    MAX(MPH)
                                 MISC ---->  # 26 190               # 39  280
================================================================================
NOTES:
# LAST OF SEVERAL OCCURRENCES

COLUMN 17 PEAK WIND IN M.P.H.

PRELIMINARY LOCAL CLIMATOLOGICAL DATA (WS FORM: F-6) , PAGE 2

                                          STATION:  CHARLESTON WV
                                          MONTH:    AUGUST
                                          YEAR:     2016
                                          LATITUDE:   38 22 N
                                          LONGITUDE:  81 36 W

[TEMPERATURE DATA]      [PRECIPITATION DATA]       SYMBOLS USED IN COLUMN 16

AVERAGE MONTHLY: 77.8   TOTAL FOR MONTH:   3.12    1 = FOG OR MIST
DPTR FM NORMAL:   3.2   DPTR FM NORMAL:   -0.07    2 = FOG REDUCING VISIBILITY
HIGHEST:    94 ON 15,13 GRTST 24HR  0.90 ON  3- 3      TO 1/4 MILE OR LESS
LOWEST:     56 ON 23                               3 = THUNDER
                        SNOW, ICE PELLETS, HAIL    4 = ICE PELLETS
                        TOTAL MONTH:   0.0 INCH    5 = HAIL
                        GRTST 24HR     0.0         6 = FREEZING RAIN OR DRIZZLE
                        GRTST DEPTH:   0           7 = DUSTSTORM OR SANDSTORM:
                                                       VSBY 1/2 MILE OR LESS
                                                   8 = SMOKE OR HAZE
[NO. OF DAYS WITH]      [WEATHER - DAYS WITH]      9 = BLOWING SNOW
                                                   X = TORNADO
MAX 32 OR BELOW:   0    0.01 INCH OR MORE:  12
MAX 90 OR ABOVE:  10    0.10 INCH OR MORE:   7
MIN 32 OR BELOW:   0    0.50 INCH OR MORE:   2
MIN  0 OR BELOW:   0    1.00 INCH OR MORE:   0

[HDD (BASE 65) ]
TOTAL THIS MO.     0    CLEAR  (SCALE 0-3)   2
DPTR FM NORMAL     0    PTCLDY (SCALE 4-7)  23
TOTAL FM JUL 1     0    CLOUDY (SCALE 8-10)  1
DPTR FM NORMAL     0

[CDD (BASE 65) ]
TOTAL THIS MO.   339
DPTR FM NORMAL    88    [PRESSURE DATA]
TOTAL FM JAN 1  1100    HIGHEST SLP M ON M
DPTR FM NORMAL   195    LOWEST  SLP 29.75 ON 21

[REMARKS]
