000
CXUS52 KFFC 241110
CF6CSG
PRELIMINARY LOCAL CLIMATOLOGICAL DATA (WS FORM: F-6)

                                          STATION:   COLUMBUS
                                          MONTH:     AUGUST
                                          YEAR:      2016
                                          LATITUDE:   32 31 N
                                          LONGITUDE:  84 56 W

  TEMPERATURE IN F:       :PCPN:    SNOW:  WIND      :SUNSHINE: SKY     :PK WND
================================================================================
1   2   3   4   5  6A  6B    7    8   9   10  11  12  13   14  15   16   17  18
                                     12Z  AVG MX 2MIN
DY MAX MIN AVG DEP HDD CDD  WTR  SNW DPTH SPD SPD DIR MIN PSBL S-S WX    SPD DR
================================================================================

 1  92  72  82  -1   0  17 0.58  0.0    0  3.4 33 230   M    M   4 138    46 230
 2  94  73  84   1   0  19    T  0.0    0  3.2 17  30   M    M   6 13     25  20
 3  96  71  84   2   0  19 0.00  0.0    0  5.7 13 320   M    M   4        21 340
 4  93  75  84   2   0  19 0.16  0.0    0  3.9 17  70   M    M   1 3      25  60
 5  94  74  84   2   0  19 0.05  0.0    0  4.6 21 110   M    M   2 3      25 120
 6  96  73  85   3   0  20    T  0.0    0  3.6 14 210   M    M   2 3      17 220
 7  94  76  85   3   0  20 0.50  0.0    0  3.7 22  70   M    M   1 13     28  80
 8  91  75  83   1   0  18    T  0.0    0  7.5 15  90   M    M   4        20  80
 9  85  75  80  -2   0  15 0.10  0.0    0  8.3 20 110   M    M   9 1      28 110
10  88  74  81  -1   0  16    T  0.0    0 11.1 22 130   M    M   9 1      30 140
11  92  74  83   1   0  18 0.08  0.0    0  9.2 21 210   M    M   6 8      26 210
12  91  72  82   0   0  17 0.19  0.0    0  6.3 20 240   M    M   5 38     23 240
13  91  74  83   1   0  18 0.31  0.0    0  4.7 26 210   M    M   4 13     35 220
14  92  71  82   0   0  17    T  0.0    0  5.3 20 220   M    M   2 3      24 200
15  93  73  83   1   0  18 0.00  0.0    0  4.4 14 130   M    M   1 8      18 150
16  95  75  85   3   0  20    T  0.0    0  4.4 14 120   M    M   2 3      18 220
17  96  73  85   3   0  20 1.27  0.0    0  3.6 22 110   M    M   4 13     29 120
18  91  73  82   0   0  17 0.11  0.0    0  4.8 30 190   M    M   1 38     36 190
19  94  73  84   2   0  19 0.15  0.0    0  5.3 16 300   M    M   2 13     22 250
20  90  76  83   1   0  18    T  0.0    0  5.1 17 230   M    M   2 3      22 240
21  93  75  84   2   0  19 0.00  0.0    0  7.4 17 320   M    M   3        21 310
22  94  74  84   2   0  19 0.00  0.0    0  3.6 12  40   M    M   1        22  30
23  96  75  86   4   0  21 0.87  0.0    0  3.5 13 140   M    M   3 13     16 150
================================================================================
SM 2131 1696         0 423  4.37     0.0 122.6          M       78
================================================================================
AV 92.7 73.7                               5.3 FASTST   M    M   3    MAX(MPH)
                                 MISC ---->  # 33 230               # 46  230
================================================================================
NOTES:
# LAST OF SEVERAL OCCURRENCES

COLUMN 17 PEAK WIND IN M.P.H.

PRELIMINARY LOCAL CLIMATOLOGICAL DATA (WS FORM: F-6) , PAGE 2

                                          STATION:  COLUMBUS
                                          MONTH:    AUGUST
                                          YEAR:     2016
                                          LATITUDE:   32 31 N
                                          LONGITUDE:  84 56 W

[TEMPERATURE DATA]      [PRECIPITATION DATA]       SYMBOLS USED IN COLUMN 16

AVERAGE MONTHLY: 83.2   TOTAL FOR MONTH:   4.37    1 = FOG OR MIST
DPTR FM NORMAL:   1.1   DPTR FM NORMAL:    1.51    2 = FOG REDUCING VISIBILITY
HIGHEST:    96 ON 23,17 GRTST 24HR  1.38 ON 17-18      TO 1/4 MILE OR LESS
LOWEST:     71 ON 14, 3                            3 = THUNDER
                        SNOW, ICE PELLETS, HAIL    4 = ICE PELLETS
                        TOTAL MONTH:   0.0 INCH    5 = HAIL
                        GRTST 24HR     0.0         6 = FREEZING RAIN OR DRIZZLE
                        GRTST DEPTH:   0           7 = DUSTSTORM OR SANDSTORM:
                                                       VSBY 1/2 MILE OR LESS
                                                   8 = SMOKE OR HAZE
[NO. OF DAYS WITH]      [WEATHER - DAYS WITH]      9 = BLOWING SNOW
                                                   X = TORNADO
MAX 32 OR BELOW:   0    0.01 INCH OR MORE:  12
MAX 90 OR ABOVE:  21    0.10 INCH OR MORE:  10
MIN 32 OR BELOW:   0    0.50 INCH OR MORE:   4
MIN  0 OR BELOW:   0    1.00 INCH OR MORE:   1

[HDD (BASE 65) ]
TOTAL THIS MO.     0    CLEAR  (SCALE 0-3)  13
DPTR FM NORMAL     0    PTCLDY (SCALE 4-7)   8
TOTAL FM JUL 1     0    CLOUDY (SCALE 8-10)  2
DPTR FM NORMAL     0

[CDD (BASE 65) ]
TOTAL THIS MO.   423
DPTR FM NORMAL    28    [PRESSURE DATA]
TOTAL FM JAN 1  1912    HIGHEST SLP M ON M
DPTR FM NORMAL   169    LOWEST  SLP 29.83 ON  6

[REMARKS]
