000
CXUS55 KCAE 301400
CF6CUB
PRELIMINARY LOCAL CLIMATOLOGICAL DATA (WS FORM: F-6)

                                          STATION:   HAMILTON - OWENS AIRPORT SC
                                          MONTH:     AUGUST
                                          YEAR:      2016
                                          LATITUDE:   33 58 N
                                          LONGITUDE:  80 59 W

  TEMPERATURE IN F:       :PCPN:    SNOW:  WIND      :SUNSHINE: SKY     :PK WND
================================================================================
1   2   3   4   5  6A  6B    7    8   9   10  11  12  13   14  15   16   17  18
                                     12Z  AVG MX 2MIN
DY MAX MIN AVG DEP HDD CDD  WTR  SNW DPTH SPD SPD DIR MIN PSBL S-S WX    SPD DR
================================================================================

 1  96  71  84   2   0  19 3.67    M    M  5.0 29 320   M    M   4 138    46 330
 2  92  75  84   2   0  19 0.01    M    M  5.5 18 270   M    M   5 38     24 260
 3  91  74  83   1   0  18 1.15    M    M  2.0 10 230   M    M   5 138    16  30
 4  89  76  83   1   0  18 0.19    M    M  3.0 16 170   M    M   8 13     21 160
 5  91  76  84   2   0  19 0.01    M    M  1.6 13 290   M    M   4 13     17 160
 6  94  76  85   3   0  20 0.13    M    M  4.3 13 160   M    M   3 3      18 160
 7  93  77  85   3   0  20 0.00    M    M  5.1 12 160   M    M   2        17 150
 8  92  78  85   3   0  20 0.06    M    M  4.3 18 160   M    M   3        26 170
 9  89  77  83   1   0  18 0.06    M    M  3.6 22 170   M    M   3 8      29 170
10  90  76  83   1   0  18 0.01    M    M  3.5 12 170   M    M   3 3      17 160
11  93  78  86   4   0  21 0.12    M    M  2.3 13 120   M    M   4 13     19 130
12  93  78  86   4   0  21 0.00    M    M  3.6 12 160   M    M   5 1      16 150
13  95  77  86   4   0  21 0.00    M    M  5.2 15 190   M    M   1        20 160
14  97  78  88   6   0  23 0.00    M    M  4.2 13 160   M    M   1        17 150
15  96  77  87   6   0  22 0.00    M    M  2.6 15 160   M    M   0        20 160
16  96  76  86   5   0  21 0.00    M    M  2.8 13 170   M    M   0        16 150
17  97  77  87   6   0  22 0.00    M    M  3.9 13 180   M    M   1        18 160
18  96  76  86   5   0  21    T    M    M  3.7 21 230   M    M   1 3      26 240
19  94  74  84   3   0  19 0.26    M    M  2.7 20 290   M    M   1 13     27 290
20  94  75  85   4   0  20 0.00    M    M  4.1 16 270   M    M   3        20 280
21  96  75  86   5   0  21 0.00    M    M  6.7 17 250   M    M   1        23 300
22  92  77  85   4   0  20 0.00    M    M  2.5 10  70   M    M   3        16  70
23  93  73  83   3   0  18 0.00    M    M  1.9 10 170   M    M   3        13 180
24  92  72  82   2   0  17 0.00    M    M  2.1 10 170   M    M   2        13 170
25  94  69  82   2   0  17 0.00    M    M  1.5  9 170   M    M   1        12 160
26  97  73  85   5   0  20 0.00    M    M  2.7 14 170   M    M   1        19 160
27  97  75  86   6   0  21 0.00    M    M  3.4 14 170   M    M   2        18 130
28  96  76  86   6   0  21 0.00    M    M  2.9 12  20   M    M   4        18  20
29  92  76  84   4   0  19 0.15    M    M  2.2 12 360   M    M   3 38     19  10
================================================================================
SM 2717 2188         0 574  5.82    M     98.9          M       77
================================================================================
AV 93.7 75.4                               3.4 FASTST   M    M   3    MAX(MPH)
                                 MISC ---->  # 29 320               # 46  330
================================================================================
NOTES:
# LAST OF SEVERAL OCCURRENCES

COLUMN 17 PEAK WIND IN M.P.H.

PRELIMINARY LOCAL CLIMATOLOGICAL DATA (WS FORM: F-6) , PAGE 2

                                          STATION:  HAMILTON - OWENS AIRPORT SC
                                          MONTH:    AUGUST
                                          YEAR:     2016
                                          LATITUDE:   33 58 N
                                          LONGITUDE:  80 59 W

[TEMPERATURE DATA]      [PRECIPITATION DATA]       SYMBOLS USED IN COLUMN 16

AVERAGE MONTHLY: 84.6   TOTAL FOR MONTH:   5.82    1 = FOG OR MIST
DPTR FM NORMAL:   3.3   DPTR FM NORMAL:    1.10    2 = FOG REDUCING VISIBILITY
HIGHEST:    97 ON 27,26 GRTST 24HR  3.67 ON  1- 1      TO 1/4 MILE OR LESS
LOWEST:     69 ON 25                               3 = THUNDER
                        SNOW, ICE PELLETS, HAIL    4 = ICE PELLETS
                        TOTAL MONTH:    M          5 = HAIL
                        GRTST 24HR    M  ON   M    6 = FREEZING RAIN OR DRIZZLE
                        GRTST DEPTH:  M  ON   M    7 = DUSTSTORM OR SANDSTORM:
                                                       VSBY 1/2 MILE OR LESS
                                                   8 = SMOKE OR HAZE
[NO. OF DAYS WITH]      [WEATHER - DAYS WITH]      9 = BLOWING SNOW
                                                   X = TORNADO
MAX 32 OR BELOW:   0    0.01 INCH OR MORE:  12
MAX 90 OR ABOVE:  27    0.10 INCH OR MORE:   7
MIN 32 OR BELOW:   0    0.50 INCH OR MORE:   2
MIN  0 OR BELOW:   0    1.00 INCH OR MORE:   2

[HDD (BASE 65) ]
TOTAL THIS MO.     0    CLEAR  (SCALE 0-3)  20
DPTR FM NORMAL     0    PTCLDY (SCALE 4-7)   8
TOTAL FM JUL 1     0    CLOUDY (SCALE 8-10)  1
DPTR FM NORMAL     0

[CDD (BASE 65) ]
TOTAL THIS MO.   574
DPTR FM NORMAL   101    [PRESSURE DATA]
TOTAL FM JAN 1  2199    HIGHEST SLP M ON M
DPTR FM NORMAL   410    LOWEST  SLP 29.81 ON  6

[REMARKS]
