000
CXUS55 KCAE 231400
CF6CUB
PRELIMINARY LOCAL CLIMATOLOGICAL DATA (WS FORM: F-6)

                                          STATION:   HAMILTON - OWENS AIRPORT SC
                                          MONTH:     JULY
                                          YEAR:      2017
                                          LATITUDE:   33 58 N
                                          LONGITUDE:  80 59 W

  TEMPERATURE IN F:       :PCPN:    SNOW:  WIND      :SUNSHINE: SKY     :PK WND
================================================================================
1   2   3   4   5  6A  6B    7    8   9   10  11  12  13   14  15   16   17  18
                                     12Z  AVG MX 2MIN
DY MAX MIN AVG DEP HDD CDD  WTR  SNW DPTH SPD SPD DIR MIN PSBL S-S WX    SPD DR
================================================================================

 1  92  73  83   1   0  18 0.00  0.0    0  5.6 13 250   M    M   6 3      17 240
 2  95  74  85   3   0  20 0.00  0.0    0  5.3 12 260   M    M   0        15 260
 3  94  74  84   2   0  19 0.04    M    M  3.3 20 230   M    M   1 13     28 230
 4  94  74  84   2   0  19 0.00    M    M  3.7 12 280   M    M   3 13     18  30
 5  97  74  86   4   0  21 0.00    M    M  5.0 14 270   M    M   1        20 270
 6  97  75  86   4   0  21 0.85    M    M  3.9 36 250   M    M   2 138    48 230
 7  96  74  85   3   0  20 0.02    M    M  5.2 21 270   M    M   1 38     27 280
 8  96  75  86   4   0  21 0.00    M    M  7.2 16 270   M    M   1 3      23 260
 9  93  73  83   0   0  18 0.01    M    M  2.4 12 200   M    M   3        13 200
10  91  74  83   0   0  18 0.65    M    M  2.1 17 320   M    M   1 138    23 290
11  93  73  83   0   0  18 0.71    M    M  3.3 16 160   M    M   2 138    21 160
12  94  75  85   2   0  20 0.00    M    M  4.5 10 160   M    M   0        14 200
13  95  76  86   3   0  21 0.00    M    M  5.7 12 180   M    M   0        15 170
14  97  78  88   5   0  23 0.00    M    M  5.8 12 200   M    M   1        17 200
15  97  74  86   3   0  21 1.24    M    M  5.3 22 170   M    M   3 138    26 170
16  90  72  81  -2   0  16 0.22    M    M  4.5 12 180   M    M   4 13     17 170
17  85  72  79  -4   0  14 0.00    M    M  3.1 14 160   M    M   5        18 160
18  91  75  83   0   0  18 0.07    M    M  2.2 14 310   M    M   5 13     22 330
19  93  72  83   0   0  18 0.00    M    M  3.1 15 170   M    M   0 3      23 210
20  96  72  84   1   0  19 0.00    M    M  3.0 12 200   M    M   0 3      18  80
21  96  74  85   2   0  20 0.00    M    M  2.5 14 260   M    M   1 3      18 250
22  95  75  85   2   0  20 0.00    M    M  5.2 12 230   M    M   0        15 160
================================================================================
SM 2067 1628         0 423  3.81     0.0  91.9          M       40
================================================================================
AV 94.0 74.0                               4.2 FASTST   M    M   2    MAX(MPH)
                                 MISC ---->  # 36 250               # 48  230
================================================================================
NOTES:
# LAST OF SEVERAL OCCURRENCES

COLUMN 17 PEAK WIND IN M.P.H.

PRELIMINARY LOCAL CLIMATOLOGICAL DATA (WS FORM: F-6) , PAGE 2

                                          STATION:  HAMILTON - OWENS AIRPORT SC
                                          MONTH:    JULY
                                          YEAR:     2017
                                          LATITUDE:   33 58 N
                                          LONGITUDE:  80 59 W

[TEMPERATURE DATA]      [PRECIPITATION DATA]       SYMBOLS USED IN COLUMN 16

AVERAGE MONTHLY: 84.0   TOTAL FOR MONTH:   3.81    1 = FOG OR MIST
DPTR FM NORMAL:   1.3   DPTR FM NORMAL:   -0.07    2 = FOG REDUCING VISIBILITY
HIGHEST:    97 ON 15,14 GRTST 24HR  1.24 ON 15-15      TO 1/4 MILE OR LESS
LOWEST:     72 ON 20,19                            3 = THUNDER
                        SNOW, ICE PELLETS, HAIL    4 = ICE PELLETS
                        TOTAL MONTH:   0.0 INCH    5 = HAIL
                        GRTST 24HR     0.0         6 = FREEZING RAIN OR DRIZZLE
                        GRTST DEPTH:   0           7 = DUSTSTORM OR SANDSTORM:
                                                       VSBY 1/2 MILE OR LESS
                                                   8 = SMOKE OR HAZE
[NO. OF DAYS WITH]      [WEATHER - DAYS WITH]      9 = BLOWING SNOW
                                                   X = TORNADO
MAX 32 OR BELOW:   0    0.01 INCH OR MORE:   9
MAX 90 OR ABOVE:  21    0.10 INCH OR MORE:   5
MIN 32 OR BELOW:   0    0.50 INCH OR MORE:   4
MIN  0 OR BELOW:   0    1.00 INCH OR MORE:   1

[HDD (BASE 65) ]
TOTAL THIS MO.     0    CLEAR  (SCALE 0-3)  17
DPTR FM NORMAL     0    PTCLDY (SCALE 4-7)   5
TOTAL FM JUL 1     0    CLOUDY (SCALE 8-10)  0
DPTR FM NORMAL     0

[CDD (BASE 65) ]
TOTAL THIS MO.   423
DPTR FM NORMAL    34    [PRESSURE DATA]
TOTAL FM JAN 1  1393    HIGHEST SLP M ON M
DPTR FM NORMAL   235    LOWEST  SLP 29.88 ON  8

[REMARKS]
