000
CXUS51 KILN 230541
CF6CVG
PRELIMINARY LOCAL CLIMATOLOGICAL DATA (WS FORM: F-6)

                                          STATION:   CINCINNATI OH
                                          MONTH:     APRIL
                                          YEAR:      2014
                                          LATITUDE:   39  2 N
                                          LONGITUDE:  84 40 W

  TEMPERATURE IN F:       :PCPN:    SNOW:  WIND      :SUNSHINE: SKY     :PK WND
================================================================================
1   2   3   4   5  6A  6B    7    8   9   10  11  12  13   14  15   16   17  18
                                     12Z  AVG MX 2MIN
DY MAX MIN AVG DEP HDD CDD  WTR  SNW DPTH SPD SPD DIR MIN PSBL S-S WX    SPD DR
================================================================================

 1  76  52  64  15   1   0    T  0.0    0 12.8 30 250   M    M   7        43 260
 2  59  46  53   3  12   0 0.60  0.0    0  7.9 18 130   M    M   7 138    22 130
 3  63  52  58   8   7   0 1.64  0.0    0 10.0 21 300   M    M  10 13     29 110
 4  63  41  52   2  13   0 0.91  0.0    0 15.4 31 280   M    M  10 13     39 250
 5  52  37  45  -6  20   0 0.00  0.0    0 10.3 25 280   M    M   6        35 290
 6  59  35  47  -4  18   0 0.00  0.0    0  7.3 15  60   M    M   6        20  70
 7  57  44  51   0  14   0 1.02  0.0    0 10.6 26 220   M    M  10 13     37 220
 8  60  43  52   0  13   0 0.02  0.0    0  8.6 22 290   M    M   7 15     26 280
 9  62  40  51  -1  14   0 0.00  0.0    0  7.5 17 310   M    M   2        23 280
10  75  41  58   6   7   0 0.00  0.0    0 14.1 28 190   M    M   5        41 180
11  74  51  63  10   2   0    T  0.0    0 10.2 18 270   M    M   7        26 220
12  78  48  63  10   2   0 0.00  0.0    0 10.7 22 170   M    M   5        29 170
13  81  62  72  19   0   7 0.00  0.0    0 14.1 26 190   M    M   8        37 220
14  72  38  55   1  10   0 0.42    T    0 15.6 32 190   M    M  10 18     46 190
15  40  30  35 -19  30   0 0.23  0.6    1 13.5 22 310   M    M   7 14     28 330
16  51  27  39 -15  26   0 0.00  0.0    0  8.4 16 120   M    M   5        23  90
17  67  37  52  -3  13   0 0.00  0.0    0  7.7 21 210   M    M   4        29 240
18  71  40  56   1   9   0 0.00  0.0    0  3.4 10  10   M    M   8        15  20
19  70  47  59   4   6   0 0.00  0.0    0  9.7 20  60   M    M   3        25  40
20  76  45  61   5   4   0 0.00  0.0    0  3.9  8  30   M    M   5         8  30
21  77  47  62   6   3   0    T  0.0    0  5.2 18 310   M    M   9        23 310
22  70  45  58   2   7   0    T  0.0    0 12.0 24 330   M    M   6 8      31 280
================================================================================
SM 1453  948       231   7  4.84     0.6 218.9          M      147
================================================================================
AV 66.0 43.1                               9.9 FASTST   M    M   7    MAX(MPH)
                                 MISC ---->  # 32 190               # 46  190
================================================================================
NOTES:
# LAST OF SEVERAL OCCURRENCES

COLUMN 17 PEAK WIND IN M.P.H.

PRELIMINARY LOCAL CLIMATOLOGICAL DATA (WS FORM: F-6) , PAGE 2

                                          STATION:  CINCINNATI OH
                                          MONTH:    APRIL
                                          YEAR:     2014
                                          LATITUDE:   39  2 N
                                          LONGITUDE:  84 40 W

[TEMPERATURE DATA]      [PRECIPITATION DATA]       SYMBOLS USED IN COLUMN 16

AVERAGE MONTHLY: 54.6   TOTAL FOR MONTH:   4.84    1 = FOG OR MIST
DPTR FM NORMAL:   1.8   DPTR FM NORMAL:    2.04    2 = FOG REDUCING VISIBILITY
HIGHEST:    81 ON 13    GRTST 24HR  2.13 ON  2- 3      TO 1/4 MILE OR LESS
LOWEST:     27 ON 16                               3 = THUNDER
                        SNOW, ICE PELLETS, HAIL    4 = ICE PELLETS
                        TOTAL MONTH:   0.6 INCH    5 = HAIL
                        GRTST 24HR   0.6 ON   M    6 = FREEZING RAIN OR DRIZZLE
                        GRTST DEPTH:   1 ON 15     7 = DUSTSTORM OR SANDSTORM:
                                                       VSBY 1/2 MILE OR LESS
                                                   8 = SMOKE OR HAZE
[NO. OF DAYS WITH]      [WEATHER - DAYS WITH]      9 = BLOWING SNOW
                                                   X = TORNADO
MAX 32 OR BELOW:   0    0.01 INCH OR MORE:   7
MAX 90 OR ABOVE:   0    0.10 INCH OR MORE:   6
MIN 32 OR BELOW:   2    0.50 INCH OR MORE:   4
MIN  0 OR BELOW:   0    1.00 INCH OR MORE:   2

[HDD (BASE 65) ]
TOTAL THIS MO.   231    CLEAR  (SCALE 0-3)   2
DPTR FM NORMAL   -46    PTCLDY (SCALE 4-7)  15
TOTAL FM JUL 1  5257    CLOUDY (SCALE 8-10)  5
DPTR FM NORMAL   487

[CDD (BASE 65) ]
TOTAL THIS MO.     7
DPTR FM NORMAL    -3    [PRESSURE DATA]
TOTAL FM JAN 1     7    HIGHEST SLP 30.42 ON 16
DPTR FM NORMAL    -3    LOWEST  SLP 29.34 ON  7

[REMARKS]
