000
CXUS53 KUNR 280945
CF6D07
PRELIMINARY LOCAL CLIMATOLOGICAL DATA (WS FORM: F-6)

                                          STATION:   FAITH SD
                                          MONTH:     JULY
                                          YEAR:      2017
                                          LATITUDE:   45  1 N
                                          LONGITUDE: 102  1 W

  TEMPERATURE IN F:       :PCPN:    SNOW:  WIND      :SUNSHINE: SKY     :PK WND
================================================================================
1   2   3   4   5  6A  6B    7    8   9   10  11  12  13   14  15   16   17  18
                                     12Z  AVG MX 2MIN
DY MAX MIN AVG DEP HDD CDD  WTR  SNW DPTH SPD SPD DIR MIN PSBL S-S WX    SPD DR
================================================================================

 1  91  48  70   0   0   5 0.00    M    M 12.7 23 250   M    M   M        38 260
 2  87  53  70   0   0   5 0.13    M    M 12.1 22 120   M    M   M        29 130
 3  93  57  75   4   0  10 0.00    M    M 10.7 20 160   M    M   M        25 170
 4  98  60  79   8   0  14 0.20    M    M 11.4 35 310   M    M   M        42 310
 5 103  63  83  12   0  18 0.00    M    M  8.8 20 190   M    M   M        26 210
 6  93  65  79   8   0  14 0.00    M    M 11.5 26  50   M    M   M        30  50
 7  93  62  78   6   0  13 0.00    M    M  9.7 23 230   M    M   M        31 220
 8  92  61  77   5   0  12 0.00    M    M  8.4 18 130   M    M   M        31 160
 9 104  68  86  14   0  21 0.00    M    M 16.8 29  10   M    M   M        36 180
10  92  63  78   6   0  13 0.00    M    M 13.4 24 150   M    M   M        30 170
11  98  67  83  11   0  18 0.00    M    M 10.7 23 330   M    M   M        31 220
12  85  60  73   1   0   8 0.00    M    M 11.2 21 360   M    M   M        24  10
13  86  53  70  -3   0   5 0.00    M    M  9.7 21 140   M    M   M        27 130
14 102  61  82   9   0  17 0.00    M    M 12.2 25 340   M    M   M        32 340
15  93  65  79   6   0  14 0.00    M    M 12.0 22  50   M    M   M        26  40
16 102  63  83  10   0  18 0.00    M    M 17.3 26 200   M    M   M        34 200
17 100  71  86  13   0  21 0.00    M    M 11.1 36 340   M    M   M        42 320
18  88  61  75   2   0  10 0.06    M    M  9.8 38 350   M    M   M        46 360
19  90  64  77   4   0  12 0.00    M    M 13.2 32  60   M    M   M        37  60
20  99  62  81   8   0  16 0.03    M    M 16.8 32 340   M    M   M        43 360
21  96  66  81   8   0  16 0.08    M    M 12.4 40 130   M    M   M        50 130
22  93  59  76   3   0  11 0.00    M    M 10.1 25 330   M    M   M        30 340
23  91  58  75   2   0  10 0.00    M    M  8.1 22 140   M    M   M        29 150
24  96  64  80   7   0  15 0.01    M    M 11.7 32 110   M    M   M        41 120
25  89  65  77   3   0  12 0.00    M    M 11.5 25  30   M    M   M        31  30
26  90  64  77   3   0  12 0.00    M    M  8.6 16 100   M    M   M        20  70
27  88  60  74   0   0   9 0.07    M    M 12.0 24 160   M    M   M        32 150
================================================================================
SM 2532 1663         0 349  0.58    M    313.9          M        M
================================================================================
AV 93.8 61.6                              11.6 FASTST   M    M   1    MAX(MPH)
                                 MISC ---->  # 40 130               # 50  130
================================================================================
NOTES:
# LAST OF SEVERAL OCCURRENCES

COLUMN 17 PEAK WIND IN M.P.H.

PRELIMINARY LOCAL CLIMATOLOGICAL DATA (WS FORM: F-6) , PAGE 2

                                          STATION:  FAITH SD
                                          MONTH:    JULY
                                          YEAR:     2017
                                          LATITUDE:   45  1 N
                                          LONGITUDE: 102  1 W

[TEMPERATURE DATA]      [PRECIPITATION DATA]       SYMBOLS USED IN COLUMN 16

AVERAGE MONTHLY: 77.7   TOTAL FOR MONTH:   0.58    1 = FOG OR MIST
DPTR FM NORMAL:   5.3   DPTR FM NORMAL:   -1.99    2 = FOG REDUCING VISIBILITY
HIGHEST:   104 ON  9    GRTST 24HR  0.20 ON  4- 4      TO 1/4 MILE OR LESS
LOWEST:     48 ON  1                               3 = THUNDER
                        SNOW, ICE PELLETS, HAIL    4 = ICE PELLETS
                        TOTAL MONTH:    M          5 = HAIL
                        GRTST 24HR    M  ON   M    6 = FREEZING RAIN OR DRIZZLE
                        GRTST DEPTH:  M  ON   M    7 = DUSTSTORM OR SANDSTORM:
                                                       VSBY 1/2 MILE OR LESS
                                                   8 = SMOKE OR HAZE
[NO. OF DAYS WITH]      [WEATHER - DAYS WITH]      9 = BLOWING SNOW
                                                   X = TORNADO
MAX 32 OR BELOW:   0    0.01 INCH OR MORE:   7
MAX 90 OR ABOVE:  21    0.10 INCH OR MORE:   2
MIN 32 OR BELOW:   0    0.50 INCH OR MORE:   0
MIN  0 OR BELOW:   0    1.00 INCH OR MORE:   0

[HDD (BASE 65) ]
TOTAL THIS MO.     0    CLEAR  (SCALE 0-3)   0
DPTR FM NORMAL    -5    PTCLDY (SCALE 4-7)   0
TOTAL FM JUL 1     0    CLOUDY (SCALE 8-10)  0
DPTR FM NORMAL    -5

[CDD (BASE 65) ]
TOTAL THIS MO.   349
DPTR FM NORMAL   137    [PRESSURE DATA]
TOTAL FM JAN 1   487    HIGHEST SLP 30.25 ON 15
DPTR FM NORMAL   175    LOWEST  SLP 29.49 ON 24

[REMARKS]
