000
CXUS51 KRNK 220735
CF6DAN

PRELIMINARY LOCAL CLIMATOLOGICAL DATA (WS FORM: F-6)

                                          STATION:   DANVILLE VA
                                          MONTH:     MAY
                                          YEAR:      2015
                                          LATITUDE:   36 34 N
                                          LONGITUDE:  79 20 W

  TEMPERATURE IN F:       :PCPN:    SNOW:  WIND      :SUNSHINE: SKY     :PK WND
================================================================================
1   2   3   4   5  6A  6B    7    8   9   10  11  12  13   14  15   16   17  18
                                     12Z  AVG MX 2MIN
DY MAX MIN AVG DEP HDD CDD  WTR  SNW DPTH SPD SPD DIR MIN PSBL S-S WX    SPD DR
================================================================================

 1  66  51  59  -3   6   0 0.39  0.0    0  7.2 18 350   M    M   9 1      25 320
 2  73  46  60  -3   5   0 0.00  0.0    0  5.2 13  40   M    M   2 1      16  40
 3  79  45  62  -1   3   0 0.00  0.0    0  3.9 15 250   M    M   2        19 240
 4  83  49  66   3   0   1 0.00  0.0    0  5.0 15 240   M    M   1        19 220
 5  85  57  71   7   0   6 0.00  0.0    0  5.4 12 220   M    M   1        17 200
 6  86  54  70   6   0   5 0.00  0.0    0  2.7  8 150   M    M   1        13  80
 7  82  57  70   6   0   5 0.00  0.0    0  3.3 14  40   M    M   1        17  70
 8  84  55  70   6   0   5 0.00  0.0    0  4.6 15  50   M    M   1        20  30
 9  82  60  71   7   0   6    T  0.0    0  6.1 13  60   M    M   6 1      19  50
10  78  67  73   8   0   8 0.01  0.0    0  7.4 20  40   M    M   6        27  50
11  88  67  78  13   0  13 0.11  0.0    0  6.1 29 250   M    M   4 13     40 250
12  88  67  78  13   0  13 0.00  0.0    0  8.3 22 260   M    M   1 1      31 270
13  79  57  68   2   0   3 0.00  0.0    0  5.9 15  50   M    M   0        21  60
14  71  53  62  -4   3   0 0.00  0.0    0  5.1 15  50   M    M   4        19  40
15  79  51  65  -1   0   0 0.00  0.0    0  4.1 12 200   M    M   5        15 240
16  86  58  72   6   0   7 0.00  0.0    0  5.5 14 220   M    M   0 1      21 220
17  87  62  75   9   0  10 0.00  0.0    0  5.6 13 230   M    M   1        20 220
18  89  69  79  12   0  14    T  0.0    0  3.7  9 280   M    M   3 3      12 270
19  89  68  79  12   0  14 0.00  0.0    0  5.3 15 300   M    M   2        20 310
20  87  58  73   6   0   8 0.00  0.0    0  4.6 12  50   M    M   0        17 340
21  67  54  61  -7   4   0 0.58  0.0    0  7.6 14  50   M    M   8 1      16  60
================================================================================
SM 1708 1205        21 118  1.09     0.0 112.6          M       58
================================================================================
AV 81.3 57.4                               5.4 FASTST   M    M   3    MAX(MPH)
                                 MISC ---->  # 29 250               # 40  250
================================================================================
NOTES:
# LAST OF SEVERAL OCCURRENCES

COLUMN 17 PEAK WIND IN M.P.H.

PRELIMINARY LOCAL CLIMATOLOGICAL DATA (WS FORM: F-6) , PAGE 2

                                          STATION:  DANVILLE VA
                                          MONTH:    MAY
                                          YEAR:     2015
                                          LATITUDE:   36 34 N
                                          LONGITUDE:  79 20 W

[TEMPERATURE DATA]      [PRECIPITATION DATA]       SYMBOLS USED IN COLUMN 16

AVERAGE MONTHLY: 69.4   TOTAL FOR MONTH:   1.09    1 = FOG OR MIST
DPTR FM NORMAL:   4.4   DPTR FM NORMAL:   -1.41    2 = FOG REDUCING VISIBILITY
HIGHEST:    89 ON 19,18 GRTST 24HR  0.58 ON 21-21      TO 1/4 MILE OR LESS
LOWEST:     45 ON  3                               3 = THUNDER
                        SNOW, ICE PELLETS, HAIL    4 = ICE PELLETS
                        TOTAL MONTH:   0.0 INCH    5 = HAIL
                        GRTST 24HR     0.0         6 = FREEZING RAIN OR DRIZZLE
                        GRTST DEPTH:   0           7 = DUSTSTORM OR SANDSTORM:
                                                       VSBY 1/2 MILE OR LESS
                                                   8 = SMOKE OR HAZE
[NO. OF DAYS WITH]      [WEATHER - DAYS WITH]      9 = BLOWING SNOW
                                                   X = TORNADO
MAX 32 OR BELOW:   0    0.01 INCH OR MORE:   4
MAX 90 OR ABOVE:   0    0.10 INCH OR MORE:   3
MIN 32 OR BELOW:   0    0.50 INCH OR MORE:   1
MIN  0 OR BELOW:   0    1.00 INCH OR MORE:   0

[HDD (BASE 65) ]
TOTAL THIS MO.    21    CLEAR  (SCALE 0-3)  13
DPTR FM NORMAL   -38    PTCLDY (SCALE 4-7)   6
TOTAL FM JUL 1  3771    CLOUDY (SCALE 8-10)  2
DPTR FM NORMAL   -31

[CDD (BASE 65) ]
TOTAL THIS MO.   118
DPTR FM NORMAL    59    [PRESSURE DATA]
TOTAL FM JAN 1   152    HIGHEST SLP M ON M
DPTR FM NORMAL    59    LOWEST  SLP 29.75 ON  1

[REMARKS]
DUE TO EQUIPMENT FAILURE RESULTING IN MISSING TEMPERATURE DATA ON
FEBRUARY 15...THE SEASONAL TOTAL AND DEPARTURE FROM NORMAL FOR HDD
WILL BE CALCULATED WITHOUT DATA FROM THIS DATE. ALSO...DUE TO A
TIPPING BUCKET FAILURE RESULTING IN MISSING PRECIPITATION DATA ON
MARCH 14 AND 19-20...THE SEASONAL AND ANNUAL TOTALS AND DEPARTURES
FROM NORMAL FOR PRECIPITATION WILL BE CALCULATED WITHOUT DATA FROM
THESE DATES.
