000
CXUS56 KOTX 291500
CF6DEW
PRELIMINARY LOCAL CLIMATOLOGICAL DATA (WS FORM: F-6)

                                          STATION:   DEER_PARK WA AIRPORT
                                          MONTH:     JUNE
                                          YEAR:      2015
                                          LATITUDE:   47 58 N
                                          LONGITUDE: 117 25 W

  TEMPERATURE IN F:       :PCPN:    SNOW:  WIND      :SUNSHINE: SKY     :PK WND
================================================================================
1   2   3   4   5  6A  6B    7    8   9   10  11  12  13   14  15   16   17  18
                                     12Z  AVG MX 2MIN
DY MAX MIN AVG DEP HDD CDD  WTR  SNW DPTH SPD SPD DIR MIN PSBL S-S WX    SPD DR
================================================================================

 1  77  53  65   9   0   0 0.84    M    M  5.2 25 190   M    M   2 13     34 190
 2  64  48  56   0   9   0 0.15    M    M  6.9 17 170   M    M   8 1      21 160
 3  66  42  54  -2  11   0 0.00    M    M  4.8 13 160   M    M   7        17 160
 4  71  41  56  -1   9   0 0.00    M    M  2.9 12 300   M    M   6 1      15 290
 5  80  43  62   5   3   0 0.00    M    M  4.2 12  70   M    M   0 1      14  80
 6  86  45  66   9   0   1 0.00    M    M  3.1 13 290   M    M   0        17 300
 7  91  49  70  13   0   5 0.00    M    M  2.3 13 210   M    M   0 8      29 210
 8  94  52  73  16   0   8 0.00    M    M  4.3 15 210   M    M   0        19 220
 9  92  49  71  13   0   6 0.00    M    M  3.7 15 250   M    M   0        19 220
10  88  48  68  10   0   3 0.00    M    M  4.6 13 190   M    M   0        20 190
11  88  52  70  12   0   5 0.00    M    M  9.8 24 200   M    M   0        30 210
12  77  38  58   0   7   0 0.00    M    M 10.5 25 310   M    M   0        32 310
13  73  31  52  -6  13   0 0.00    M    M  3.0 13 290   M    M   1        17 200
14  79  37  58   0   7   0 0.00    M    M  5.5 12  20   M    M   1        14  60
15  82  50  66   7   0   1 0.00    M    M 10.0 22  50   M    M   0        28  50
16  86  45  66   7   0   1 0.00    M    M  3.6  8 220   M    M   0        17 220
17  85  50  68   9   0   3 0.00    M    M  7.1 18 180   M    M   0 8      23 190
18  86  51  69  10   0   4 0.00    M    M  5.9 22 210   M    M   2 8      27 210
19  79  46  63   3   2   0 0.00    M    M 10.6 21 230   M    M   1        27 240
20  78  37  58  -2   7   0 0.00    M    M  5.6 17 200   M    M   0        25 200
21  79  40  60   0   5   0 0.00    M    M  4.3 13 210   M    M   0        16 300
22  83  40  62   2   3   0 0.00    M    M  4.2 16 230   M    M   1 8      21 170
23  83  42  63   3   2   0 0.00    M    M  5.1 17 230   M    M   1        23 200
24  84  48  66   5   0   1 0.00    M    M  2.8 10 280   M    M   0 8      13 260
25  89  49  69   8   0   4 0.00    M    M  3.9 18  90   M    M   1        26  90
26  97  50  74  13   0   9 0.00    M    M  2.9 15 140   M    M   0        18 140
27 101  54  78  17   0  13 0.00    M    M  3.2 10 260   M    M   0 8      13 260
28 104  60  82  20   0  17 0.00    M    M  3.3 10  40   M    M   0        13  50
================================================================================
SM 2342 1290        78  81  0.99    M    143.3          M       31
================================================================================
AV 83.6 46.1                               5.1 FASTST   M    M   1    MAX(MPH)
                                 MISC ---->  # 25 190               # 34  190
================================================================================
NOTES:
# LAST OF SEVERAL OCCURRENCES

COLUMN 17 PEAK WIND IN M.P.H.

PRELIMINARY LOCAL CLIMATOLOGICAL DATA (WS FORM: F-6) , PAGE 2

                                          STATION:  DEER_PARK WA AIRPORT
                                          MONTH:    JUNE
                                          YEAR:     2015
                                          LATITUDE:   47 58 N
                                          LONGITUDE: 117 25 W

[TEMPERATURE DATA]      [PRECIPITATION DATA]       SYMBOLS USED IN COLUMN 16

AVERAGE MONTHLY: 64.9   TOTAL FOR MONTH:   0.99    1 = FOG OR MIST
DPTR FM NORMAL:   6.2   DPTR FM NORMAL:   -0.86    2 = FOG REDUCING VISIBILITY
HIGHEST:   104 ON 28    GRTST 24HR  0.99 ON  1- 2      TO 1/4 MILE OR LESS
LOWEST:     31 ON 13                               3 = THUNDER
                        SNOW, ICE PELLETS, HAIL    4 = ICE PELLETS
                        TOTAL MONTH:    M          5 = HAIL
                        GRTST 24HR    M  ON   M    6 = FREEZING RAIN OR DRIZZLE
                        GRTST DEPTH:  M  ON   M    7 = DUSTSTORM OR SANDSTORM:
                                                       VSBY 1/2 MILE OR LESS
                                                   8 = SMOKE OR HAZE
[NO. OF DAYS WITH]      [WEATHER - DAYS WITH]      9 = BLOWING SNOW
                                                   X = TORNADO
MAX 32 OR BELOW:   0    0.01 INCH OR MORE:   2
MAX 90 OR ABOVE:   6    0.10 INCH OR MORE:   2
MIN 32 OR BELOW:   1    0.50 INCH OR MORE:   1
MIN  0 OR BELOW:   0    1.00 INCH OR MORE:   0

[HDD (BASE 65) ]
TOTAL THIS MO.    78    CLEAR  (SCALE 0-3)  25
DPTR FM NORMAL  -114    PTCLDY (SCALE 4-7)   2
TOTAL FM JUL 1  6187    CLOUDY (SCALE 8-10)  1
DPTR FM NORMAL -1219

[CDD (BASE 65) ]
TOTAL THIS MO.    81
DPTR FM NORMAL    70    [PRESSURE DATA]
TOTAL FM JAN 1    92    HIGHEST SLP  0.00 ON 16
DPTR FM NORMAL    78    LOWEST  SLP  0.00 ON M

[REMARKS]
