000
CXUS53 KIWX 230800
CF6DFI
PRELIMINARY LOCAL CLIMATOLOGICAL DATA (WS FORM: F-6)

                                          STATION:   DEFIANCE MEMORIAL
                                          MONTH:     MAY
                                          YEAR:      2016
                                          LATITUDE:   41 20 N
                                          LONGITUDE:  84 26 W

  TEMPERATURE IN F:       :PCPN:    SNOW:  WIND      :SUNSHINE: SKY     :PK WND
================================================================================
1   2   3   4   5  6A  6B    7    8   9   10  11  12  13   14  15   16   17  18
                                     12Z  AVG MX 2MIN
DY MAX MIN AVG DEP HDD CDD  WTR  SNW DPTH SPD SPD DIR MIN PSBL S-S WX    SPD DR
================================================================================

 1  59  50  55   0  10   0 0.37  0.0    0  7.0 16  60   M    M   9 138    22  40
 2  53  47  50  -5  15   0 0.13  0.0    0  6.2 15  80   M    M  10 18     19  80
 3  63  46  55   0  10   0    T  0.0    0  2.9  9 250   M    M   8 1      14 230
 4  56  42  49  -7  16   0 0.10  0.0    0  9.0 20 290   M    M   9 1      27 290
 5  68  42  55  -1  10   0    T  0.0    0 10.1 16  10   M    M   6 18     31 360
 6  73  47  60   4   5   0 0.00  0.0    0  4.2 14 300   M    M   1        18 300
 7  80  53  67  10   0   2    T  0.0    0  8.3 21 300   M    M   3        29 310
 8  70  40  55  -2  10   0 0.00  0.0    0  5.7 15 240   M    M   1        23 240
 9  57  45  51  -6  14   0 0.01  0.0    0  5.5 15 120   M    M   8 1      22 130
10  61  50  56  -2   9   0 0.14  0.0    0 10.7 17  80   M    M  10 138    25  80
11  73  53  63   5   2   0 0.00  0.0    0  5.2 10  80   M    M   9 1238   15  90
12  78  60  69  11   0   4 0.49  0.0    0  6.9 26 220   M    M   5 138    40 210
13  68  53  61   2   4   0    T  0.0    0  7.3 15 240   M    M   4 1      21 270
14  60  42  51  -8  14   0 0.17    M    0 12.3 32 300   M    M  10 1      39 310
15  53  38  46 -13  19   0    T    M    0  9.3 24 310   M    M   5        31 290
16  67  36  52  -8  13   0 0.00  0.0    0  9.7 21 220   M    M   0        26 220
17  64  52  58  -2   7   0 0.23  0.0    0  4.1 17  40   M    M   9 1      22  40
18  67  48  58  -2   7   0    M    M    0  6.8 16  30   M    M   3 18     20  30
19  72  42  57  -3   8   0 0.00  0.0    0  2.5 10  60   M    M   0        12 360
20  71  46  59  -2   6   0    T  0.0    0  6.5 14  80   M    M   2        18  90
21  74  52  63   2   2   0    T  0.0    0  5.7 15  70   M    M   7        21  50
22  76  50  63   2   2   0 0.00  0.0    0  7.1 20  30   M    M   2        24  30
================================================================================
SM 1463 1034       183   6  1.64     0.0 153.0          M      121
================================================================================
AV 66.5 47.0                               7.0 FASTST   M    M   6    MAX(MPH)
                                 MISC ---->  # 32 300               # 40  210
================================================================================
NOTES:
# LAST OF SEVERAL OCCURRENCES

COLUMN 17 PEAK WIND IN M.P.H.

PRELIMINARY LOCAL CLIMATOLOGICAL DATA (WS FORM: F-6) , PAGE 2

                                          STATION:  DEFIANCE MEMORIAL
                                          MONTH:    MAY
                                          YEAR:     2016
                                          LATITUDE:   41 20 N
                                          LONGITUDE:  84 26 W

[TEMPERATURE DATA]      [PRECIPITATION DATA]       SYMBOLS USED IN COLUMN 16

AVERAGE MONTHLY: 56.8   TOTAL FOR MONTH:   1.64    1 = FOG OR MIST
DPTR FM NORMAL:  -1.3   DPTR FM NORMAL:   -1.09    2 = FOG REDUCING VISIBILITY
HIGHEST:    80 ON  7    GRTST 24HR  0.72 ON 30- 1      TO 1/4 MILE OR LESS
LOWEST:     36 ON 16                               3 = THUNDER
                        SNOW, ICE PELLETS, HAIL    4 = ICE PELLETS
                        TOTAL MONTH:   0.0 INCH    5 = HAIL
                        GRTST 24HR     0.0         6 = FREEZING RAIN OR DRIZZLE
                        GRTST DEPTH:   0           7 = DUSTSTORM OR SANDSTORM:
                                                       VSBY 1/2 MILE OR LESS
                                                   8 = SMOKE OR HAZE
[NO. OF DAYS WITH]      [WEATHER - DAYS WITH]      9 = BLOWING SNOW
                                                   X = TORNADO
MAX 32 OR BELOW:   0    0.01 INCH OR MORE:   8
MAX 90 OR ABOVE:   0    0.10 INCH OR MORE:   7
MIN 32 OR BELOW:   0    0.50 INCH OR MORE:   0
MIN  0 OR BELOW:   0    1.00 INCH OR MORE:   0

[HDD (BASE 65) ]
TOTAL THIS MO.   183    CLEAR  (SCALE 0-3)   7
DPTR FM NORMAL    10    PTCLDY (SCALE 4-7)   8
TOTAL FM JUL 1  4923    CLOUDY (SCALE 8-10)  7
DPTR FM NORMAL -1232

[CDD (BASE 65) ]
TOTAL THIS MO.     6
DPTR FM NORMAL   -13    [PRESSURE DATA]
TOTAL FM JAN 1     6    HIGHEST SLP M ON M
DPTR FM NORMAL   -19    LOWEST  SLP 29.59 ON  4

[REMARKS]
