000
CXUS52 KTAE 170800
CF6DHN
PRELIMINARY LOCAL CLIMATOLOGICAL DATA (WS FORM: F-6)

                                          STATION:   DOTHAN
                                          MONTH:     NOVEMBER
                                          YEAR:      2017
                                          LATITUDE:   31 19 N
                                          LONGITUDE:  85 27 W

  TEMPERATURE IN F:       :PCPN:    SNOW:  WIND      :SUNSHINE: SKY     :PK WND
================================================================================
1   2   3   4   5  6A  6B    7    8   9   10  11  12  13   14  15   16   17  18
                                     12Z  AVG MX 2MIN
DY MAX MIN AVG DEP HDD CDD  WTR  SNW DPTH SPD SPD DIR MIN PSBL S-S WX    SPD DR
================================================================================

 1  78  45  62  -1   3   0 0.00  0.0    0  5.3 15 170   M    M   0 8      20 180
 2  82  57  70   8   0   5 0.00  0.0    0  4.0 10 150   M    M   3        13 150
 3  83  53  68   6   0   3 0.00  0.0    0  1.5  8 270   M    M   1 12     12  40
 4  84  58  71   9   0   6 0.00  0.0    0  2.2  8 310   M    M   2 18     12 320
 5  84  58  71   9   0   6 0.00  0.0    0  2.6  9 210   M    M   1 1      12 210
 6  83  56  70   9   0   5 0.00  0.0    0  4.1 12 260   M    M   1 12     16 240
 7  83  61  72  11   0   7 0.00  0.0    0  5.1 14 230   M    M   3 12     19 230
 8  76  63  70   9   0   5    T  0.0    0  4.6 13 320   M    M   5 18     14 320
 9  65  56  61   1   4   0 0.40  0.0    0  8.6 14 340   M    M  10 1      18 330
10  71  48  60   0   5   0 0.00  0.0    0  5.8 12  20   M    M   1        16  30
11  66  45  56  -4   9   0 0.00  0.0    0  8.7 17  90   M    M   4 1      23  90
12  72  50  61   1   4   0 0.00  0.0    0  7.7 14  80   M    M   8        19  80
13  74  51  63   4   2   0    T  0.0    0  7.7 14  10   M    M   3 1      18  50
14  69  44  57  -2   8   0 0.00  0.0    0  6.9 13  40   M    M   0 1      17  40
15  64  42  53  -6  12   0 0.00  0.0    0  5.8 16  90   M    M   0 1      21  90
16  73  40  57  -2   8   0 0.00  0.0    0  3.8 12 330   M    M   0 18     15 330
================================================================================
SM 1207  827        55  37  0.40     0.0  84.4          M       42
================================================================================
AV 75.4 51.7                               5.3 FASTST   M    M   3    MAX(MPH)
                                 MISC ---->  # 17  90               # 23   90
================================================================================
NOTES:
# LAST OF SEVERAL OCCURRENCES

COLUMN 17 PEAK WIND IN M.P.H.

PRELIMINARY LOCAL CLIMATOLOGICAL DATA (WS FORM: F-6) , PAGE 2

                                          STATION:  DOTHAN
                                          MONTH:    NOVEMBER
                                          YEAR:     2017
                                          LATITUDE:   31 19 N
                                          LONGITUDE:  85 27 W

[TEMPERATURE DATA]      [PRECIPITATION DATA]       SYMBOLS USED IN COLUMN 16

AVERAGE MONTHLY: 63.6   TOTAL FOR MONTH:   0.40    1 = FOG OR MIST
DPTR FM NORMAL:   2.9   DPTR FM NORMAL:   -1.41    2 = FOG REDUCING VISIBILITY
HIGHEST:    84 ON  5, 4 GRTST 24HR  0.40 ON  9- 9      TO 1/4 MILE OR LESS
LOWEST:     40 ON 16                               3 = THUNDER
                        SNOW, ICE PELLETS, HAIL    4 = ICE PELLETS
                        TOTAL MONTH:   0.0 INCH    5 = HAIL
                        GRTST 24HR     0.0         6 = FREEZING RAIN OR DRIZZLE
                        GRTST DEPTH:   0           7 = DUSTSTORM OR SANDSTORM:
                                                       VSBY 1/2 MILE OR LESS
                                                   8 = SMOKE OR HAZE
[NO. OF DAYS WITH]      [WEATHER - DAYS WITH]      9 = BLOWING SNOW
                                                   X = TORNADO
MAX 32 OR BELOW:   0    0.01 INCH OR MORE:   1
MAX 90 OR ABOVE:   0    0.10 INCH OR MORE:   1
MIN 32 OR BELOW:   0    0.50 INCH OR MORE:   0
MIN  0 OR BELOW:   0    1.00 INCH OR MORE:   0

[HDD (BASE 65) ]
TOTAL THIS MO.    55    CLEAR  (SCALE 0-3)  12
DPTR FM NORMAL   -35    PTCLDY (SCALE 4-7)   3
TOTAL FM JUL 1   120    CLOUDY (SCALE 8-10)  1
DPTR FM NORMAL   -29

[CDD (BASE 65) ]
TOTAL THIS MO.    37
DPTR FM NORMAL    16    [PRESSURE DATA]
TOTAL FM JAN 1  2702    HIGHEST SLP M ON M
DPTR FM NORMAL   318    LOWEST  SLP 30.01 ON  8

[REMARKS]
