000
CXUS53 KBIS 230830
CF6DIK
PRELIMINARY LOCAL CLIMATOLOGICAL DATA (WS FORM: F-6)

                                          STATION:   DICKINSON ND
                                          MONTH:     SEPTEMBER
                                          YEAR:      2017
                                          LATITUDE:   46 47 N
                                          LONGITUDE: 102 48 W

  TEMPERATURE IN F:       :PCPN:    SNOW:  WIND      :SUNSHINE: SKY     :PK WND
================================================================================
1   2   3   4   5  6A  6B    7    8   9   10  11  12  13   14  15   16   17  18
                                     12Z  AVG MX 2MIN
DY MAX MIN AVG DEP HDD CDD  WTR  SNW DPTH SPD SPD DIR MIN PSBL S-S WX    SPD DR
================================================================================

 1  82  51  67   3   0   2    T    M    M  9.2 21 320   M    M   0        25 310
 2  88  50  69   6   0   4 0.00    M    M  5.1 14 160   M    M   0 8      17 160
 3  87  50  69   6   0   4 0.00    M    M 11.9 28 330   M    M   1 8      34 340
 4  71  46  59  -3   6   0 0.00    M    M 15.1 31 330   M    M   1        40 320
 5  71  38  55  -7  10   0 0.00    M    M  9.8 22 330   M    M   0        30 320
 6  80  40  60  -2   5   0 0.00    M    M  4.9 10 330   M    M   0        14 330
 7  88  43  66   5   0   1 0.00    M    M  5.9 13  40   M    M   0        17 280
 8  85  45  65   4   0   0 0.00    M    M 13.3 24 120   M    M   0        31 140
 9  91  54  73  13   0   8 0.00    M    M 14.0 25 160   M    M   0 1      32 150
10  90  54  72  12   0   7 0.00    M    M  9.5 20 330   M    M   0 8      24 340
11  88  48  68   9   0   3 0.00    M    M 10.2 23 170   M    M   0        28 180
12  98  51  75  16   0  10 0.00    M    M  7.0 23 290   M    M   3 8      27 280
13  88  45  67   9   0   2    T    M    M  7.8 17  70   M    M   5 8      20  60
14  72  49  61   3   4   0 0.14    M    M 10.5 21 360   M    M   5 1      25  30
15  49  41  45 -12  20   0 1.67    M    M 18.4 30  40   M    M  10 1      39  40
16  45  36  41 -16  24   0 0.34    M    M  9.7 17  10   M    M  10 1      22  10
17  64  34  49  -7  16   0 0.00    M    M  8.6 15 200   M    M   1        21 200
18  77  37  57   1   8   0 0.00    M    M  8.7 18 120   M    M   0 1      25 130
19  62  42  52  -4  13   0 0.06    M    M 12.3 23 120   M    M   3 1      30 120
20  69  40  55   0  10   0 0.00    M    M 14.0 30 210   M    M   0        37 220
21  70  49  60   5   5   0 0.00    M    M 10.5 17 340   M    M   1        22  20
22  51  44  48  -6  17   0    T    M    M 15.6 25 360   0    0   0        35  10
================================================================================
SM 1666  987       138  41  2.21    M    232.0            0     40
================================================================================
AV 75.7 44.9                              10.5 FASTST    0   0   2    MAX(MPH)
                                 MISC ---->  # 31 330               # 40  320
================================================================================
NOTES:
# LAST OF SEVERAL OCCURRENCES

COLUMN 17 PEAK WIND IN M.P.H.

PRELIMINARY LOCAL CLIMATOLOGICAL DATA (WS FORM: F-6) , PAGE 2

                                          STATION:  DICKINSON ND
                                          MONTH:    SEPTEMBER
                                          YEAR:     2017
                                          LATITUDE:   46 47 N
                                          LONGITUDE: 102 48 W

[TEMPERATURE DATA]      [PRECIPITATION DATA]       SYMBOLS USED IN COLUMN 16

AVERAGE MONTHLY: 60.3   TOTAL FOR MONTH:   2.21    1 = FOG OR MIST
DPTR FM NORMAL:   1.3   DPTR FM NORMAL:    1.13    2 = FOG REDUCING VISIBILITY
HIGHEST:    98 ON 12    GRTST 24HR  1.67 ON 15-15      TO 1/4 MILE OR LESS
LOWEST:     34 ON 17                               3 = THUNDER
                        SNOW, ICE PELLETS, HAIL    4 = ICE PELLETS
                        TOTAL MONTH:    M          5 = HAIL
                        GRTST 24HR    M  ON   M    6 = FREEZING RAIN OR DRIZZLE
                        GRTST DEPTH:  M  ON   M    7 = DUSTSTORM OR SANDSTORM:
                                                       VSBY 1/2 MILE OR LESS
                                                   8 = SMOKE OR HAZE
[NO. OF DAYS WITH]      [WEATHER - DAYS WITH]      9 = BLOWING SNOW
                                                   X = TORNADO
MAX 32 OR BELOW:   0    0.01 INCH OR MORE:   4
MAX 90 OR ABOVE:   3    0.10 INCH OR MORE:   3
MIN 32 OR BELOW:   0    0.50 INCH OR MORE:   1
MIN  0 OR BELOW:   0    1.00 INCH OR MORE:   1

[HDD (BASE 65) ]
TOTAL THIS MO.   138    CLEAR  (SCALE 0-3)  17
DPTR FM NORMAL   -24    PTCLDY (SCALE 4-7)   3
TOTAL FM JUL 1   189    CLOUDY (SCALE 8-10)  2
DPTR FM NORMAL   -59

[CDD (BASE 65) ]
TOTAL THIS MO.    41
DPTR FM NORMAL    11    [PRESSURE DATA]
TOTAL FM JAN 1   487    HIGHEST SLP  0.00 ON 22
DPTR FM NORMAL    71    LOWEST  SLP 29.42 ON 19

[REMARKS]
