000
CXUS53 KDLH 220705
CF6DLH
PRELIMINARY LOCAL CLIMATOLOGICAL DATA (WS FORM: F-6)

                                          STATION:   DULUTH
                                          MONTH:     FEBRUARY
                                          YEAR:      2017
                                          LATITUDE:   46 49 N
                                          LONGITUDE:  92 11 W

  TEMPERATURE IN F:       :PCPN:    SNOW:  WIND      :SUNSHINE: SKY     :PK WND
================================================================================
1   2   3   4   5  6A  6B    7    8   9   10  11  12  13   14  15   16   17  18
                                     12Z  AVG MX 2MIN
DY MAX MIN AVG DEP HDD CDD  WTR  SNW DPTH SPD SPD DIR MIN PSBL S-S WX    SPD DR
================================================================================

 1  22   2  12   1  53   0    T    T   12 16.0 24 280   M    M   5 89     31 330
 2   9  -3   3  -9  62   0 0.00  0.0   11 15.5 26 280   M    M   1        32 280
 3  18  -4   7  -5  58   0 0.00  0.0   11 12.9 24 280   M    M   1        29 270
 4  27   3  15   3  50   0 0.06  1.0   11  8.7 18 230   M    M   7 18     22 340
 5  21   4  13   1  52   0    T  0.1   11 10.3 21 330   M    M   5 19     27 330
 6  24   9  17   5  48   0    T    T   12 12.7 25  90   M    M  10 1      34 100
 7  24   8  16   3  49   0 0.32  4.0   14 15.4 24  70   M    M  10 1289   33  90
 8   8  -6   1 -12  64   0    T    T   15 12.0 21 280   M    M   3        27 290
 9  14 -11   2 -11  63   0    T    T   14 11.8 20 270   M    M   2 8      23 300
10  39  12  26  13  39   0 0.03  0.4   14 12.9 26 200   M    M   6 8      35 190
11  34  25  30  16  35   0    T  0.1   13  8.2 17 250   M    M  10 126    22 250
12  35  22  29  15  36   0    T    T   13 18.3 33 310   M    M   5 1      48 320
13  42  20  31  17  34   0 0.00  0.0   13 13.6 22 270   M    M   1        28 300
14  35  18  27  12  38   0 0.00  0.0   12 17.3 36 320   M    M   3        48 330
15  25   9  17   2  48   0 0.00  0.0   12  7.8 15 310   M    M   6        19 320
16  32  20  26  11  39   0 0.00  0.0   12 10.1 16 120   M    M   3        19 130
17  52  23  38  22  27   0 0.00  0.0   12  7.2 18 280   M    M   0        26 280
18  52  36  44  28  21   0 0.00  0.0   11 13.5 21 280   M    M   1        29 290
19  43  28  36  20  29   0 0.00  0.0    8 10.4 22 100   M    M   2 1      27 100
20  45  37  41  24  24   0 0.77  0.0    8 13.4 26 300   M    M   7 12     35 280
21  50  33  42  25  23   0 0.00  0.0    6  8.8 23 290   M    M   6 12     30 310
================================================================================
SM  651  285       892   0  1.18     5.6 256.8          M       94
================================================================================
AV 31.0 13.6                              12.2 FASTST   M    M   4    MAX(MPH)
                                 MISC ---->  # 36 320               # 48  320
================================================================================
NOTES:
# LAST OF SEVERAL OCCURRENCES

COLUMN 17 PEAK WIND IN M.P.H.

PRELIMINARY LOCAL CLIMATOLOGICAL DATA (WS FORM: F-6) , PAGE 2

                                          STATION:  DULUTH
                                          MONTH:    FEBRUARY
                                          YEAR:     2017
                                          LATITUDE:   46 49 N
                                          LONGITUDE:  92 11 W

[TEMPERATURE DATA]      [PRECIPITATION DATA]       SYMBOLS USED IN COLUMN 16

AVERAGE MONTHLY: 22.3   TOTAL FOR MONTH:   1.18    1 = FOG OR MIST
DPTR FM NORMAL:   8.4   DPTR FM NORMAL:    0.64    2 = FOG REDUCING VISIBILITY
HIGHEST:    52 ON 18,17 GRTST 24HR  0.77 ON 20-20      TO 1/4 MILE OR LESS
LOWEST:    -11 ON  9                               3 = THUNDER
                        SNOW, ICE PELLETS, HAIL    4 = ICE PELLETS
                        TOTAL MONTH:   5.6 INCHES  5 = HAIL
                        GRTST 24HR   4.0 ON  7- 7  6 = FREEZING RAIN OR DRIZZLE
                        GRTST DEPTH:  15 ON  8     7 = DUSTSTORM OR SANDSTORM:
                                                       VSBY 1/2 MILE OR LESS
                                                   8 = SMOKE OR HAZE
[NO. OF DAYS WITH]      [WEATHER - DAYS WITH]      9 = BLOWING SNOW
                                                   X = TORNADO
MAX 32 OR BELOW:  11    0.01 INCH OR MORE:   4
MAX 90 OR ABOVE:   0    0.10 INCH OR MORE:   2
MIN 32 OR BELOW:  18    0.50 INCH OR MORE:   1
MIN  0 OR BELOW:   4    1.00 INCH OR MORE:   0

[HDD (BASE 65) ]
TOTAL THIS MO.   892    CLEAR  (SCALE 0-3)   8
DPTR FM NORMAL  -182    PTCLDY (SCALE 4-7)  10
TOTAL FM JUL 1  5397    CLOUDY (SCALE 8-10)  3
DPTR FM NORMAL -1145

[CDD (BASE 65) ]
TOTAL THIS MO.     0
DPTR FM NORMAL     0    [PRESSURE DATA]
TOTAL FM JAN 1     0    HIGHEST SLP M ON M
DPTR FM NORMAL     0    LOWEST  SLP 29.39 ON 17

[REMARKS]
