000
CXUS56 KTFX 231205
CF6DLN
PRELIMINARY LOCAL CLIMATOLOGICAL DATA (WS FORM: F-6)

                                          STATION:   DILLON AIRPORT MT
                                          MONTH:     AUGUST
                                          YEAR:      2017
                                          LATITUDE:   45 15 N
                                          LONGITUDE: 112 33 W

  TEMPERATURE IN F:       :PCPN:    SNOW:  WIND      :SUNSHINE: SKY     :PK WND
================================================================================
1   2   3   4   5  6A  6B    7    8   9   10  11  12  13   14  15   16   17  18
                                     12Z  AVG MX 2MIN
DY MAX MIN AVG DEP HDD CDD  WTR  SNW DPTH SPD SPD DIR MIN PSBL S-S WX    SPD DR
================================================================================

 1  88  46  67   1   0   2 0.00    M    0  8.5 26 270   M    M   1 8      32 290
 2  81  51  66   0   0   1 0.00    M    0 11.9 20  40   M    M   0        25  40
 3  86  49  68   2   0   3 0.00    M    0  6.9 17  60   M    M   0        22  60
 4  91  49  70   4   0   5 0.00    M    0  6.7 18  60   M    M   0 8      24  40
 5  79  51  65  -1   0   0 0.00    M    0 10.4 22  30   M    M   0 8      28  30
 6  79  44  62  -4   3   0 0.00    M    0  6.9 18  60   M    M   0        22  50
 7  83  44  64  -2   1   0 0.00    M    0  6.2 12 240   M    M   1 8      15  30
 8  85  53  69   3   0   4 0.00    M    0  6.2 17 320   M    M   2 8      26 280
 9  82  48  65  -1   0   0 0.00    M    0  6.3 22  30   M    M   1 8      26  40
10  85  46  66   0   0   1 0.00    M    0  7.1 16 130   M    M   0 8      20  30
11  85  46  66   1   0   1 0.00    M    0  7.2 28 230   M    M   1 8      35 230
12  82  47  65   0   0   0 0.00    M    0  5.9 20 230   M    M   0 8      26 240
13  79  56  68   3   0   3    T    M    0  9.3 30 280   M    M   5 8      37 280
14  75  52  64  -1   1   0 0.18    M    0  4.1 18 180   M    M   6 13     22 180
15  79  46  63  -2   2   0    T    M    0  3.9 14 200   M    M   1        17 210
16  81  44  63  -1   2   0 0.00    M    0  7.4 17 260   M    M   1        24 230
17  83  50  67   3   0   2 0.00    M    0  4.9 12 210   M    M   1        15  70
18  87  44  66   2   0   1 0.00    M    0 10.1 17 270   M    M   0        23 280
19  82  48  65   1   0   0 0.00    M    0 10.0 22 270   M    M   0 8      28 280
20  82  45  64   0   1   0 0.00    M    0  4.7 13  40   M    M   0 8      17  30
21  79  42  61  -2   4   0 0.00    M    0  5.8 10  20   M    M   0 8      13  40
22  89  46  68   5   0   3 0.00    M    0  6.9 14 210   M    M   0 8      18 220
================================================================================
SM 1822 1047        14  26  0.18    M    157.3          M       20
================================================================================
AV 82.8 47.6                               7.2 FASTST   M    M   1    MAX(MPH)
                                 MISC ---->  # 30 280               # 37  280
================================================================================
NOTES:
# LAST OF SEVERAL OCCURRENCES

COLUMN 17 PEAK WIND IN M.P.H.

PRELIMINARY LOCAL CLIMATOLOGICAL DATA (WS FORM: F-6) , PAGE 2

                                          STATION:  DILLON AIRPORT MT
                                          MONTH:    AUGUST
                                          YEAR:     2017
                                          LATITUDE:   45 15 N
                                          LONGITUDE: 112 33 W

[TEMPERATURE DATA]      [PRECIPITATION DATA]       SYMBOLS USED IN COLUMN 16

AVERAGE MONTHLY: 65.2   TOTAL FOR MONTH:   0.18    1 = FOG OR MIST
DPTR FM NORMAL:   0.2   DPTR FM NORMAL:   -0.55    2 = FOG REDUCING VISIBILITY
HIGHEST:    91 ON  4    GRTST 24HR  0.18 ON 14-14      TO 1/4 MILE OR LESS
LOWEST:     42 ON 21                               3 = THUNDER
                        SNOW, ICE PELLETS, HAIL    4 = ICE PELLETS
                        TOTAL MONTH:    M          5 = HAIL
                        GRTST 24HR    M  ON   M    6 = FREEZING RAIN OR DRIZZLE
                        GRTST DEPTH:   0           7 = DUSTSTORM OR SANDSTORM:
                                                       VSBY 1/2 MILE OR LESS
                                                   8 = SMOKE OR HAZE
[NO. OF DAYS WITH]      [WEATHER - DAYS WITH]      9 = BLOWING SNOW
                                                   X = TORNADO
MAX 32 OR BELOW:   0    0.01 INCH OR MORE:   1
MAX 90 OR ABOVE:   1    0.10 INCH OR MORE:   1
MIN 32 OR BELOW:   0    0.50 INCH OR MORE:   0
MIN  0 OR BELOW:   0    1.00 INCH OR MORE:   0

[HDD (BASE 65) ]
TOTAL THIS MO.    14    CLEAR  (SCALE 0-3)  20
DPTR FM NORMAL   -30    PTCLDY (SCALE 4-7)   2
TOTAL FM JUL 1    14    CLOUDY (SCALE 8-10)  0
DPTR FM NORMAL   -85

[CDD (BASE 65) ]
TOTAL THIS MO.    26
DPTR FM NORMAL   -18    [PRESSURE DATA]
TOTAL FM JAN 1   220    HIGHEST SLP M ON M
DPTR FM NORMAL    82    LOWEST  SLP 29.70 ON 13

[REMARKS]
