000
CXUS55 KGJT 281000
CF6DRO
PRELIMINARY LOCAL CLIMATOLOGICAL DATA (WS FORM: F-6)

                                          STATION:   DURANGO AIRPORT CO
                                          MONTH:     MAY
                                          YEAR:      2015
                                          LATITUDE:   37  9 N
                                          LONGITUDE: 107 45 W

  TEMPERATURE IN F:       :PCPN:    SNOW:  WIND      :SUNSHINE: SKY     :PK WND
================================================================================
1   2   3   4   5  6A  6B    7    8   9   10  11  12  13   14  15   16   17  18
                                     12Z  AVG MX 2MIN
DY MAX MIN AVG DEP HDD CDD  WTR  SNW DPTH SPD SPD DIR MIN PSBL S-S WX    SPD DR
================================================================================

 1  77  37  57   8   8   0 0.00    M    M  7.7 24 250   M    M   0        33 240
 2  75  36  56   7   9   0 0.00    M    M  7.7 26 210   M    M   0        33 220
 3  71  42  57   8   8   0    T    M    M  8.0 33 250   M    M   4        45 260
 4  67  35  51   2  14   0 0.03    M    M  7.0 26 220   M    M   3 13     33 220
 5  53  45  49  -1  16   0 0.86    M    M  6.2 16 250   M    M  10 1      21 250
 6  62  42  52   2  13   0 0.20    M    M 10.2 30 270   M    M   7 13     37 270
 7  64  34  49  -1  16   0    T    M    M  6.3 21 130   M    M   5        25 140
 8  62  40  51   0  14   0 0.09    M    M  9.7 30 240   M    M   7 13     39 170
 9  50  32  41 -10  24   0 0.04    M    M  9.8 28 210   M    M   6 123    38 220
10  56  29  43  -8  22   0 0.00    M    M  8.9 25 260   M    M   4        34 270
11  65  27  46  -6  19   0 0.00    M    M  3.6 12  10   M    M   0        13 110
12  70  34  52   0  13   0 0.16    M    M  9.2 31 220   M    M   5 138    47 190
13  65  42  54   2  11   0 0.00    M    M  5.3 17 260   M    M   3        23 230
14  67  38  53   1  12   0 0.03    M    M  8.6 25 130   M    M   3 3      39 130
15  51  36  44  -9  21   0 0.39    M    M  6.8 24 240   M    M   8 1      33 250
16  50  35  43 -10  22   0 0.11    M    M  8.3 28 270   M    M   8 1      39 260
17  60  34  47  -6  18   0 0.03    M    M  4.8 20 290   M    M   5        24 310
18  66  33  50  -4  15   0 0.43    M    M  9.0 37 160   M    M   4 13     50 170
19  61  38  50  -4  15   0 0.31    M    M  7.4 23 250   M    M   4        29 250
20  67  31  49  -5  16   0 0.00    M    M  4.4 15 240   M    M   1        20 130
21  67  43  55   0  10   0 0.06    M    M  8.7 25 150   M    M   4 13     39 150
22  61  38  50  -5  15   0 0.03    M    M  8.2 29 130   M    M   4 3      36 130
23  58  36  47  -8  18   0 0.01    M    M  8.2 22 300   M    M   6        29 170
24  60  40  50  -6  15   0 0.03    M    M  7.6 21 210   M    M   6 1      27 210
25  61  40  51  -5  14   0 0.09    M    M  4.7 22 310   M    M   6 13     27 300
26  69  33  51  -5  14   0    T    M    M  6.4 29 260   M    M   2 3      38 260
27  73  40  57   1   8   0 0.06    M    M  5.5 21 290   M    M   2        36 260
================================================================================
SM 1708  990       400   0  2.96    M    198.2          M      117
================================================================================
AV 63.3 36.7                               7.3 FASTST   M    M   4    MAX(MPH)
                                 MISC ---->  # 37 160               # 50  170
================================================================================
NOTES:
# LAST OF SEVERAL OCCURRENCES

COLUMN 17 PEAK WIND IN M.P.H.

PRELIMINARY LOCAL CLIMATOLOGICAL DATA (WS FORM: F-6) , PAGE 2

                                          STATION:  DURANGO AIRPORT CO
                                          MONTH:    MAY
                                          YEAR:     2015
                                          LATITUDE:   37  9 N
                                          LONGITUDE: 107 45 W

[TEMPERATURE DATA]      [PRECIPITATION DATA]       SYMBOLS USED IN COLUMN 16

AVERAGE MONTHLY: 50.0   TOTAL FOR MONTH:   2.96    1 = FOG OR MIST
DPTR FM NORMAL:  -2.5   DPTR FM NORMAL:    2.23    2 = FOG REDUCING VISIBILITY
HIGHEST:    77 ON  1    GRTST 24HR  0.87 ON  5- 6      TO 1/4 MILE OR LESS
LOWEST:     27 ON 11                               3 = THUNDER
                        SNOW, ICE PELLETS, HAIL    4 = ICE PELLETS
                        TOTAL MONTH:    M          5 = HAIL
                        GRTST 24HR    M  ON   M    6 = FREEZING RAIN OR DRIZZLE
                        GRTST DEPTH:  M  ON   M    7 = DUSTSTORM OR SANDSTORM:
                                                       VSBY 1/2 MILE OR LESS
                                                   8 = SMOKE OR HAZE
[NO. OF DAYS WITH]      [WEATHER - DAYS WITH]      9 = BLOWING SNOW
                                                   X = TORNADO
MAX 32 OR BELOW:   0    0.01 INCH OR MORE:  18
MAX 90 OR ABOVE:   0    0.10 INCH OR MORE:   7
MIN 32 OR BELOW:   4    0.50 INCH OR MORE:   1
MIN  0 OR BELOW:   0    1.00 INCH OR MORE:   0

[HDD (BASE 65) ]
TOTAL THIS MO.   400    CLEAR  (SCALE 0-3)   9
DPTR FM NORMAL    61    PTCLDY (SCALE 4-7)  16
TOTAL FM JUL 1  6150    CLOUDY (SCALE 8-10)  2
DPTR FM NORMAL  -825

[CDD (BASE 65) ]
TOTAL THIS MO.     0
DPTR FM NORMAL     0    [PRESSURE DATA]
TOTAL FM JAN 1     0    HIGHEST SLP M ON M
DPTR FM NORMAL     0    LOWEST  SLP 29.53 ON 15

[REMARKS]
