000
CXUS53 KDTX 010800
CF6DTW
PRELIMINARY LOCAL CLIMATOLOGICAL DATA (WS FORM: F-6)

                                          STATION:   DETROIT MI
                                          MONTH:     JANUARY
                                          YEAR:      2015
                                          LATITUDE:   42 13 N
                                          LONGITUDE:  83 20 W

  TEMPERATURE IN F:       :PCPN:    SNOW:  WIND      :SUNSHINE: SKY     :PK WND
================================================================================
1   2   3   4   5  6A  6B    7    8   9   10  11  12  13   14  15   16   17  18
                                     12Z  AVG MX 2MIN
DY MAX MIN AVG DEP HDD CDD  WTR  SNW DPTH SPD SPD DIR MIN PSBL S-S WX    SPD DR
================================================================================

 1  31  17  24  -2  41   0 0.00  0.0    0 17.7 26 220   M    M   8        32 220
 2  36  26  31   5  34   0 0.00  0.0    0  7.7 17 230   M    M  10        22 230
 3  35  27  31   5  34   0 0.52    T    0  4.4 13  80   M    M  10 168    16  80
 4  36  19  28   2  37   0 0.12  0.8    0 11.8 33 240   M    M  10 1       M 220
 5  19   8  14 -12  51   0    T  0.2    1 13.7 26 270   M    M  10 189    33 260
 6  18   7  13 -13  52   0 0.08  1.0    2 11.4 25 240   M    M   9 12     32 250
 7  13   2   8 -18  57   0 0.05  0.7    2 13.2 22 320   M    M   6 19     31 310
 8  14  -2   6 -20  59   0 0.14  2.4    2 17.9 25 200   M    M  10 9      32 190
 9  18   3  11 -15  54   0 0.03  1.0    4 17.2 25 230   M    M   8 189    36 260
10  16  -1   8 -18  57   0    T    T    4 14.0 23 210   M    M   6        28 200
11  31  16  24  -2  41   0 0.13  1.3    4  8.7 18 200   M    M  10 18     23 190
12  30  13  22  -3  43   0 0.09  1.6    5  8.7 18 360   M    M   8 18     23 320
13  13   3   8 -17  57   0    T    T    6  6.1 14  50   M    M   4 18     18  50
14  17   4  11 -14  54   0 0.01  0.4    6  5.5 12 210   M    M   8 18     13 210
15  26   3  15 -10  50   0    T    T    5 10.4 22 200   M    M   8 18     25 220
16  29  18  24  -1  41   0 0.00  0.0    5  8.3 15 320   M    M   9 18     18 310
17  42  16  29   4  36   0 0.00  0.0    5 12.4 26 200   M    M   8 18     33 200
18  41  33  37  12  28   0 0.03    T    2 12.3 25 210   M    M   9 1      31 210
19  35  29  32   7  33   0    T    T    1  4.7 10 360   M    M  10        22 330
20  31  24  28   3  37   0 0.04  1.0    1  5.1 10  40   M    M  10 1      12  60
21  26  22  24  -1  41   0 0.16  2.9    1  4.7 13  50   M    M  10 1      16  40
22  30  19  25   0  40   0    T    T    4  5.3 14 270   M    M  10 18     18 270
23  31  16  24  -1  41   0 0.00  0.0    4 11.3 18 220   M    M   9        29 110
24  36  24  30   5  35   0    T    T    4  9.2 15 210   M    M  10 18     18 210
25  34  18  26   1  39   0    T    T    3 10.2 18  10   M    M  10 1      24  20
26  27  11  19  -6  46   0 0.00  0.0    3  5.8 13  20   M    M   7        17  30
27  29  11  20  -5  45   0 0.00  0.0    3  6.4 13 330   M    M   4        17 340
28  29  11  20  -6  45   0 0.00  0.0    2  5.3 13 120   M    M   5        18 120
29  35  25  30   4  35   0 0.05  0.9    3  9.4 22 300   M    M  10 1468   31 290
30  29  12  21  -5  44   0    T    T    3 12.7 26 210   M    M   6        28 210
31  35  11  23  -3  42   0 0.00  0.0    3  6.4 15 230   M    M   8        18 230
================================================================================
SM  872  445      1349   0  1.45    14.2 297.9          M      260
================================================================================
AV 28.1 14.4                               9.6 FASTST   M    M   8    MAX(MPH)
                                 MISC ---->  # 33 240               # 36  260
================================================================================
NOTES:
# LAST OF SEVERAL OCCURRENCES

COLUMN 17 PEAK WIND IN M.P.H.

PRELIMINARY LOCAL CLIMATOLOGICAL DATA (WS FORM: F-6) , PAGE 2

                                          STATION:  DETROIT MI
                                          MONTH:    JANUARY
                                          YEAR:     2015
                                          LATITUDE:   42 13 N
                                          LONGITUDE:  83 20 W

[TEMPERATURE DATA]      [PRECIPITATION DATA]       SYMBOLS USED IN COLUMN 16

AVERAGE MONTHLY: 21.2   TOTAL FOR MONTH:   1.45    1 = FOG OR MIST
DPTR FM NORMAL:  -4.4   DPTR FM NORMAL:   -0.51    2 = FOG REDUCING VISIBILITY
HIGHEST:    42 ON 17    GRTST 24HR  0.60 ON  3- 4      TO 1/4 MILE OR LESS
LOWEST:     -2 ON  8                               3 = THUNDER
                        SNOW, ICE PELLETS, HAIL    4 = ICE PELLETS
                        TOTAL MONTH:  14.2 INCHES  5 = HAIL
                        GRTST 24HR   2.9 ON   M    6 = FREEZING RAIN OR DRIZZLE
                        GRTST DEPTH:   6 ON 14,13  7 = DUSTSTORM OR SANDSTORM:
                                                       VSBY 1/2 MILE OR LESS
                                                   8 = SMOKE OR HAZE
[NO. OF DAYS WITH]      [WEATHER - DAYS WITH]      9 = BLOWING SNOW
                                                   X = TORNADO
MAX 32 OR BELOW:  21    0.01 INCH OR MORE:  13
MAX 90 OR ABOVE:   0    0.10 INCH OR MORE:   5
MIN 32 OR BELOW:  30    0.50 INCH OR MORE:   1
MIN  0 OR BELOW:   2    1.00 INCH OR MORE:   0

[HDD (BASE 65) ]
TOTAL THIS MO.  1349    CLEAR  (SCALE 0-3)   0
DPTR FM NORMAL   126    PTCLDY (SCALE 4-7)  10
TOTAL FM JUL 1  3693    CLOUDY (SCALE 8-10) 21
DPTR FM NORMAL   173

[CDD (BASE 65) ]
TOTAL THIS MO.     0
DPTR FM NORMAL     0    [PRESSURE DATA]
TOTAL FM JAN 1     0    HIGHEST SLP 30.80 ON 13
DPTR FM NORMAL     0    LOWEST  SLP 29.56 ON 24

[REMARKS]
#FINAL-01-15#
