487
CXUS53 KDTX 200800
CF6DTW
PRELIMINARY LOCAL CLIMATOLOGICAL DATA (WS FORM: F-6)

                                          STATION:   DETROIT MI
                                          MONTH:     NOVEMBER
                                          YEAR:      2017
                                          LATITUDE:   42 13 N
                                          LONGITUDE:  83 20 W

  TEMPERATURE IN F:       :PCPN:    SNOW:  WIND      :SUNSHINE: SKY     :PK WND
================================================================================
1   2   3   4   5  6A  6B    7    8   9   10  11  12  13   14  15   16   17  18
                                     12Z  AVG MX 2MIN
DY MAX MIN AVG DEP HDD CDD  WTR  SNW DPTH SPD SPD DIR MIN PSBL S-S WX    SPD DR
================================================================================

 1  44  35  40  -7  25   0 0.11    T    0  5.2 13 220   M    M  10 1      16 190
 2  60  44  52   5  13   0 0.99  0.0    0  4.5 15 330   M    M  10 13     19 330
 3  53  38  46   0  19   0 0.03  0.0    0  7.6 17 340   M    M   8 1      22 330
 4  52  39  46   0  19   0 0.51  0.0    0  6.5 16 100   M    M  10 13     21 100
 5  64  48  56  10   9   0 0.54  0.0    0  7.0 30 160   M    M  10 123    37 160
 6  48  40  44  -1  21   0 0.00  0.0    0  7.7 16 310   M    M   8        19 360
 7  49  36  43  -2  22   0 0.00  0.0    0  5.8 12  40   M    M   8        17  50
 8  49  28  39  -6  26   0 0.00  0.0    0  4.3 12 240   M    M   0        15 250
 9  50  27  39  -5  26   0    T    T    0 13.2 30 290   M    M   8        38 280
10  30  19  25 -19  40   0 0.00  0.0    0  8.4 17 330   M    M   4        22 350
11  36  23  30 -14  35   0 0.00  0.0    0  6.9 18 170   M    M   9        25 130
12  39  32  36  -7  29   0 0.25    T    0  2.8  8  10   M    M  10 14     10 360
13  44  35  40  -3  25   0    T  0.0    0  5.7 12 270   M    M  10 18     15 270
14  47  34  41  -1  24   0 0.00  0.0    0  5.6 10 220   M    M   8 18     14 130
15  48  40  44   2  21   0 0.28  0.0    0 13.1 28 260   M    M  10 138    35 260
16  45  37  41  -1  24   0    T  0.0    0 13.6 28 270   M    M  10        34 280
17  44  32  38  -3  27   0 0.01  0.0    0  7.1 18 160   M    M  10        24 160
18  47  35  41   0  24   0 1.99    T    0  9.6 24 350   M    M  10 1      31 300
19  39  30  35  -5  30   0    T    T    0 15.4 23 310   M    M  10        36 300
================================================================================
SM  888  652       459   0  4.71    T    150.0          M      163
================================================================================
AV 46.7 34.3                               7.9 FASTST   M    M   9    MAX(MPH)
                                 MISC ---->  # 30 160               # 38  280
================================================================================
NOTES:
# LAST OF SEVERAL OCCURRENCES

COLUMN 17 PEAK WIND IN M.P.H.

PRELIMINARY LOCAL CLIMATOLOGICAL DATA (WS FORM: F-6) , PAGE 2

                                          STATION:  DETROIT MI
                                          MONTH:    NOVEMBER
                                          YEAR:     2017
                                          LATITUDE:   42 13 N
                                          LONGITUDE:  83 20 W

[TEMPERATURE DATA]      [PRECIPITATION DATA]       SYMBOLS USED IN COLUMN 16

AVERAGE MONTHLY: 40.5   TOTAL FOR MONTH:   4.71    1 = FOG OR MIST
DPTR FM NORMAL:  -3.3   DPTR FM NORMAL:    2.94    2 = FOG REDUCING VISIBILITY
HIGHEST:    64 ON  5    GRTST 24HR  1.99 ON 18-18      TO 1/4 MILE OR LESS
LOWEST:     19 ON 10                               3 = THUNDER
                        SNOW, ICE PELLETS, HAIL    4 = ICE PELLETS
                        TOTAL MONTH:    T          5 = HAIL
                        GRTST 24HR    T  ON 19-19  6 = FREEZING RAIN OR DRIZZLE
                        GRTST DEPTH:   0           7 = DUSTSTORM OR SANDSTORM:
                                                       VSBY 1/2 MILE OR LESS
                                                   8 = SMOKE OR HAZE
[NO. OF DAYS WITH]      [WEATHER - DAYS WITH]      9 = BLOWING SNOW
                                                   X = TORNADO
MAX 32 OR BELOW:   1    0.01 INCH OR MORE:   9
MAX 90 OR ABOVE:   0    0.10 INCH OR MORE:   7
MIN 32 OR BELOW:   7    0.50 INCH OR MORE:   4
MIN  0 OR BELOW:   0    1.00 INCH OR MORE:   1

[HDD (BASE 65) ]
TOTAL THIS MO.   459    CLEAR  (SCALE 0-3)   1
DPTR FM NORMAL    55    PTCLDY (SCALE 4-7)   4
TOTAL FM JUL 1   792    CLOUDY (SCALE 8-10) 14
DPTR FM NORMAL  -123

[CDD (BASE 65) ]
TOTAL THIS MO.     0
DPTR FM NORMAL     0    [PRESSURE DATA]
TOTAL FM JAN 1   918    HIGHEST SLP M ON M
DPTR FM NORMAL   115    LOWEST  SLP 29.32 ON 18

[REMARKS]
