000
CXUS55 KTWC 270855
CF6DUG
PRELIMINARY LOCAL CLIMATOLOGICAL DATA (WS FORM: F-6)

                                          STATION:   DOUGLAS AZ
                                          MONTH:     APRIL
                                          YEAR:      2017
                                          LATITUDE:   31 28 N
                                          LONGITUDE: 109 36 W

  TEMPERATURE IN F:       :PCPN:    SNOW:  WIND      :SUNSHINE: SKY     :PK WND
================================================================================
1   2   3   4   5  6A  6B    7    8   9   10  11  12  13   14  15   16   17  18
                                     12Z  AVG MX 2MIN
DY MAX MIN AVG DEP HDD CDD  WTR  SNW DPTH SPD SPD DIR MIN PSBL S-S WX    SPD DR
================================================================================

 1  64  33  49  -9  16   0    T    M    0  7.6 29 350   M    M   5        36 350
 2  71  31  51  -7  14   0 0.00  0.0    0  7.7 21 320   M    M   0        29 290
 3  76  38  57  -1   8   0 0.00  0.0    0 11.9 24 270   M    M   0        31 260
 4  74  42  58   0   7   0 0.00  0.0    0 13.3 26 300   M    M   0        37 310
 5  78  33  56  -2   9   0 0.00  0.0    0  7.8 16 120   M    M   0        21  90
 6  84  36  60   1   5   0 0.00  0.0    0  6.3 15 180   M    M   0        19 210
 7  87  38  63   4   2   0 0.00  0.0    0  6.8 20 250   M    M   0        25 240
 8  87  38  63   4   2   0 0.00  0.0    0 10.9 32 250   M    M   M        39 260
 9  78  38  58  -1   7   0 0.00  0.0    0  8.9 21 250   M    M   M        30 250
10  82  33  58  -2   7   0 0.00  0.0    0  7.9 17 250   M    M   0        22 240
11  87  36  62   2   3   0 0.00  0.0    0  7.1 20 230   M    M   0        24 230
12  86  42  64   4   1   0 0.00  0.0    0  7.3 17 260   M    M   M        23 260
13  88  38  63   3   2   0 0.00  0.0    0  7.6 22 240   M    M   0        26 250
14  87  47  67   6   0   2 0.00  0.0    0  9.5 24 220   M    M   0        37 220
15  85  38  62   1   3   0 0.00  0.0    0  7.1 20 240   M    M   0        24 230
16  84  41  63   2   2   0 0.00  0.0    0  7.1 16 220   M    M   0        23 260
17  85  42  64   2   1   0 0.00  0.0    0  6.3 15 350   M    M   0        21 350
18  89  43  66   4   0   1 0.00  0.0    0  8.3 22 230   M    M   0        29 270
19  89  49  69   7   0   4 0.00  0.0    0  8.6 22 240   M    M   0        27 250
20  90  45  68   6   0   3 0.00  0.0    0  9.8 22 330   M    M   0        27 330
21  91  41  66   3   0   1 0.00  0.0    0  8.6 22 330   M    M   0        28 330
22  91  39  65   2   0   0 0.00  0.0    0  5.1 15 340   M    M   0        18 320
23  94  51  73  10   0   8 0.00  0.0    0  8.6 26 280   M    M   0        32 270
24  88  52  70   6   0   5 0.00  0.0    0 14.3 30 270   M    M   0        40 270
25  81  57  69   5   0   4 0.00  0.0    0 17.6 32 240   M    M   1        41 250
26  82  47  65   1   0   0 0.00  0.0    0  8.0 25 320   M    M   0        33 310
================================================================================
SM 2178 1068        89  28    T      0.0 230.0          M        6
================================================================================
AV 83.8 41.1                               8.8 FASTST   M    M   0    MAX(MPH)
                                 MISC ---->    32   M                 41    M
================================================================================
NOTES:
# LAST OF SEVERAL OCCURRENCES

COLUMN 17 PEAK WIND IN M.P.H.

PRELIMINARY LOCAL CLIMATOLOGICAL DATA (WS FORM: F-6) , PAGE 2

                                          STATION:  DOUGLAS AZ
                                          MONTH:    APRIL
                                          YEAR:     2017
                                          LATITUDE:   31 28 N
                                          LONGITUDE: 109 36 W

[TEMPERATURE DATA]      [PRECIPITATION DATA]       SYMBOLS USED IN COLUMN 16

AVERAGE MONTHLY: 62.4   TOTAL FOR MONTH:      T    1 = FOG OR MIST
DPTR FM NORMAL:   1.7   DPTR FM NORMAL:   -0.20    2 = FOG REDUCING VISIBILITY
HIGHEST:    94 ON 23    GRTST 24HR    T  ON  1- 1      TO 1/4 MILE OR LESS
LOWEST:     31 ON  2                               3 = THUNDER
                        SNOW, ICE PELLETS, HAIL    4 = ICE PELLETS
                        TOTAL MONTH:   0.0 INCH    5 = HAIL
                        GRTST 24HR     0.0         6 = FREEZING RAIN OR DRIZZLE
                        GRTST DEPTH:   0           7 = DUSTSTORM OR SANDSTORM:
                                                       VSBY 1/2 MILE OR LESS
                                                   8 = SMOKE OR HAZE
[NO. OF DAYS WITH]      [WEATHER - DAYS WITH]      9 = BLOWING SNOW
                                                   X = TORNADO
MAX 32 OR BELOW:   0    0.01 INCH OR MORE:   0
MAX 90 OR ABOVE:   4    0.10 INCH OR MORE:   0
MIN 32 OR BELOW:   1    0.50 INCH OR MORE:   0
MIN  0 OR BELOW:   0    1.00 INCH OR MORE:   0

[HDD (BASE 65) ]
TOTAL THIS MO.    89    CLEAR  (SCALE 0-3)  22
DPTR FM NORMAL   -41    PTCLDY (SCALE 4-7)   1
TOTAL FM JUL 1  2063    CLOUDY (SCALE 8-10)  0
DPTR FM NORMAL  -428

[CDD (BASE 65) ]
TOTAL THIS MO.    28
DPTR FM NORMAL    10    [PRESSURE DATA]
TOTAL FM JAN 1    35    HIGHEST SLP M ON M
DPTR FM NORMAL    16    LOWEST  SLP 29.55 ON 25

[REMARKS]
