000
CXUS55 KTWC 280855
CF6DUG
PRELIMINARY LOCAL CLIMATOLOGICAL DATA (WS FORM: F-6)

                                          STATION:   DOUGLAS AZ
                                          MONTH:     JULY
                                          YEAR:      2014
                                          LATITUDE:   31 28 N
                                          LONGITUDE: 109 36 W

  TEMPERATURE IN F:       :PCPN:    SNOW:  WIND      :SUNSHINE: SKY     :PK WND
================================================================================
1   2   3   4   5  6A  6B    7    8   9   10  11  12  13   14  15   16   17  18
                                     12Z  AVG MX 2MIN
DY MAX MIN AVG DEP HDD CDD  WTR  SNW DPTH SPD SPD DIR MIN PSBL S-S WX    SPD DR
================================================================================

 1 101  64  83   2   0  18 0.00  0.0    0  7.8 17 300   M    M   0        23 350
 2  97  68  83   2   0  18    T  0.0    0  8.4 38 360   M    M   1 3      45 360
 3  96  68  82   1   0  17 0.23  0.0    0  7.5 32 170   M    M   3 3      37 170
 4  92  63  78  -3   0  13 0.51  0.0    0  5.5 23  70   M    M   4 3      29  50
 5  92  67  80  -1   0  15 0.00  0.0    0  6.2 24  70   M    M   4 3      28  60
 6  89  70  80  -1   0  15 0.04  0.0    0  6.4 28 310   M    M   3 3      33 300
 7  84  67  76  -5   0  11 0.04  0.0    0  6.1 22 320   M    M   4 3      25 310
 8  95  62  79  -2   0  14 0.21  0.0    0  5.5 28 170   M    M   1 3      36 180
 9  92  66  79  -2   0  14 0.37  0.0    0  7.8 33 110   M    M   2 3      42 120
10  95  64  80  -1   0  15 0.14  0.0    0  7.4 26 120   M    M   1 13     32 120
11  93  64  79  -2   0  14 0.35  0.0    0  6.7 24 310   M    M   1 13     32  50
12  95  64  80   0   0  15 0.45  0.0    0  7.2 44 140   M    M   2 13     56 140
13  91  66  79  -1   0  14 0.06  0.0    0  5.2 25 130   M    M   1 3      31 130
14  94  66  80   0   0  15 0.17  0.0    0  8.5 32  80   M    M   M 3      40  90
15  88  65  77  -3   0  12 0.02  0.0    0  6.4 24 290   M    M   M        33 290
16  89  67  78  -2   0  13 0.22  0.0    0  7.6 26  50   M    M   3 13     33 240
17  91  67  79  -1   0  14 0.00  0.0    0  7.6 22 280   M    M   M        27 270
18  93  65  79  -1   0  14 0.00  0.0    0  6.6 20 250   M    M   M        24 250
19  95  69  82   2   0  17 0.00  0.0    0  6.0 22 200   M    M   0        26 200
20  96  69  83   3   0  18 0.00  0.0    0  7.8 28 170   M    M   M 3      35 180
21  93  69  81   1   0  16 0.00  0.0    0  7.0 26 110   M    M   4        30 110
22  97  68  83   3   0  18 0.00  0.0    0  6.4 31  80   M    M   1        39  90
23  95  67  81   2   0  16    T  0.0    0 10.1 26  80   M    M   1        31  80
24  97  65  81   2   0  16 0.00  0.0    0  7.0 22 130   M    M   2 8      28 100
25  98  70  84   5   0  19 0.01  0.0    0  8.8 30 230   M    M   7 38     36 220
26  98  63  81   2   0  16 0.01  0.0    0  8.3 22 340   M    M   1 3      32  10
27  93  67  80   1   0  15 1.72  0.0    0 11.2 44  50   M    M   2 123    53  50
================================================================================
SM 2529 1790         0 412  4.55     0.0 197.0          M       48
================================================================================
AV 93.7 66.3                               7.3 FASTST   M    M   2    MAX(MPH)
                                 MISC ---->  # 44 140               # 56  140
================================================================================
NOTES:
# LAST OF SEVERAL OCCURRENCES

COLUMN 17 PEAK WIND IN M.P.H.

PRELIMINARY LOCAL CLIMATOLOGICAL DATA (WS FORM: F-6) , PAGE 2

                                          STATION:  DOUGLAS AZ
                                          MONTH:    JULY
                                          YEAR:     2014
                                          LATITUDE:   31 28 N
                                          LONGITUDE: 109 36 W

[TEMPERATURE DATA]      [PRECIPITATION DATA]       SYMBOLS USED IN COLUMN 16

AVERAGE MONTHLY: 80.0   TOTAL FOR MONTH:   4.55    1 = FOG OR MIST
DPTR FM NORMAL:  -0.2   DPTR FM NORMAL:    2.10    2 = FOG REDUCING VISIBILITY
HIGHEST:   101 ON  1    GRTST 24HR  1.72 ON 27-27      TO 1/4 MILE OR LESS
LOWEST:     62 ON  8                               3 = THUNDER
                        SNOW, ICE PELLETS, HAIL    4 = ICE PELLETS
                        TOTAL MONTH:   0.0 INCH    5 = HAIL
                        GRTST 24HR     0.0         6 = FREEZING RAIN OR DRIZZLE
                        GRTST DEPTH:   0           7 = DUSTSTORM OR SANDSTORM:
                                                       VSBY 1/2 MILE OR LESS
                                                   8 = SMOKE OR HAZE
[NO. OF DAYS WITH]      [WEATHER - DAYS WITH]      9 = BLOWING SNOW
                                                   X = TORNADO
MAX 32 OR BELOW:   0    0.01 INCH OR MORE:  16
MAX 90 OR ABOVE:  23    0.10 INCH OR MORE:  10
MIN 32 OR BELOW:   0    0.50 INCH OR MORE:   2
MIN  0 OR BELOW:   0    1.00 INCH OR MORE:   1

[HDD (BASE 65) ]
TOTAL THIS MO.     0    CLEAR  (SCALE 0-3)  16
DPTR FM NORMAL     0    PTCLDY (SCALE 4-7)   6
TOTAL FM JUL 1     0    CLOUDY (SCALE 8-10)  0
DPTR FM NORMAL     0

[CDD (BASE 65) ]
TOTAL THIS MO.   412
DPTR FM NORMAL     0    [PRESSURE DATA]
TOTAL FM JAN 1  1078    HIGHEST SLP M ON M
DPTR FM NORMAL    70    LOWEST  SLP 27.37 ON 23

[REMARKS]
