000
CXUS51 KPBZ 281001
CF6DUJ
PRELIMINARY LOCAL CLIMATOLOGICAL DATA (WS FORM: F-6)

                                          STATION:   DUBOIS
                                          MONTH:     DECEMBER
                                          YEAR:      2014
                                          LATITUDE:   41 10 N
                                          LONGITUDE:  78 54 W

  TEMPERATURE IN F:       :PCPN:    SNOW:  WIND      :SUNSHINE: SKY     :PK WND
================================================================================
1   2   3   4   5  6A  6B    7    8   9   10  11  12  13   14  15   16   17  18
                                     12Z  AVG MX 2MIN
DY MAX MIN AVG DEP HDD CDD  WTR  SNW DPTH SPD SPD DIR MIN PSBL S-S WX    SPD DR
================================================================================

 1  59  25  42   9  23   0 0.05    M    M 10.0 21 240   M    M   7 18     28 240
 2  33  20  27  -6  38   0 0.18    M    M 12.4 23 120   M    M   6 168    28 130
 3  39  28  34   2  31   0    T    M    M 13.2 23 250   M    M   8 12     30 250
 4  32  22  27  -5  38   0 0.00    M    M  5.7 10 260   M    M   2 1      15 260
 5  34  23  29  -2  36   0 0.16    M    M 10.4 18 120   M    M  10 168    24 120
 6  38  32  35   4  30   0 0.98    M    M 10.5 21 360   M    M  10 1      29  10
 7  39  25  32   1  33   0 0.00    M    M  9.9 18  20   M    M   2        26 360
 8  33  22  28  -2  37   0 0.00    M    M 11.1 22 130   M    M   2        31 130
 9  46  30  38   8  27   0 0.00    M    M  6.9 15 350   M    M   7 1      20 350
10  35  25  30   0  35   0    T    M    M 13.9 23 290   M    M  10 18     33 290
11  29  25  27  -2  38   0 0.03    M    M 16.5 29 280   M    M  10 128    41 280
12  31  27  29   0  36   0 0.00    M    M 12.3 20 280   M    M  10 18     25 290
13  32  27  30   1  35   0 0.00    M    M 12.4 21 250   M    M  10 12     25 250
14  38  32  35   7  30   0 0.00    M    M 10.8 17 300   M    M  10 12     22 300
15  43  35  39  11  26   0 0.00    M    M  5.7 13 120   M    M   9 12     16 120
16  44  35  40  12  25   0 0.36    M    M 10.6 21 260   M    M   8 1      28 260
17  40  26  33   6  32   0 0.02    M    M 14.8 23 250   M    M  10 18     34 230
18  27  25  26  -1  39   0    T    M    M 11.4 18 270   M    M  10 18     24 260
19  28  21  25  -2  40   0    T    M    M  9.0 18 280   M    M   9 1      26 290
20  27  18  23  -4  42   0 0.00    M    M  2.8 10  10   M    M  10        13  10
21  29  20  25  -1  40   0 0.00    M    M  2.8  9 350   M    M   8 18     11 110
22  34  20  27   1  38   0 0.00    M    M 10.4 18 120   M    M   4 18     24 120
23  44  32  38  12  27   0 0.06    M    M 11.6 17 130   M    M  10 1      22 130
24  52  43  48  22  17   0 0.25    M    M 13.1 43 230   M    M   9 1      56 240
25  44  34  39  13  26   0 0.02    M    M 15.9 33 240   M    M   9 18     42 250
26  45  33  39  14  26   0 0.00    M    M  9.0 15 250   M    M   5        20 230
27  52  31  42  17  23   0 0.04    M    M  6.7 18 240   M    M   7 1      28 250
================================================================================
SM 1027  736       868   0  2.15    M    279.8          M      212
================================================================================
AV 38.0 27.3                              10.4 FASTST   M    M   8    MAX(MPH)
                                 MISC ---->  # 43 230               # 56  240
================================================================================
NOTES:
# LAST OF SEVERAL OCCURRENCES

COLUMN 17 PEAK WIND IN M.P.H.

PRELIMINARY LOCAL CLIMATOLOGICAL DATA (WS FORM: F-6) , PAGE 2

                                          STATION:  DUBOIS
                                          MONTH:    DECEMBER
                                          YEAR:     2014
                                          LATITUDE:   41 10 N
                                          LONGITUDE:  78 54 W

[TEMPERATURE DATA]      [PRECIPITATION DATA]       SYMBOLS USED IN COLUMN 16

AVERAGE MONTHLY: 32.6   TOTAL FOR MONTH:   2.15    1 = FOG OR MIST
DPTR FM NORMAL:   4.1   DPTR FM NORMAL:   -0.60    2 = FOG REDUCING VISIBILITY
HIGHEST:    59 ON  1    GRTST 24HR  1.14 ON  5- 6      TO 1/4 MILE OR LESS
LOWEST:     18 ON 20                               3 = THUNDER
                        SNOW, ICE PELLETS, HAIL    4 = ICE PELLETS
                        TOTAL MONTH:    M          5 = HAIL
                        GRTST 24HR    M  ON   M    6 = FREEZING RAIN OR DRIZZLE
                        GRTST DEPTH:  M  ON   M    7 = DUSTSTORM OR SANDSTORM:
                                                       VSBY 1/2 MILE OR LESS
                                                   8 = SMOKE OR HAZE
[NO. OF DAYS WITH]      [WEATHER - DAYS WITH]      9 = BLOWING SNOW
                                                   X = TORNADO
MAX 32 OR BELOW:   8    0.01 INCH OR MORE:  11
MAX 90 OR ABOVE:   0    0.10 INCH OR MORE:   5
MIN 32 OR BELOW:  22    0.50 INCH OR MORE:   1
MIN  0 OR BELOW:   0    1.00 INCH OR MORE:   0

[HDD (BASE 65) ]
TOTAL THIS MO.   868    CLEAR  (SCALE 0-3)   3
DPTR FM NORMAL  -116    PTCLDY (SCALE 4-7)   9
TOTAL FM JUL 1  2393    CLOUDY (SCALE 8-10) 15
DPTR FM NORMAL  -108

[CDD (BASE 65) ]
TOTAL THIS MO.     0
DPTR FM NORMAL     0    [PRESSURE DATA]
TOTAL FM JAN 1   412    HIGHEST SLP M ON M
DPTR FM NORMAL    50    LOWEST  SLP 29.34 ON 24

[REMARKS]
