000
CXUS51 KPBZ 220904
CF6DUJ
PRELIMINARY LOCAL CLIMATOLOGICAL DATA (WS FORM: F-6)

                                          STATION:   DUBOIS
                                          MONTH:     NOVEMBER
                                          YEAR:      2017
                                          LATITUDE:   41 10 N
                                          LONGITUDE:  78 54 W

  TEMPERATURE IN F:       :PCPN:    SNOW:  WIND      :SUNSHINE: SKY     :PK WND
================================================================================
1   2   3   4   5  6A  6B    7    8   9   10  11  12  13   14  15   16   17  18
                                     12Z  AVG MX 2MIN
DY MAX MIN AVG DEP HDD CDD  WTR  SNW DPTH SPD SPD DIR MIN PSBL S-S WX    SPD DR
================================================================================

 1  44  28  36  -8  29   0 0.46    M    0  7.1 12 120   M    M   9 18     15 110
 2  61  44  53   9  12   0 0.11    M    0  7.4 21 230   M    M   8 18     27 230
 3  62  34  48   4  17   0 0.20    M    0  9.0 18 330   M    M   7 1      24 330
 4  54  31  43  -1  22   0    T    M    0 10.1 16 130   M    M   3 1      24 140
 5  57  46  52   9  13   0 0.49    M    0 11.7 18 180   M    M  10 13     28 180
 6  47  32  40  -3  25   0 0.00  0.0    0  7.6 14 360   M    M   1         M  M
 7  36  30  33  -9  32   0 0.01    M    0  5.7 15  60   M    M   8 1      20  80
 8  47  25  36  -6  29   0 0.00  0.0    0  3.2  9  30   M    M   0        14  30
 9  50  24  37  -5  28   0 0.00  0.0    0  9.2 25 320   M    M   2        35 320
10  35  12  24 -17  41   0    T    M    0 11.4 22 320   M    M   6 8      32 310
11  32   9  21 -20  44   0 0.00  0.0    0  6.4 14 100   M    M   0        18  90
12  42  22  32  -9  33   0 0.00    M    M  4.5 10 100   M    M   5        13 110
13  45  33  39  -1  26   0 0.00    M    M  5.0 15 320   M    M  10 1      19 320
14  40  31  36  -4  29   0 0.00    M    M  3.5  8 330   M    M  10 1      12 280
15  44  25  35  -5  30   0 0.04    M    M  7.5 16 130   M    M   2 18     23 140
16  44  33  39   0  26   0 0.14    M    0 14.5 24 270   M    M   8 18     31 280
17  37  28  33  -6  32   0 0.02    M    M  7.4 17 310   M    M   5 1      25 300
18  46  32  39   1  26   0 1.25    M    M  8.5 17 320   M    M   8 1      23 320
19  50  28  39   1  26   0 0.26    M    0 17.1 36 270   M    M   7 128    52 270
20  38  27  33  -5  32   0    T    M    0 13.9 24 250   M    M   5 18     31 260
21  52  35  44   7  21   0 0.00  0.0    0 11.2 24 220   M    M   0        32 230
================================================================================
SM  963  609       573   0  2.98     0.0 181.9          M      114
================================================================================
AV 45.9 29.0                               8.7 FASTST   M    M   5    MAX(MPH)
                                 MISC ---->  # 36 270               # 52  270
================================================================================
NOTES:
# LAST OF SEVERAL OCCURRENCES

COLUMN 17 PEAK WIND IN M.P.H.

PRELIMINARY LOCAL CLIMATOLOGICAL DATA (WS FORM: F-6) , PAGE 2

                                          STATION:  DUBOIS
                                          MONTH:    NOVEMBER
                                          YEAR:     2017
                                          LATITUDE:   41 10 N
                                          LONGITUDE:  78 54 W

[TEMPERATURE DATA]      [PRECIPITATION DATA]       SYMBOLS USED IN COLUMN 16

AVERAGE MONTHLY: 37.4   TOTAL FOR MONTH:   2.98    1 = FOG OR MIST
DPTR FM NORMAL:  -3.5   DPTR FM NORMAL:    0.42    2 = FOG REDUCING VISIBILITY
HIGHEST:    62 ON  3    GRTST 24HR  1.25 ON 18-18      TO 1/4 MILE OR LESS
LOWEST:      9 ON 11                               3 = THUNDER
                        SNOW, ICE PELLETS, HAIL    4 = ICE PELLETS
                        TOTAL MONTH:   0.0 INCH    5 = HAIL
                        GRTST 24HR     0.0         6 = FREEZING RAIN OR DRIZZLE
                        GRTST DEPTH:   0           7 = DUSTSTORM OR SANDSTORM:
                                                       VSBY 1/2 MILE OR LESS
                                                   8 = SMOKE OR HAZE
[NO. OF DAYS WITH]      [WEATHER - DAYS WITH]      9 = BLOWING SNOW
                                                   X = TORNADO
MAX 32 OR BELOW:   1    0.01 INCH OR MORE:  10
MAX 90 OR ABOVE:   0    0.10 INCH OR MORE:   7
MIN 32 OR BELOW:  15    0.50 INCH OR MORE:   1
MIN  0 OR BELOW:   0    1.00 INCH OR MORE:   1

[HDD (BASE 65) ]
TOTAL THIS MO.   573    CLEAR  (SCALE 0-3)   7
DPTR FM NORMAL    67    PTCLDY (SCALE 4-7)  10
TOTAL FM JUL 1  1061    CLOUDY (SCALE 8-10)  4
DPTR FM NORMAL  -188

[CDD (BASE 65) ]
TOTAL THIS MO.     0
DPTR FM NORMAL     0    [PRESSURE DATA]
TOTAL FM JAN 1   441    HIGHEST SLP M ON M
DPTR FM NORMAL    79    LOWEST  SLP 29.11 ON 18

[REMARKS]
