000
CXUS55 KDVN 011100
CF6DVN
PRELIMINARY LOCAL CLIMATOLOGICAL DATA (WS FORM: F-6)

                                          STATION:   DAVENPORT IA
                                          MONTH:     APRIL
                                          YEAR:      2016
                                          LATITUDE:   41 37 N
                                          LONGITUDE:  90 35 W

  TEMPERATURE IN F:       :PCPN:    SNOW:  WIND      :SUNSHINE: SKY     :PK WND
================================================================================
1   2   3   4   5  6A  6B    7    8   9   10  11  12  13   14  15   16   17  18
                                     12Z  AVG MX 2MIN
DY MAX MIN AVG DEP HDD CDD  WTR  SNW DPTH SPD SPD DIR MIN PSBL S-S WX    SPD DR
================================================================================

 1  49  29  39  -6  26   0 0.01  0.0    0 11.7 29 320   M    M   7        35 310
 2  43  27  35 -10  30   0    T    T    0 22.1 46 300   M    M   3        56 300
 3  80  24  52   6  13   0    T  0.0    0 18.6 39 240   M    M   1        47 220
 4  47  26  37  -9  28   0    T  0.0    0  9.9 20  40   M    M   3 8      24  40
 5  46  26  36 -11  29   0 0.15  0.0    0 14.7 28 130   M    M   4 13     33 130
 6  52  39  46  -1  19   0 0.08  0.0    0 15.4 25 270   M    M   9 13     31 310
 7  48  34  41  -6  24   0    T  0.0    0 14.4 24 340   M    M   7        29 350
 8  44  28  36 -12  29   0 0.01    T    0 20.7 39 300   M    M   7 18     49 300
 9  45  20  33 -15  32   0 0.00  0.0    0 11.6 26 160   M    M   1        34 140
10  55  38  47  -1  18   0 0.12  0.0    0 14.1 29 150   M    M   8 1      39 150
11  51  27  39 -10  26   0 0.00  0.0    0 15.7 30 320   M    M   0        37 310
12  54  21  38 -11  27   0 0.00  0.0    0  6.3 14 150   M    M   0 8      15 140
13  65  33  49  -1  16   0 0.00  0.0    0 11.3 22 180   M    M   0        27 160
14  70  38  54   4  11   0 0.00  0.0    0 11.2 21 130   M    M   1        26 130
15  79  45  62  12   3   0 0.00  0.0    0 13.4 21 140   M    M   1 8      27 140
16  84  48  66  15   0   1 0.00  0.0    0 10.8 24 150   M    M   1        31 160
17  84  50  67  16   0   2 0.00  0.0    0  9.4 20 170   M    M   0        27 180
18  82  50  66  15   0   1    T  0.0    0  9.0 20 150   M    M   1 8      24 150
19  65  50  58   6   7   0 0.67  0.0    0  8.9 20  80   M    M   8 1      22  60
20  68  47  58   6   7   0 0.01  0.0    0 10.4 30 160   M    M   5 12     34 150
21  67  45  56   4   9   0 0.24  0.0    0  6.1 28 240   M    M   4 123    35 220
22  61  46  54   1  11   0 0.00  0.0    0  7.5 18  50   M    M   5        22  50
23  67  40  54   1  11   0 0.00  0.0    0  8.8 16 170   M    M   0        19 130
24  79  50  65  12   0   0 0.00  0.0    0 13.7 21 170   M    M   0 1      27 190
25  82  59  71  17   0   6 0.00  0.0    0 14.8 26 270   M    M   2        32 260
26  60  45  53  -1  12   0 0.00  0.0    0 14.3 25  70   M    M   4 18     35  70
27  50  44  47  -7  18   0 0.34  0.0    0 20.0 30 100   M    M  10 13     37  70
28  54  46  50  -5  15   0 0.02  0.0    0  7.3 24  70   M    M   9 18     29  70
29  53  43  48  -7  17   0 0.01  0.0    0  9.6 17  30   M    M  10 1      20  10
30  49  44  47  -8  18   0 0.76  0.0    0 17.5 26  80   M    M   8 18     35  90
================================================================================
SM 1833 1162       456  10  2.42    T    379.2          M      119
================================================================================
AV 61.1 38.7                              12.6 FASTST   M    M   4    MAX(MPH)
                                 MISC ---->  # 46 300               # 56  300
================================================================================
NOTES:
# LAST OF SEVERAL OCCURRENCES

COLUMN 17 PEAK WIND IN M.P.H.

PRELIMINARY LOCAL CLIMATOLOGICAL DATA (WS FORM: F-6) , PAGE 2

                                          STATION:  DAVENPORT IA
                                          MONTH:    APRIL
                                          YEAR:     2016
                                          LATITUDE:   41 37 N
                                          LONGITUDE:  90 35 W

[TEMPERATURE DATA]      [PRECIPITATION DATA]       SYMBOLS USED IN COLUMN 16

AVERAGE MONTHLY: 49.9   TOTAL FOR MONTH:   2.42    1 = FOG OR MIST
DPTR FM NORMAL:  -0.4   DPTR FM NORMAL:   -1.09    2 = FOG REDUCING VISIBILITY
HIGHEST:    84 ON 17,16 GRTST 24HR  0.76 ON 30-30      TO 1/4 MILE OR LESS
LOWEST:     20 ON  9                               3 = THUNDER
                        SNOW, ICE PELLETS, HAIL    4 = ICE PELLETS
                        TOTAL MONTH:    T          5 = HAIL
                        GRTST 24HR    T  ON  8- 8  6 = FREEZING RAIN OR DRIZZLE
                        GRTST DEPTH:   0           7 = DUSTSTORM OR SANDSTORM:
                                                       VSBY 1/2 MILE OR LESS
                                                   8 = SMOKE OR HAZE
[NO. OF DAYS WITH]      [WEATHER - DAYS WITH]      9 = BLOWING SNOW
                                                   X = TORNADO
MAX 32 OR BELOW:   0    0.01 INCH OR MORE:  12
MAX 90 OR ABOVE:   0    0.10 INCH OR MORE:   6
MIN 32 OR BELOW:   9    0.50 INCH OR MORE:   2
MIN  0 OR BELOW:   0    1.00 INCH OR MORE:   0

[HDD (BASE 65) ]
TOTAL THIS MO.   456    CLEAR  (SCALE 0-3)  14
DPTR FM NORMAL    10    PTCLDY (SCALE 4-7)  10
TOTAL FM JUL 1  5329    CLOUDY (SCALE 8-10)  6
DPTR FM NORMAL  -975

[CDD (BASE 65) ]
TOTAL THIS MO.    10
DPTR FM NORMAL     4    [PRESSURE DATA]
TOTAL FM JAN 1    11    HIGHEST SLP 30.46 ON  5
DPTR FM NORMAL     5    LOWEST  SLP 29.56 ON  3

[REMARKS]
#FINAL-04-16#
