000
CXUS55 KDVN 161100
CF6DVN
PRELIMINARY LOCAL CLIMATOLOGICAL DATA (WS FORM: F-6)

                                          STATION:   DAVENPORT IA
                                          MONTH:     APRIL
                                          YEAR:      2014
                                          LATITUDE:   41 37 N
                                          LONGITUDE:  90 35 W

  TEMPERATURE IN F:       :PCPN:    SNOW:  WIND      :SUNSHINE: SKY     :PK WND
================================================================================
1   2   3   4   5  6A  6B    7    8   9   10  11  12  13   14  15   16   17  18
                                     12Z  AVG MX 2MIN
DY MAX MIN AVG DEP HDD CDD  WTR  SNW DPTH SPD SPD DIR MIN PSBL S-S WX    SPD DR
================================================================================

 1  48  27  38  -7  27   0 0.00  0.0    0 19.6 36 250   M    M   6        43 260
 2  50  30  40  -5  25   0    T  0.0    0 13.8 26  90   M    M   6        31  90
 3  42  36  39  -7  26   0 0.56    T    0 18.0 30  90   M    M  10 135    34  90
 4  44  34  39  -7  26   0    T  0.0    0 19.7 37 300   M    M  10 12     46 300
 5  53  27  40  -7  25   0 0.00  0.0    0  5.9 12 190   M    M   1 18     16 170
 6  58  33  46  -1  19   0 0.00  0.0    0  9.3 17 180   M    M   3        21 190
 7  62  38  50   3  15   0    T  0.0    0  8.8 21 340   M    M   3        25 340
 8  61  36  49   1  16   0 0.00  0.0    0 11.0 22 320   M    M   2        27 330
 9  67  29  48   0  17   0 0.00  0.0    0 12.4 25 180   M    M   0        32 180
10  66  40  53   5  12   0 0.00  0.0    0 13.9 25 330   M    M   0        32 330
11  74  34  54   5  11   0 0.00  0.0    0 10.1 24 250   M    M   0 8      31 250
12  81  55  68  19   0   3    T  0.0    0 17.0 28 200   M    M   3        35 180
13  69  46  58   8   7   0 0.93  0.0    0 13.6 49 270   M    M   7 13     59 270
14  46  30  38 -12  27   0 0.07    T    0 18.2 37 340   M    M   9 1      44 350
15  41  25  33 -17  32   0 0.00  0.0    0  9.7 18 320   M    M   0        26 320
================================================================================
SM  862  520       285   3  1.56    T    201.0          M       60
================================================================================
AV 57.5 34.7                              13.4 FASTST   M    M   4    MAX(MPH)
                                 MISC ---->  # 49 270               # 59  270
================================================================================
NOTES:
# LAST OF SEVERAL OCCURRENCES

COLUMN 17 PEAK WIND IN M.P.H.

PRELIMINARY LOCAL CLIMATOLOGICAL DATA (WS FORM: F-6) , PAGE 2

                                          STATION:  DAVENPORT IA
                                          MONTH:    APRIL
                                          YEAR:     2014
                                          LATITUDE:   41 37 N
                                          LONGITUDE:  90 35 W

[TEMPERATURE DATA]      [PRECIPITATION DATA]       SYMBOLS USED IN COLUMN 16

AVERAGE MONTHLY: 46.1   TOTAL FOR MONTH:   1.56    1 = FOG OR MIST
DPTR FM NORMAL:  -1.6   DPTR FM NORMAL:    0.05    2 = FOG REDUCING VISIBILITY
HIGHEST:    81 ON 12    GRTST 24HR  0.93 ON 13-13      TO 1/4 MILE OR LESS
LOWEST:     25 ON 15                               3 = THUNDER
                        SNOW, ICE PELLETS, HAIL    4 = ICE PELLETS
                        TOTAL MONTH:    T          5 = HAIL
                        GRTST 24HR    T  ON 14-14  6 = FREEZING RAIN OR DRIZZLE
                        GRTST DEPTH:   0           7 = DUSTSTORM OR SANDSTORM:
                                                       VSBY 1/2 MILE OR LESS
                                                   8 = SMOKE OR HAZE
[NO. OF DAYS WITH]      [WEATHER - DAYS WITH]      9 = BLOWING SNOW
                                                   X = TORNADO
MAX 32 OR BELOW:   0    0.01 INCH OR MORE:   3
MAX 90 OR ABOVE:   0    0.10 INCH OR MORE:   2
MIN 32 OR BELOW:   6    0.50 INCH OR MORE:   2
MIN  0 OR BELOW:   0    1.00 INCH OR MORE:   0

[HDD (BASE 65) ]
TOTAL THIS MO.   285    CLEAR  (SCALE 0-3)   8
DPTR FM NORMAL    24    PTCLDY (SCALE 4-7)   4
TOTAL FM JUL 1  7185    CLOUDY (SCALE 8-10)  3
DPTR FM NORMAL  1066

[CDD (BASE 65) ]
TOTAL THIS MO.     3
DPTR FM NORMAL     3    [PRESSURE DATA]
TOTAL FM JAN 1     3    HIGHEST SLP M ON M
DPTR FM NORMAL     3    LOWEST  SLP 29.35 ON 13

[REMARKS]
