000
CXUS54 KHGX 221415
CF6DWH
PRELIMINARY LOCAL CLIMATOLOGICAL DATA (WS FORM: F-6)

                                          STATION:   HOUSTON/D.W._HOOKS
                                          MONTH:     JULY
                                          YEAR:      2017
                                          LATITUDE:   30  4 N
                                          LONGITUDE:  95 33 W

  TEMPERATURE IN F:       :PCPN:    SNOW:  WIND      :SUNSHINE: SKY     :PK WND
================================================================================
1   2   3   4   5  6A  6B    7    8   9   10  11  12  13   14  15   16   17  18
                                     12Z  AVG MX 2MIN
DY MAX MIN AVG DEP HDD CDD  WTR  SNW DPTH SPD SPD DIR MIN PSBL S-S WX    SPD DR
================================================================================

 1  94  79  87   5   0  22 0.00  0.0    0  6.1 15 200   M    M   6 1      20 190
 2  95  76  86   4   0  21 0.00  0.0    0  5.5 15 130   M    M   3 1      21 130
 3  96  77  87   5   0  22 0.00  0.0    0  6.7 15 190   M    M   5        22 200
 4  96  79  88   6   0  23 0.03  0.0    0  5.5 13 150   M    M   4 3      19 140
 5  96  74  85   3   0  20 0.00  0.0    0  4.7 15 140   M    M   4 13     22 140
 6  97  75  86   4   0  21 0.00  0.0    0  3.5 13 130   M    M   2 13     20 130
 7  98  74  86   4   0  21 0.00  0.0    0  2.8 14 190   M    M   3 3      20 190
 8  97  74  86   4   0  21 0.00  0.0    0  5.0 13  70   M    M   1 13     20  70
 9  96  71  84   2   0  19 2.71  0.0    0  6.3 24 330   M    M   4 13     32 320
10  84  73  79  -3   0  14 0.72  0.0    0  3.2 16 340   M    M   5 13     21 340
11  94  73  84   2   0  19 0.00  0.0    0  3.5 17 140   M    M   2 1      23 130
12  94  73  84   2   0  19 0.30  0.0    0  3.4 16 130   M    M   2 13     23 180
13  94  74  84   2   0  19 0.00  0.0    0  2.9 14 210   M    M   2 1      18 230
14  97  74  86   4   0  21 0.00  0.0    0  3.2 12 190   M    M   1 1      16 130
15  93   M   M   M   M   M 0.68  0.0    0  1.7  6 300   M    M   3 13      M  M
16   M   M   M   M   M   M    M    M    M   M   M   M   M    M   M         M  M
17  93  80  87   5   0  22 0.00  0.0    M  2.9 13 150   M    M   2 13     18 160
18  91  76  84   2   0  19 0.00  0.0    0  2.7 15 140   M    M   1 3      21 140
19  97  74  86   4   0  21 0.05  0.0    0  2.6 14 150   M    M   2 1      21 160
20  97  76  87   5   0  22 0.00  0.0    0  3.4 13 190   M    M   2 13     21 180
21  97  75  86   4   0  21 0.00  0.0    0  3.9 16 110   M    M   3 3      24 130
================================================================================
SM 1896 1427         0 387  4.49     0.0  79.5          M       57
================================================================================
AV 94.8 75.1                               4.0 FASTST   M    M   3    MAX(MPH)
                                 MISC ---->  # 24 330               # 32  320
================================================================================
NOTES:
# LAST OF SEVERAL OCCURRENCES

COLUMN 17 PEAK WIND IN M.P.H.

PRELIMINARY LOCAL CLIMATOLOGICAL DATA (WS FORM: F-6) , PAGE 2

                                          STATION:  HOUSTON/D.W._HOOKS
                                          MONTH:    JULY
                                          YEAR:     2017
                                          LATITUDE:   30  4 N
                                          LONGITUDE:  95 33 W

[TEMPERATURE DATA]      [PRECIPITATION DATA]       SYMBOLS USED IN COLUMN 16

AVERAGE MONTHLY: 85.0   TOTAL FOR MONTH:   4.49    1 = FOG OR MIST
DPTR FM NORMAL:   3.0   DPTR FM NORMAL:    1.49    2 = FOG REDUCING VISIBILITY
HIGHEST:    98 ON  7    GRTST 24HR  2.71 ON  9- 9      TO 1/4 MILE OR LESS
LOWEST:     71 ON  9                               3 = THUNDER
                        SNOW, ICE PELLETS, HAIL    4 = ICE PELLETS
                        TOTAL MONTH:   0.0 INCH    5 = HAIL
                        GRTST 24HR     0.0         6 = FREEZING RAIN OR DRIZZLE
                        GRTST DEPTH:   0           7 = DUSTSTORM OR SANDSTORM:
                                                       VSBY 1/2 MILE OR LESS
                                                   8 = SMOKE OR HAZE
[NO. OF DAYS WITH]      [WEATHER - DAYS WITH]      9 = BLOWING SNOW
                                                   X = TORNADO
MAX 32 OR BELOW:   0    0.01 INCH OR MORE:   6
MAX 90 OR ABOVE:  19    0.10 INCH OR MORE:   4
MIN 32 OR BELOW:   0    0.50 INCH OR MORE:   3
MIN  0 OR BELOW:   0    1.00 INCH OR MORE:   1

[HDD (BASE 65) ]
TOTAL THIS MO.     0    CLEAR  (SCALE 0-3)  11
DPTR FM NORMAL     0    PTCLDY (SCALE 4-7)   9
TOTAL FM JUL 1     0    CLOUDY (SCALE 8-10)  0
DPTR FM NORMAL     0

[CDD (BASE 65) ]
TOTAL THIS MO.   387
DPTR FM NORMAL    30    [PRESSURE DATA]
TOTAL FM JAN 1  1770    HIGHEST SLP M ON M
DPTR FM NORMAL   388    LOWEST  SLP 29.86 ON 16

[REMARKS]
