000
CXUS56 KOTX 230900
CF6EAT
PRELIMINARY LOCAL CLIMATOLOGICAL DATA (WS FORM: F-6)

                                          STATION:   WENATCHEE WA PANGBORN FIELD
                                          MONTH:     NOVEMBER
                                          YEAR:      2017
                                          LATITUDE:   47 23 N
                                          LONGITUDE: 120 12 W

  TEMPERATURE IN F:       :PCPN:    SNOW:  WIND      :SUNSHINE: SKY     :PK WND
================================================================================
1   2   3   4   5  6A  6B    7    8   9   10  11  12  13   14  15   16   17  18
                                     12Z  AVG MX 2MIN
DY MAX MIN AVG DEP HDD CDD  WTR  SNW DPTH SPD SPD DIR MIN PSBL S-S WX    SPD DR
================================================================================

 1  58  40  49   5  16   0    T    M    M  8.8 21 320   M    M   3        23 330
 2  52  31  42  -1  23   0 0.03    M    M  7.2 24 320   M    M   4 1      29 330
 3  41  27  34  -9  31   0 0.00    M    M  4.9 10 130   M    M   5        13 120
 4  35  25  30 -12  35   0 0.02    M    M  3.4  7 130   M    M   7 1       9 120
 5  32  27  30 -12  35   0 0.15    M    M  5.1 13 280   M    M  10 1      14 280
 6  37  26  32 -10  33   0 0.00    M    M  1.5  7 110   M    M   6         9 150
 7  34  29  32  -9  33   0 0.00    M    M  1.2  7 310   M    M   9         8 310
 8  38  31  35  -6  30   0 0.02    M    M  4.9  9 260   M    M   7 1      12 300
 9  36  31  34  -6  31   0 0.52    M    M  3.4  9 310   M    M   9 12     11 300
10  39  31  35  -5  30   0 0.03    M    M  0.0  0   0   M    M   9         0   0
11  37  35  36  -3  29   0 0.01    M    M  2.6  8 310   M    M  10 1      10 310
12  41  37  39   0  26   0 0.01    M    M  1.4  7 340   M    M  10 1       8 340
13  52  40  46   7  19   0    T    M    M  7.8 21 250   M    M   5 18     32 110
14  49  34  42   4  23   0 0.00    M    M  7.2 22 130   M    M   3        26 130
15  47  38  43   5  22   0    T    M    M  7.7 15 300   M    M   8         M  M
16  48  31  40   3  25   0 0.00    M    M  4.3 12 140   M    M   2        14 130
17  50  30  40   3  25   0 0.00    M    M  6.0 21 270   M    M   1        27 270
18  46  29  38   1  27   0 0.00    M    M  2.3 10 110   M    M   0        15 120
19  37  27  32  -4  33   0 0.03    M    M  4.3 13 120   M    M   3 12     19  90
20  46  33  40   4  25   0 0.17    M    M  4.4 14 330   M    M   4 1       M  M
21  37  30  34  -1  31   0 0.20    M    M  2.0  7 300   M    M   7 1       M  M
22  44  34  39   4  26   0    T    M    M  1.7 13  80   M    M   7 12     18  80
================================================================================
SM  936  696       608   0  1.19    M     92.1          M      129
================================================================================
AV 42.6 31.6                               4.2 FASTST   M    M   6    MAX(MPH)
                                 MISC ---->  # 24 320               # 32  110
================================================================================
NOTES:
# LAST OF SEVERAL OCCURRENCES

COLUMN 17 PEAK WIND IN M.P.H.

PRELIMINARY LOCAL CLIMATOLOGICAL DATA (WS FORM: F-6) , PAGE 2

                                          STATION:  WENATCHEE WA PANGBORN FIELD
                                          MONTH:    NOVEMBER
                                          YEAR:     2017
                                          LATITUDE:   47 23 N
                                          LONGITUDE: 120 12 W

[TEMPERATURE DATA]      [PRECIPITATION DATA]       SYMBOLS USED IN COLUMN 16

AVERAGE MONTHLY: 37.1   TOTAL FOR MONTH:   1.19    1 = FOG OR MIST
DPTR FM NORMAL:  -2.2   DPTR FM NORMAL:    0.42    2 = FOG REDUCING VISIBILITY
HIGHEST:    58 ON  1    GRTST 24HR  0.52 ON  9- 9      TO 1/4 MILE OR LESS
LOWEST:     25 ON  4                               3 = THUNDER
                        SNOW, ICE PELLETS, HAIL    4 = ICE PELLETS
                        TOTAL MONTH:    M          5 = HAIL
                        GRTST 24HR    M  ON   M    6 = FREEZING RAIN OR DRIZZLE
                        GRTST DEPTH:  M  ON   M    7 = DUSTSTORM OR SANDSTORM:
                                                       VSBY 1/2 MILE OR LESS
                                                   8 = SMOKE OR HAZE
[NO. OF DAYS WITH]      [WEATHER - DAYS WITH]      9 = BLOWING SNOW
                                                   X = TORNADO
MAX 32 OR BELOW:   1    0.01 INCH OR MORE:  11
MAX 90 OR ABOVE:   0    0.10 INCH OR MORE:   4
MIN 32 OR BELOW:  14    0.50 INCH OR MORE:   1
MIN  0 OR BELOW:   0    1.00 INCH OR MORE:   0

[HDD (BASE 65) ]
TOTAL THIS MO.   608    CLEAR  (SCALE 0-3)   6
DPTR FM NORMAL    41    PTCLDY (SCALE 4-7)  10
TOTAL FM JUL 1  1208    CLOUDY (SCALE 8-10)  6
DPTR FM NORMAL    91

[CDD (BASE 65) ]
TOTAL THIS MO.     0
DPTR FM NORMAL     0    [PRESSURE DATA]
TOTAL FM JAN 1  1058    HIGHEST SLP M ON M
DPTR FM NORMAL   268    LOWEST  SLP 29.45 ON 16

[REMARKS]
