000
CXUS56 KOTX 230900
CF6EAT
PRELIMINARY LOCAL CLIMATOLOGICAL DATA (WS FORM: F-6)

                                          STATION:   WENATCHEE WA PANGBORN FIELD
                                          MONTH:     JULY
                                          YEAR:      2017
                                          LATITUDE:   47 23 N
                                          LONGITUDE: 120 12 W

  TEMPERATURE IN F:       :PCPN:    SNOW:  WIND      :SUNSHINE: SKY     :PK WND
================================================================================
1   2   3   4   5  6A  6B    7    8   9   10  11  12  13   14  15   16   17  18
                                     12Z  AVG MX 2MIN
DY MAX MIN AVG DEP HDD CDD  WTR  SNW DPTH SPD SPD DIR MIN PSBL S-S WX    SPD DR
================================================================================

 1  92  69  81  11   0  16 0.00    M    M 11.5 23 290   M    M   0        27 300
 2  93  63  78   7   0  13 0.00    M    M 11.5 24 310   M    M   0        28 300
 3  89  64  77   6   0  12 0.00    M    M 13.2 21 300   M    M   0        26 290
 4  90  60  75   4   0  10 0.00    M    M  7.3 17 330   M    M   0        22 330
 5  96  60  78   6   0  13 0.00    M    M  7.0 14 140   M    M   0        17 140
 6  99  66  83  11   0  18 0.00    M    M  7.4 14 330   M    M   0        23 300
 7  99  69  84  12   0  19 0.00    M    M 11.1 23 310   M    M   0        28 300
 8  95  66  81   8   0  16 0.00    M    M  9.3 20 310   M    M   0        23 310
 9  92  71  82   9   0  17 0.00    M    M 17.2 24 280   M    M   0        29 280
10  86  66  76   3   0  11 0.00    M    M 18.7 31 310   M    M   0        39 320
11  85  62  74   1   0   9 0.00    M    M 11.0 20 280   M    M   0        26 290
12  91  63  77   3   0  12 0.00    M    M  7.6 16 310   M    M   0        28 300
13  89  65  77   3   0  12 0.00    M    M 11.6 21 310   M    M   0        24 320
14  92  58  75   1   0  10 0.00    M    M  7.2 14 320   M    M   0        18 320
15  94  66  80   6   0  15 0.00    M    M 14.0 24 300   M    M   0        30 290
16  80  58  69  -6   0   4 0.00    M    M 15.7 24 300   M    M   0        30 290
17  84  56  70  -5   0   5 0.00    M    M  8.3 17 320   M    M   0        21 340
18  90  57  74  -1   0   9 0.00    M    M  6.5 18 310   M    M   0        21 310
19  90  66  78   3   0  13 0.00    M    M 11.5 22 310   M    M   0        25 310
20  80  64  72  -4   0   7 0.00    M    M 15.3 25 320   M    M   0        30 300
21  83  58  71  -5   0   6 0.00    M    M  6.8 15 290   M    M   0        19 130
22  93  63  78   2   0  13 0.00    M    M  7.7 15 290   M    M   0        19 300
================================================================================
SM 1982 1390         0 260  0.00    M    237.4          M        0
================================================================================
AV 90.1 63.2                              10.8 FASTST   M    M   0    MAX(MPH)
                                 MISC ---->  # 31 310               # 39  320
================================================================================
NOTES:
# LAST OF SEVERAL OCCURRENCES

COLUMN 17 PEAK WIND IN M.P.H.

PRELIMINARY LOCAL CLIMATOLOGICAL DATA (WS FORM: F-6) , PAGE 2

                                          STATION:  WENATCHEE WA PANGBORN FIELD
                                          MONTH:    JULY
                                          YEAR:     2017
                                          LATITUDE:   47 23 N
                                          LONGITUDE: 120 12 W

[TEMPERATURE DATA]      [PRECIPITATION DATA]       SYMBOLS USED IN COLUMN 16

AVERAGE MONTHLY: 76.6   TOTAL FOR MONTH:   0.00    1 = FOG OR MIST
DPTR FM NORMAL:   3.2   DPTR FM NORMAL:   -0.21    2 = FOG REDUCING VISIBILITY
HIGHEST:    99 ON  7, 6 GRTST 24HR  0.00 ON 22-22      TO 1/4 MILE OR LESS
LOWEST:     56 ON 17                               3 = THUNDER
                        SNOW, ICE PELLETS, HAIL    4 = ICE PELLETS
                        TOTAL MONTH:    M          5 = HAIL
                        GRTST 24HR    M  ON   M    6 = FREEZING RAIN OR DRIZZLE
                        GRTST DEPTH:  M  ON   M    7 = DUSTSTORM OR SANDSTORM:
                                                       VSBY 1/2 MILE OR LESS
                                                   8 = SMOKE OR HAZE
[NO. OF DAYS WITH]      [WEATHER - DAYS WITH]      9 = BLOWING SNOW
                                                   X = TORNADO
MAX 32 OR BELOW:   0    0.01 INCH OR MORE:   0
MAX 90 OR ABOVE:  14    0.10 INCH OR MORE:   0
MIN 32 OR BELOW:   0    0.50 INCH OR MORE:   0
MIN  0 OR BELOW:   0    1.00 INCH OR MORE:   0

[HDD (BASE 65) ]
TOTAL THIS MO.     0    CLEAR  (SCALE 0-3)  22
DPTR FM NORMAL    -2    PTCLDY (SCALE 4-7)   0
TOTAL FM JUL 1     0    CLOUDY (SCALE 8-10)  0
DPTR FM NORMAL    -2

[CDD (BASE 65) ]
TOTAL THIS MO.   260
DPTR FM NORMAL    69    [PRESSURE DATA]
TOTAL FM JAN 1   440    HIGHEST SLP M ON M
DPTR FM NORMAL  -190    LOWEST  SLP 29.76 ON 10

[REMARKS]
